HEX
Server: LiteSpeed
System: Linux osault1.hostarmada.net 4.18.0-553.123.2.lve.el8.x86_64 #1 SMP Thu May 7 23:17:13 UTC 2026 x86_64
User: tucom (1048)
PHP: 8.4.24
Disabled: NONE
Upload Files
File: /home2/tucom/access-logs/damaanclub.net.tu1.com-ssl_log
2409:40e3:1048:1df8:7c7d:a1ff:fe1c:b2ed - - [24/Aug/2026:21:15:38 +0900] "GET / HTTP/1.1" 200 90432 "https://www.google.com/" "Mozilla/5.0 (Linux; Android 10; K) AppleWebKit/537.36 (KHTML, like Gecko) Chrome/151.0.0.0 Mobile Safari/537.36"
2001:4860:7:b05::ef - - [24/Aug/2026:21:17:05 +0900] "GET / HTTP/1.1" 200 90432 "https://www.google.com/" "Mozilla/5.0 (Linux; Android 10; K) AppleWebKit/537.36 (KHTML, like Gecko) Chrome/151.0.0.0 Mobile Safari/537.36"
103.116.136.10 - - [24/Aug/2026:21:17:05 +0900] "GET / HTTP/1.1" 200 90432 "https://www.google.com/" "Mozilla/5.0 (Linux; Android 10; K) AppleWebKit/537.36 (KHTML, like Gecko) Chrome/151.0.0.0 Mobile Safari/537.36"
223.185.59.206 - - [24/Aug/2026:21:22:04 +0900] "GET / HTTP/1.1" 200 90432 "https://www.google.com/" "Mozilla/5.0 (Linux; Android 10; K) AppleWebKit/537.36 (KHTML, like Gecko) Chrome/151.0.0.0 Mobile Safari/537.36"
172.233.79.144 - - [24/Aug/2026:21:25:56 +0900] "POST /wp-cron.php?doing_wp_cron=1787574356.5278680324554443359375 HTTP/1.1" 200 20 "-" "WordPress/6.9.4; https://damaanclub.net"
192.178.6.201 - - [24/Aug/2026:21:25:52 +0900] "GET /?%3A__%2F%29%3Ffeed%28%3F%3A%2F%28%3F%3A__%2F%3F%29%3F%29%3F%2F%28%3F%3A__%2F%29%3Fembed%2F%2F%28index_php%2F%29%3F%28_%2A%29wp-json%28%2F_%2A%29%2Frefer%2F%2Fgo%2F%2Frecommend%2F%2Frecommends%2F HTTP/1.1" 200 85106 "-" "Mozilla/5.0 (Linux; Android 6.0.1; Nexus 5X Build/MMB29P) AppleWebKit/537.36 (KHTML, like Gecko) Chrome/151.0.7922.137 Mobile Safari/537.36 (compatible; Googlebot/2.1; +http://www.google.com/bot.html)"
35.79.220.88 - - [24/Aug/2026:21:33:21 +0900] "GET / HTTP/1.1" 200 90432 "-" "Mozilla/5.0 (Windows NT 10.0; Win64; x64) AppleWebKit/537.36 (KHTML, like Gecko) Chrome/78.0.3904.108 Safari/537.36"
172.233.79.144 - - [24/Aug/2026:21:33:24 +0900] "POST /wp-cron.php?doing_wp_cron=1787574804.2874801158905029296875 HTTP/1.1" 200 20 "-" "WordPress/6.9.4; https://damaanclub.net"
35.79.220.88 - - [24/Aug/2026:21:33:22 +0900] "GET //wp-includes/wlwmanifest.xml HTTP/1.1" 301 20 "-" "Mozilla/5.0 (Windows NT 10.0; Win64; x64) AppleWebKit/537.36 (KHTML, like Gecko) Chrome/78.0.3904.108 Safari/537.36"
35.79.220.88 - - [24/Aug/2026:21:33:24 +0900] "GET //xmlrpc.php?rsd HTTP/1.1" 200 305 "-" "Mozilla/5.0 (Windows NT 10.0; Win64; x64) AppleWebKit/537.36 (KHTML, like Gecko) Chrome/78.0.3904.108 Safari/537.36"
35.79.220.88 - - [24/Aug/2026:21:33:24 +0900] "GET //?author=1 HTTP/1.1" 301 20 "-" "Mozilla/5.0 (Windows NT 10.0; Win64; x64) AppleWebKit/537.36 (KHTML, like Gecko) Chrome/78.0.3904.108 Safari/537.36"
35.79.220.88 - - [24/Aug/2026:21:33:25 +0900] "GET //?author=2 HTTP/1.1" 301 20 "-" "Mozilla/5.0 (Windows NT 10.0; Win64; x64) AppleWebKit/537.36 (KHTML, like Gecko) Chrome/78.0.3904.108 Safari/537.36"
35.79.220.88 - - [24/Aug/2026:21:33:25 +0900] "GET //wp-json/wp/v2/users/ HTTP/1.1" 200 484 "-" "Mozilla/5.0 (Windows NT 10.0; Win64; x64) AppleWebKit/537.36 (KHTML, like Gecko) Chrome/78.0.3904.108 Safari/537.36"
35.79.220.88 - - [24/Aug/2026:21:33:25 +0900] "POST //xmlrpc.php HTTP/1.1" 200 225 "-" "Mozilla/5.0 (Windows NT 10.0; Win64; x64) AppleWebKit/537.36 (KHTML, like Gecko) Chrome/78.0.3904.108 Safari/537.36"
35.79.220.88 - - [24/Aug/2026:21:33:26 +0900] "POST //xmlrpc.php HTTP/1.1" 200 225 "-" "Mozilla/5.0 (Windows NT 10.0; Win64; x64) AppleWebKit/537.36 (KHTML, like Gecko) Chrome/78.0.3904.108 Safari/537.36"
35.79.220.88 - - [24/Aug/2026:21:33:26 +0900] "POST //xmlrpc.php HTTP/1.1" 200 225 "-" "Mozilla/5.0 (Windows NT 10.0; Win64; x64) AppleWebKit/537.36 (KHTML, like Gecko) Chrome/78.0.3904.108 Safari/537.36"
35.79.220.88 - - [24/Aug/2026:21:33:26 +0900] "POST //xmlrpc.php HTTP/1.1" 200 225 "-" "Mozilla/5.0 (Windows NT 10.0; Win64; x64) AppleWebKit/537.36 (KHTML, like Gecko) Chrome/78.0.3904.108 Safari/537.36"
35.79.220.88 - - [24/Aug/2026:21:33:27 +0900] "POST //xmlrpc.php HTTP/1.1" 200 225 "-" "Mozilla/5.0 (Windows NT 10.0; Win64; x64) AppleWebKit/537.36 (KHTML, like Gecko) Chrome/78.0.3904.108 Safari/537.36"
35.79.220.88 - - [24/Aug/2026:21:33:27 +0900] "POST //xmlrpc.php HTTP/1.1" 200 225 "-" "Mozilla/5.0 (Windows NT 10.0; Win64; x64) AppleWebKit/537.36 (KHTML, like Gecko) Chrome/78.0.3904.108 Safari/537.36"
172.233.79.144 - - [24/Aug/2026:21:33:30 +0900] "POST /wp-cron.php?doing_wp_cron=1787574810.9051980972290039062500 HTTP/1.1" 200 20 "-" "WordPress/6.9.4; https://damaanclub.net"
35.79.220.88 - - [24/Aug/2026:21:33:28 +0900] "POST //xmlrpc.php HTTP/1.1" 200 225 "-" "Mozilla/5.0 (Windows NT 10.0; Win64; x64) AppleWebKit/537.36 (KHTML, like Gecko) Chrome/78.0.3904.108 Safari/537.36"
35.79.220.88 - - [24/Aug/2026:21:33:31 +0900] "POST //xmlrpc.php HTTP/1.1" 200 225 "-" "Mozilla/5.0 (Windows NT 10.0; Win64; x64) AppleWebKit/537.36 (KHTML, like Gecko) Chrome/78.0.3904.108 Safari/537.36"
35.79.220.88 - - [24/Aug/2026:21:33:34 +0900] "POST //xmlrpc.php HTTP/1.1" 200 225 "-" "Mozilla/5.0 (Windows NT 10.0; Win64; x64) AppleWebKit/537.36 (KHTML, like Gecko) Chrome/78.0.3904.108 Safari/537.36"
35.79.220.88 - - [24/Aug/2026:21:33:37 +0900] "POST //xmlrpc.php HTTP/1.1" 200 225 "-" "Mozilla/5.0 (Windows NT 10.0; Win64; x64) AppleWebKit/537.36 (KHTML, like Gecko) Chrome/78.0.3904.108 Safari/537.36"
35.79.220.88 - - [24/Aug/2026:21:33:41 +0900] "POST //xmlrpc.php HTTP/1.1" 200 990 "-" "Mozilla/5.0 (Windows NT 10.0; Win64; x64) AppleWebKit/537.36 (KHTML, like Gecko) Chrome/78.0.3904.108 Safari/537.36"
35.79.220.88 - - [24/Aug/2026:21:33:42 +0900] "POST //xmlrpc.php HTTP/1.1" 200 990 "-" "Mozilla/5.0 (Windows NT 10.0; Win64; x64) AppleWebKit/537.36 (KHTML, like Gecko) Chrome/78.0.3904.108 Safari/537.36"
2401:4900:bb65:c335::2c0f:a1af - - [24/Aug/2026:21:34:01 +0900] "GET / HTTP/1.1" 304 0 "-" "Mozilla/5.0 (Linux; Android 10; K) AppleWebKit/537.36 (KHTML, like Gecko) Chrome/151.0.0.0 Mobile Safari/537.36"
172.233.79.144 - - [24/Aug/2026:21:39:59 +0900] "POST /wp-cron.php?doing_wp_cron=1787575199.9501140117645263671875 HTTP/1.1" 200 20 "-" "WordPress/6.9.4; https://damaanclub.net"
216.73.216.31 - - [24/Aug/2026:21:39:57 +0900] "GET /robots.txt HTTP/1.1" 200 115 "-" "Mozilla/5.0 AppleWebKit/537.36 (KHTML, like Gecko; compatible; ClaudeBot/1.0; +claudebot@anthropic.com)"
216.73.216.31 - - [24/Aug/2026:21:40:00 +0900] "GET /sitemap_index.xml HTTP/1.1" 200 317 "-" "Mozilla/5.0 AppleWebKit/537.36 (KHTML, like Gecko; compatible; ClaudeBot/1.0; +claudebot@anthropic.com)"
2409:40d2:c:c2e:85a:77ff:fe8f:e480 - - [24/Aug/2026:21:46:30 +0900] "GET / HTTP/1.1" 200 90432 "https://www.google.com/" "Mozilla/5.0 (Linux; Android 10; K) AppleWebKit/537.36 (KHTML, like Gecko) Chrome/151.0.0.0 Mobile Safari/537.36"
2409:40d2:c:c2e:85a:77ff:fe8f:e480 - - [24/Aug/2026:21:46:39 +0900] "GET / HTTP/1.1" 200 90432 "-" "Mozilla/5.0 (Linux; Android 10; K) AppleWebKit/537.36 (KHTML, like Gecko) Chrome/151.0.0.0 Mobile Safari/537.36"
180.153.236.14 - - [24/Aug/2026:21:50:05 +0900] "GET / HTTP/1.1" 200 90432 "https://damaanclub.net/" "User-Agent:Mozilla/5.0 (Windows NT 10.0; Win64; x64) AppleWebKit/537.36 (KHTML, like Gecko) Chrome/140.0.0.0 Safari/537.36 Edg/140.0.0.0; 360Spider"
223.189.226.246 - - [24/Aug/2026:21:50:24 +0900] "GET / HTTP/1.1" 200 90432 "https://www.google.com/" "Mozilla/5.0 (Linux; Android 9; CPH2015) AppleWebKit/537.36 (KHTML, like Gecko) Chrome/74.0.3729.136 Mobile Safari/537.36"
2401:4900:c256:f38:3008:62cf:2837:7484 - - [24/Aug/2026:21:51:17 +0900] "GET / HTTP/1.1" 304 0 "-" "Mozilla/5.0 (Linux; Android 10; K) AppleWebKit/537.36 (KHTML, like Gecko) Chrome/151.0.0.0 Mobile Safari/537.36"
2409:4085:8e98:bb88:9ef0:a849:ca26:bdef - - [24/Aug/2026:21:52:55 +0900] "GET / HTTP/1.1" 304 0 "https://www.google.com/" "Mozilla/5.0 (Linux; Android 10; K) AppleWebKit/537.36 (KHTML, like Gecko) Chrome/145.0.0.0 Mobile Safari/537.36"
2a09:bac5:bbc6:1923::281:7a - - [24/Aug/2026:21:52:57 +0900] "GET / HTTP/1.1" 200 90432 "-" "Mozilla/5.0 (Macintosh; Intel Mac OS X 10_15_7) AppleWebKit/537.36 (KHTML, like Gecko) Chrome/136.0 Safari/537.36"
49.47.10.65 - - [24/Aug/2026:21:53:25 +0900] "GET / HTTP/1.1" 200 90432 "https://www.google.com/" "Mozilla/5.0 (iPhone; CPU iPhone OS 18_7 like Mac OS X) AppleWebKit/605.1.15 (KHTML, like Gecko) Version/26.5 Mobile/15E148 Safari/604.1"
49.47.10.65 - - [24/Aug/2026:21:53:28 +0900] "GET /wp-content/uploads/2025/12/Daman-Games-Guide.pdf HTTP/1.1" 304 0 "https://damaanclub.net/" "Mozilla/5.0 (iPhone; CPU iPhone OS 18_7 like Mac OS X) AppleWebKit/605.1.15 (KHTML, like Gecko) Version/26.5 Mobile/15E148 Safari/604.1"
2401:4900:51ea:2140:2d75:bf1e:e1b1:3b95 - - [24/Aug/2026:21:54:17 +0900] "GET / HTTP/1.1" 304 0 "-" "Mozilla/5.0 (Linux; Android 10; K) AppleWebKit/537.36 (KHTML, like Gecko) Chrome/151.0.0.0 Mobile Safari/537.36"
2401:4900:51ea:2140:2d75:bf1e:e1b1:3b95 - - [24/Aug/2026:21:56:12 +0900] "GET / HTTP/1.1" 304 0 "-" "Mozilla/5.0 (Linux; Android 10; K) AppleWebKit/537.36 (KHTML, like Gecko) Chrome/151.0.0.0 Mobile Safari/537.36"
172.233.79.144 - - [24/Aug/2026:22:00:35 +0900] "POST /wp-cron.php?doing_wp_cron=1787576435.6268339157104492187500 HTTP/1.1" 200 20 "-" "WordPress/6.9.4; https://damaanclub.net"
2a02:4780:5e:adea::1 - - [24/Aug/2026:22:00:32 +0900] "GET /ads.txt HTTP/1.1" 404 17759 "-" "GuzzleHttp/7"
2401:4900:47d8:db21:84a0:f27e:cc5:867b - - [24/Aug/2026:22:09:00 +0900] "GET / HTTP/1.1" 200 90432 "https://www.google.com/" "Mozilla/5.0 (iPhone; CPU iPhone OS 15_8_8 like Mac OS X) AppleWebKit/605.1.15 (KHTML, like Gecko) Version/15.6.8 Mobile/15E148 Safari/604.1"
2401:4900:47d8:db21:84a0:f27e:cc5:867b - - [24/Aug/2026:22:10:01 +0900] "GET / HTTP/1.1" 200 90432 "https://damaanclub.net/" "Mozilla/5.0 (iPhone; CPU iPhone OS 15_8_8 like Mac OS X) AppleWebKit/605.1.15 (KHTML, like Gecko) Version/15.6.8 Mobile/15E148 Safari/604.1"
2401:4900:47d8:db21:84a0:f27e:cc5:867b - - [24/Aug/2026:22:10:44 +0900] "GET / HTTP/1.1" 200 90432 "https://damaanclub.net/" "Mozilla/5.0 (iPhone; CPU iPhone OS 15_8_8 like Mac OS X) AppleWebKit/605.1.15 (KHTML, like Gecko) Version/15.6.8 Mobile/15E148 Safari/604.1"
2401:4900:bb7d:68d0:7083:4b79:fc5f:7f97 - - [24/Aug/2026:22:10:59 +0900] "GET / HTTP/1.1" 200 90432 "https://www.google.com/url?q=https://damaanclub.net/&sa=U&sqi=2&ved=2ahUKEwju9Ji7q7mWAxUs9DgGHcuvIj8QFnoECBAQAQ&usg=AOvVaw12NY9UZi1HgehZbtTalWxU" "Mozilla/5.0 (iPhone; CPU iPhone OS 26_6_0 like Mac OS X) AppleWebKit/605.1.15 (KHTML, like Gecko) GSA/428.4.939275213 Mobile/15E148 Safari/604.1"
2401:4900:bb7d:68d0:7083:4b79:fc5f:7f97 - - [24/Aug/2026:22:11:18 +0900] "GET / HTTP/1.1" 200 90432 "https://www.google.com/url?q=https://damaanclub.net/&sa=U&sqi=2&ved=2ahUKEwju9Ji7q7mWAxUs9DgGHcuvIj8QFnoECBAQAQ&usg=AOvVaw12NY9UZi1HgehZbtTalWxU" "Mozilla/5.0 (iPhone; CPU iPhone OS 26_6_0 like Mac OS X) AppleWebKit/605.1.15 (KHTML, like Gecko) GSA/428.4.939275213 Mobile/15E148 Safari/604.1"
2401:4900:4228:21e5:0:5:bf74:1c01 - - [24/Aug/2026:22:11:28 +0900] "GET / HTTP/1.1" 200 90432 "https://www.google.com/" "Mozilla/5.0 (Linux; Android 10; K) AppleWebKit/537.36 (KHTML, like Gecko) Chrome/151.0.0.0 Mobile Safari/537.36"
2401:4900:4228:21e5:0:5:bf74:1c01 - - [24/Aug/2026:22:11:34 +0900] "GET / HTTP/1.1" 200 90432 "-" "Mozilla/5.0 (Linux; Android 10; K) AppleWebKit/537.36 (KHTML, like Gecko) Chrome/151.0.0.0 Mobile Safari/537.36"
2409:4085:8e98:bb88:9ef0:a849:ca26:bdef - - [24/Aug/2026:22:11:41 +0900] "GET / HTTP/1.1" 304 0 "-" "Mozilla/5.0 (Linux; Android 10; K) AppleWebKit/537.36 (KHTML, like Gecko) Chrome/145.0.0.0 Mobile Safari/537.36"
2401:4900:bb7d:68d0:7083:4b79:fc5f:7f97 - - [24/Aug/2026:22:11:50 +0900] "GET /wp-content/uploads/2025/09/dowload-1-169x300.webp HTTP/1.1" 200 10450 "https://damaanclub.net/" "Mozilla/5.0 (iPhone; CPU iPhone OS 26_6_0 like Mac OS X) AppleWebKit/605.1.15 (KHTML, like Gecko) GSA/428.4.939275213 Mobile/15E148 Safari/604.1"
2401:4900:bb7d:68d0:7083:4b79:fc5f:7f97 - - [24/Aug/2026:22:11:50 +0900] "GET /wp-content/uploads/2025/09/registration3-177x300.jpg HTTP/1.1" 200 7605 "https://damaanclub.net/" "Mozilla/5.0 (iPhone; CPU iPhone OS 26_6_0 like Mac OS X) AppleWebKit/605.1.15 (KHTML, like Gecko) GSA/428.4.939275213 Mobile/15E148 Safari/604.1"
2401:4900:bb7d:68d0:7083:4b79:fc5f:7f97 - - [24/Aug/2026:22:11:50 +0900] "GET /wp-content/uploads/2025/09/login2-1-175x300.webp HTTP/1.1" 200 4570 "https://damaanclub.net/" "Mozilla/5.0 (iPhone; CPU iPhone OS 26_6_0 like Mac OS X) AppleWebKit/605.1.15 (KHTML, like Gecko) GSA/428.4.939275213 Mobile/15E148 Safari/604.1"
2401:4900:bb7d:68d0:7083:4b79:fc5f:7f97 - - [24/Aug/2026:22:11:50 +0900] "GET /wp-content/uploads/2025/09/dowload-3-300x161.webp HTTP/1.1" 200 4126 "https://damaanclub.net/" "Mozilla/5.0 (iPhone; CPU iPhone OS 26_6_0 like Mac OS X) AppleWebKit/605.1.15 (KHTML, like Gecko) GSA/428.4.939275213 Mobile/15E148 Safari/604.1"
2401:4900:bb7d:68d0:7083:4b79:fc5f:7f97 - - [24/Aug/2026:22:11:51 +0900] "GET /wp-content/uploads/2025/09/add-money2-156x300.webp HTTP/1.1" 200 13046 "https://damaanclub.net/" "Mozilla/5.0 (iPhone; CPU iPhone OS 26_6_0 like Mac OS X) AppleWebKit/605.1.15 (KHTML, like Gecko) GSA/428.4.939275213 Mobile/15E148 Safari/604.1"
2401:4900:bb7d:68d0:7083:4b79:fc5f:7f97 - - [24/Aug/2026:22:11:50 +0900] "GET /wp-content/uploads/2025/09/registration4-175x300.jpg HTTP/1.1" 200 12003 "https://damaanclub.net/" "Mozilla/5.0 (iPhone; CPU iPhone OS 26_6_0 like Mac OS X) AppleWebKit/605.1.15 (KHTML, like Gecko) GSA/428.4.939275213 Mobile/15E148 Safari/604.1"
2401:4900:bb7d:68d0:7083:4b79:fc5f:7f97 - - [24/Aug/2026:22:11:51 +0900] "GET /wp-content/uploads/2025/09/color-prediction1-168x300.webp HTTP/1.1" 200 11358 "https://damaanclub.net/" "Mozilla/5.0 (iPhone; CPU iPhone OS 26_6_0 like Mac OS X) AppleWebKit/605.1.15 (KHTML, like Gecko) GSA/428.4.939275213 Mobile/15E148 Safari/604.1"
2401:4900:bb7d:68d0:7083:4b79:fc5f:7f97 - - [24/Aug/2026:22:11:51 +0900] "GET /wp-content/uploads/2025/09/login-1-1-176x300.webp HTTP/1.1" 200 4712 "https://damaanclub.net/" "Mozilla/5.0 (iPhone; CPU iPhone OS 26_6_0 like Mac OS X) AppleWebKit/605.1.15 (KHTML, like Gecko) GSA/428.4.939275213 Mobile/15E148 Safari/604.1"
2401:4900:bb7d:68d0:7083:4b79:fc5f:7f97 - - [24/Aug/2026:22:11:51 +0900] "GET /wp-content/uploads/2025/09/games2-300x157.webp HTTP/1.1" 200 5334 "https://damaanclub.net/" "Mozilla/5.0 (iPhone; CPU iPhone OS 26_6_0 like Mac OS X) AppleWebKit/605.1.15 (KHTML, like Gecko) GSA/428.4.939275213 Mobile/15E148 Safari/604.1"
2401:4900:bb7d:68d0:7083:4b79:fc5f:7f97 - - [24/Aug/2026:22:11:51 +0900] "GET /wp-content/uploads/2025/09/color-prediction2-169x300.webp HTTP/1.1" 200 9110 "https://damaanclub.net/" "Mozilla/5.0 (iPhone; CPU iPhone OS 26_6_0 like Mac OS X) AppleWebKit/605.1.15 (KHTML, like Gecko) GSA/428.4.939275213 Mobile/15E148 Safari/604.1"
2401:4900:bb7d:68d0:7083:4b79:fc5f:7f97 - - [24/Aug/2026:22:11:51 +0900] "GET /wp-content/uploads/2025/09/color-prediction3-169x300.webp HTTP/1.1" 200 10054 "https://damaanclub.net/" "Mozilla/5.0 (iPhone; CPU iPhone OS 26_6_0 like Mac OS X) AppleWebKit/605.1.15 (KHTML, like Gecko) GSA/428.4.939275213 Mobile/15E148 Safari/604.1"
2401:4900:bb7d:68d0:7083:4b79:fc5f:7f97 - - [24/Aug/2026:22:11:51 +0900] "GET /wp-content/uploads/2025/09/reset-password1-169x300.webp HTTP/1.1" 200 5564 "https://damaanclub.net/" "Mozilla/5.0 (iPhone; CPU iPhone OS 26_6_0 like Mac OS X) AppleWebKit/605.1.15 (KHTML, like Gecko) GSA/428.4.939275213 Mobile/15E148 Safari/604.1"
2401:4900:bb7d:68d0:7083:4b79:fc5f:7f97 - - [24/Aug/2026:22:11:51 +0900] "GET /wp-content/uploads/2025/09/registration1-177x300.jpg HTTP/1.1" 200 6609 "https://damaanclub.net/" "Mozilla/5.0 (iPhone; CPU iPhone OS 26_6_0 like Mac OS X) AppleWebKit/605.1.15 (KHTML, like Gecko) GSA/428.4.939275213 Mobile/15E148 Safari/604.1"
2401:4900:bb7d:68d0:7083:4b79:fc5f:7f97 - - [24/Aug/2026:22:11:51 +0900] "GET /wp-content/uploads/2025/09/add-money4-168x300.webp HTTP/1.1" 200 13020 "https://damaanclub.net/" "Mozilla/5.0 (iPhone; CPU iPhone OS 26_6_0 like Mac OS X) AppleWebKit/605.1.15 (KHTML, like Gecko) GSA/428.4.939275213 Mobile/15E148 Safari/604.1"
2401:4900:bb7d:68d0:7083:4b79:fc5f:7f97 - - [24/Aug/2026:22:11:51 +0900] "GET /wp-content/uploads/2025/09/add-money3-156x300.webp HTTP/1.1" 200 12932 "https://damaanclub.net/" "Mozilla/5.0 (iPhone; CPU iPhone OS 26_6_0 like Mac OS X) AppleWebKit/605.1.15 (KHTML, like Gecko) GSA/428.4.939275213 Mobile/15E148 Safari/604.1"
2401:4900:bb7d:68d0:7083:4b79:fc5f:7f97 - - [24/Aug/2026:22:11:51 +0900] "GET /wp-content/uploads/2025/09/add-money-1-162x300.webp HTTP/1.1" 200 10776 "https://damaanclub.net/" "Mozilla/5.0 (iPhone; CPU iPhone OS 26_6_0 like Mac OS X) AppleWebKit/605.1.15 (KHTML, like Gecko) GSA/428.4.939275213 Mobile/15E148 Safari/604.1"
2401:4900:bb7d:68d0:7083:4b79:fc5f:7f97 - - [24/Aug/2026:22:11:51 +0900] "GET /wp-content/uploads/2025/09/reset-password2-157x300.webp HTTP/1.1" 200 5840 "https://damaanclub.net/" "Mozilla/5.0 (iPhone; CPU iPhone OS 26_6_0 like Mac OS X) AppleWebKit/605.1.15 (KHTML, like Gecko) GSA/428.4.939275213 Mobile/15E148 Safari/604.1"
2401:4900:bb7d:68d0:7083:4b79:fc5f:7f97 - - [24/Aug/2026:22:11:51 +0900] "GET /wp-content/uploads/2025/09/dowload-2-178x300.webp HTTP/1.1" 200 8526 "https://damaanclub.net/" "Mozilla/5.0 (iPhone; CPU iPhone OS 26_6_0 like Mac OS X) AppleWebKit/605.1.15 (KHTML, like Gecko) GSA/428.4.939275213 Mobile/15E148 Safari/604.1"
2401:4900:bb7d:68d0:7083:4b79:fc5f:7f97 - - [24/Aug/2026:22:11:51 +0900] "GET /wp-content/uploads/2025/09/dowload-4-157x300.webp HTTP/1.1" 200 2704 "https://damaanclub.net/" "Mozilla/5.0 (iPhone; CPU iPhone OS 26_6_0 like Mac OS X) AppleWebKit/605.1.15 (KHTML, like Gecko) GSA/428.4.939275213 Mobile/15E148 Safari/604.1"
2401:4900:bb7d:68d0:7083:4b79:fc5f:7f97 - - [24/Aug/2026:22:11:51 +0900] "GET /wp-content/uploads/2025/09/registration5-176x300.jpg HTTP/1.1" 200 8162 "https://damaanclub.net/" "Mozilla/5.0 (iPhone; CPU iPhone OS 26_6_0 like Mac OS X) AppleWebKit/605.1.15 (KHTML, like Gecko) GSA/428.4.939275213 Mobile/15E148 Safari/604.1"
2401:4900:bb7d:68d0:7083:4b79:fc5f:7f97 - - [24/Aug/2026:22:11:51 +0900] "GET /wp-content/uploads/2025/09/games1-146x300.webp HTTP/1.1" 200 9950 "https://damaanclub.net/" "Mozilla/5.0 (iPhone; CPU iPhone OS 26_6_0 like Mac OS X) AppleWebKit/605.1.15 (KHTML, like Gecko) GSA/428.4.939275213 Mobile/15E148 Safari/604.1"
2401:4900:bb7d:68d0:7083:4b79:fc5f:7f97 - - [24/Aug/2026:22:11:51 +0900] "GET /wp-content/uploads/2025/09/registration2-139x300.jpg HTTP/1.1" 200 9526 "https://damaanclub.net/" "Mozilla/5.0 (iPhone; CPU iPhone OS 26_6_0 like Mac OS X) AppleWebKit/605.1.15 (KHTML, like Gecko) GSA/428.4.939275213 Mobile/15E148 Safari/604.1"
2401:4900:bb7d:68d0:7083:4b79:fc5f:7f97 - - [24/Aug/2026:22:11:51 +0900] "GET /wp-content/uploads/2025/09/aiease_1757444296195-157x300.webp HTTP/1.1" 200 10278 "https://damaanclub.net/" "Mozilla/5.0 (iPhone; CPU iPhone OS 26_6_0 like Mac OS X) AppleWebKit/605.1.15 (KHTML, like Gecko) GSA/428.4.939275213 Mobile/15E148 Safari/604.1"
2401:4900:bb7d:68d0:7083:4b79:fc5f:7f97 - - [24/Aug/2026:22:11:51 +0900] "GET /wp-content/uploads/2025/09/install-game-300x169.webp HTTP/1.1" 200 11056 "https://damaanclub.net/" "Mozilla/5.0 (iPhone; CPU iPhone OS 26_6_0 like Mac OS X) AppleWebKit/605.1.15 (KHTML, like Gecko) GSA/428.4.939275213 Mobile/15E148 Safari/604.1"
2401:4900:5d48:f8d3::83d:8395 - - [24/Aug/2026:22:11:59 +0900] "GET / HTTP/1.1" 200 90432 "https://www.ecosia.org/" "Mozilla/5.0 (Linux; Android 10; K) AppleWebKit/537.36 (KHTML, like Gecko) Chrome/151.0.0.0 Mobile Safari/537.36"
2a06:98c0:3600::103 - - [24/Aug/2026:22:14:50 +0900] "GET /wp-content/uploads/2025/09/cropped-daman_game_logo.webp HTTP/1.1" 200 25128 "-" "Mozilla/5.0 (Windows NT 10.0; Win64; x64; rv:109.0) Gecko/20100101 Firefox/115.0"
2409:40e2:2000:b0cb:1c53:bff:fe07:2c2d - - [24/Aug/2026:22:15:33 +0900] "GET / HTTP/1.1" 200 90432 "https://www.google.com/" "Mozilla/5.0 (Linux; Android 10; K) AppleWebKit/537.36 (KHTML, like Gecko) Chrome/150.0.0.0 Mobile Safari/537.36"
2401:4900:8836:5f7d:4cb8:6325:626d:bbeb - - [24/Aug/2026:22:17:42 +0900] "GET / HTTP/1.1" 200 90432 "-" "Mozilla/5.0 (iPhone; CPU iPhone OS 18_7 like Mac OS X) AppleWebKit/605.1.15 (KHTML, like Gecko) Version/26.6 Mobile/15E148 Safari/604.1"
2401:4900:8836:5f7d:4cb8:6325:626d:bbeb - - [24/Aug/2026:22:18:55 +0900] "GET / HTTP/1.1" 200 90432 "-" "Mozilla/5.0 (iPhone; CPU iPhone OS 18_7 like Mac OS X) AppleWebKit/605.1.15 (KHTML, like Gecko) Version/26.6 Mobile/15E148 Safari/604.1"
2401:4900:8836:5f7d:4cb8:6325:626d:bbeb - - [24/Aug/2026:22:18:57 +0900] "GET / HTTP/1.1" 200 90432 "-" "Mozilla/5.0 (iPhone; CPU iPhone OS 18_7 like Mac OS X) AppleWebKit/605.1.15 (KHTML, like Gecko) Version/26.6 Mobile/15E148 Safari/604.1"
2401:4900:8836:5f7d:4cb8:6325:626d:bbeb - - [24/Aug/2026:22:21:33 +0900] "GET / HTTP/1.1" 200 90432 "https://search.brave.com/" "Mozilla/5.0 (iPhone; CPU iPhone OS 18_7 like Mac OS X) AppleWebKit/605.1.15 (KHTML, like Gecko) Version/26.6 Mobile/15E148 Safari/604.1 Brave"
2401:4900:8836:5f7d:4cb8:6325:626d:bbeb - - [24/Aug/2026:22:22:52 +0900] "GET / HTTP/1.1" 200 90432 "-" "Mozilla/5.0 (iPhone; CPU iPhone OS 18_7 like Mac OS X) AppleWebKit/605.1.15 (KHTML, like Gecko) Version/26.6 Mobile/15E148 Safari/604.1 Brave"
2409:4081:9c4e:462f::65cb:c607 - - [24/Aug/2026:22:23:07 +0900] "GET / HTTP/1.1" 200 90432 "https://www.google.com/" "Mozilla/5.0 (Linux; Android 10; K) AppleWebKit/537.36 (KHTML, like Gecko) Chrome/131.0.0.0 Mobile Safari/537.36"
2401:4900:8836:5f7d:4cb8:6325:626d:bbeb - - [24/Aug/2026:22:23:33 +0900] "GET / HTTP/1.1" 200 90432 "https://www.google.com/url?q=https://damaanclub.net/&sa=U&sqi=2&ved=2ahUKEwj79YGirrmWAxV4kuEIHUkoDwIQFnoECBAQAQ&usg=AOvVaw3Qo4y0x2oafIxq0_p_hn2U" "Mozilla/5.0 (iPhone; CPU iPhone OS 26_6_0 like Mac OS X) AppleWebKit/605.1.15 (KHTML, like Gecko) GSA/434.2.961627397 Mobile/15E148 Safari/604.1"
2409:40c4:2b:7498:8000:: - - [24/Aug/2026:22:27:25 +0900] "GET / HTTP/1.1" 200 90432 "-" "Mozilla/5.0 (Linux; Android 10; K) AppleWebKit/537.36 (KHTML, like Gecko) Chrome/150.0.0.0 Mobile Safari/537.36"
2409:4085:8e98:bb88:9ef0:a849:ca26:bdef - - [24/Aug/2026:22:27:44 +0900] "GET / HTTP/1.1" 304 0 "https://www.google.com/" "Mozilla/5.0 (Linux; Android 10; K) AppleWebKit/537.36 (KHTML, like Gecko) Chrome/145.0.0.0 Mobile Safari/537.36"
2409:40c4:312:1611:8000:: - - [24/Aug/2026:22:28:05 +0900] "GET / HTTP/1.1" 200 90432 "-" "Mozilla/5.0 (Linux; Android 10; K) AppleWebKit/537.36 (KHTML, like Gecko) Chrome/150.0.0.0 Mobile Safari/537.36"
2401:4900:5f16:7182:2991:857f:2a8f:d85c - - [24/Aug/2026:22:30:17 +0900] "GET / HTTP/1.1" 200 90432 "https://www.google.com/" "Mozilla/5.0 (Linux; Android 10; K) AppleWebKit/537.36 (KHTML, like Gecko) Chrome/151.0.0.0 Mobile Safari/537.36"
2401:4900:51ea:2140:2d75:bf1e:e1b1:3b95 - - [24/Aug/2026:22:32:10 +0900] "GET / HTTP/1.1" 304 0 "-" "Mozilla/5.0 (Linux; Android 10; K) AppleWebKit/537.36 (KHTML, like Gecko) Chrome/151.0.0.0 Mobile Safari/537.36"
172.233.79.144 - - [24/Aug/2026:22:33:25 +0900] "POST /wp-cron.php?doing_wp_cron=1787578405.0820410251617431640625 HTTP/1.1" 200 20 "-" "WordPress/6.9.4; https://damaanclub.net"
2a06:98c0:3600::103 - - [24/Aug/2026:22:33:24 +0900] "GET /wp-admin/install.php?step=1 HTTP/1.1" 200 510 "-" "http://damaanclub.net/wp-admin/install.php?step=1"
2401:4900:51ea:2140:2d75:bf1e:e1b1:3b95 - - [24/Aug/2026:22:36:31 +0900] "GET / HTTP/1.1" 304 0 "-" "Mozilla/5.0 (Linux; Android 10; K) AppleWebKit/537.36 (KHTML, like Gecko) Chrome/151.0.0.0 Mobile Safari/537.36"
2401:4900:51ea:2140:2d75:bf1e:e1b1:3b95 - - [24/Aug/2026:22:38:22 +0900] "GET / HTTP/1.1" 304 0 "-" "Mozilla/5.0 (Linux; Android 10; K) AppleWebKit/537.36 (KHTML, like Gecko) Chrome/151.0.0.0 Mobile Safari/537.36"
2401:4900:51ea:2140:2d75:bf1e:e1b1:3b95 - - [24/Aug/2026:22:40:29 +0900] "GET / HTTP/1.1" 304 0 "-" "Mozilla/5.0 (Linux; Android 10; K) AppleWebKit/537.36 (KHTML, like Gecko) Chrome/151.0.0.0 Mobile Safari/537.36"
2409:40f0:5408:dc0c:8000:: - - [24/Aug/2026:22:42:42 +0900] "GET / HTTP/1.1" 200 90432 "https://www.google.com/" "Mozilla/5.0 (Linux; Android 10; K) AppleWebKit/537.36 (KHTML, like Gecko) Chrome/151.0.0.0 Mobile Safari/537.36"
2402:3a80:4649:4796:4024:acff:feb8:bfbd - - [24/Aug/2026:22:43:44 +0900] "GET / HTTP/1.1" 200 90432 "-" "Mozilla/5.0 (Linux; Android 10; K) AppleWebKit/537.36 (KHTML, like Gecko) Chrome/151.0.0.0 Mobile Safari/537.36"
107.175.21.184 - - [24/Aug/2026:22:47:55 +0900] "GET /wp-content/uploads/2026/05/image-4.jpeg HTTP/1.1" 200 81620 "https://damaanclub.net/go88-san-choi/" "Mozilla/5.0 (Macintosh; Intel Mac OS X 10_15_7) AppleWebKit/537.36 (KHTML, like Gecko) Chrome/131.0.0.0 Safari/537.36"
31.57.192.38 - - [24/Aug/2026:22:47:56 +0900] "GET /wp-content/uploads/2026/05/image-6.jpeg HTTP/1.1" 200 82445 "https://damaanclub.net/go88-san-choi/" "Mozilla/5.0 (Macintosh; Intel Mac OS X 10_15_7) AppleWebKit/537.36 (KHTML, like Gecko) Chrome/131.0.0.0 Safari/537.36"
31.58.145.237 - - [24/Aug/2026:22:48:02 +0900] "GET /wp-content/uploads/2026/05/image-5.jpeg HTTP/1.1" 200 80165 "https://damaanclub.net/go88-san-choi/" "Mozilla/5.0 (Macintosh; Intel Mac OS X 10_15_7) AppleWebKit/537.36 (KHTML, like Gecko) Chrome/131.0.0.0 Safari/537.36"
2402:3a80:341:879b::c37:64c1 - - [24/Aug/2026:22:50:23 +0900] "GET / HTTP/1.1" 200 90432 "-" "Mozilla/5.0 (Linux; Android 10; K) AppleWebKit/537.36 (KHTML, like Gecko) Chrome/150.0.0.0 Mobile Safari/537.36"
2409:40c2:19:56ad:a429:f057:807a:f66 - - [24/Aug/2026:22:54:38 +0900] "GET / HTTP/1.1" 200 90432 "https://www.google.com/" "Mozilla/5.0 (Linux; Android 10; K) AppleWebKit/537.36 (KHTML, like Gecko) Chrome/151.0.0.0 Mobile Safari/537.36"
2401:4900:56fa:177b::637:37e - - [24/Aug/2026:22:54:58 +0900] "GET / HTTP/1.1" 200 90432 "-" "Mozilla/5.0 (Linux; Android 10; K) AppleWebKit/537.36 (KHTML, like Gecko) Chrome/151.0.0.0 Mobile Safari/537.36"
2409:4081:2e1a:3de8::2548:d401 - - [24/Aug/2026:22:55:20 +0900] "GET / HTTP/1.1" 200 90432 "https://www.google.com/" "Mozilla/5.0 (Linux; Android 10; K) AppleWebKit/537.36 (KHTML, like Gecko) Chrome/151.0.0.0 Mobile Safari/537.36"
2409:4081:2e1a:3de8::2548:d401 - - [24/Aug/2026:22:55:55 +0900] "GET / HTTP/1.1" 304 0 "https://www.google.com/" "Mozilla/5.0 (Linux; Android 10; K) AppleWebKit/537.36 (KHTML, like Gecko) Chrome/151.0.0.0 Mobile Safari/537.36"
2409:40c2:19:56ad:a429:f057:807a:f66 - - [24/Aug/2026:22:55:55 +0900] "GET / HTTP/1.1" 304 0 "https://www.google.com/" "Mozilla/5.0 (Linux; Android 10; K) AppleWebKit/537.36 (KHTML, like Gecko) Chrome/151.0.0.0 Mobile Safari/537.36"
2409:4081:2e1a:3de8::2548:d401 - - [24/Aug/2026:22:56:16 +0900] "GET / HTTP/1.1" 200 90432 "-" "Mozilla/5.0 (Linux; Android 10; K) AppleWebKit/537.36 (KHTML, like Gecko) Chrome/151.0.0.0 Mobile Safari/537.36"
89.185.80.15 - - [24/Aug/2026:22:56:35 +0900] "GET / HTTP/1.1" 200 90432 "-" "Mozilla/5.0 (Windows NT 10.0; Win64; x64) AppleWebKit/537.36"
2409:4081:2e1a:3de8::2548:d401 - - [24/Aug/2026:22:57:08 +0900] "GET / HTTP/1.1" 200 90432 "-" "Mozilla/5.0 (Linux; Android 10; K) AppleWebKit/537.36 (KHTML, like Gecko) Chrome/151.0.0.0 Mobile Safari/537.36"
2409:4081:2e1a:3de8::2548:d401 - - [24/Aug/2026:22:57:10 +0900] "GET / HTTP/1.1" 304 0 "https://www.google.com/" "Mozilla/5.0 (Linux; Android 10; K) AppleWebKit/537.36 (KHTML, like Gecko) Chrome/151.0.0.0 Mobile Safari/537.36"
2401:4900:45d4:be2b:76c3:f3a1:f33d:fa84 - - [24/Aug/2026:22:59:21 +0900] "GET / HTTP/1.1" 200 90432 "https://www.google.com/" "Mozilla/5.0 (Linux; Android 10; K) AppleWebKit/537.36 (KHTML, like Gecko) Chrome/149.0.0.0 Mobile Safari/537.36"
2001:4490:48b5:32af:24e0:494c:4cbe:280c - - [24/Aug/2026:22:59:26 +0900] "GET / HTTP/1.1" 200 90432 "https://www.google.com/" "Mozilla/5.0 (Linux; Android 10; K) AppleWebKit/537.36 (KHTML, like Gecko) Chrome/151.0.0.0 Mobile Safari/537.36"
2401:4900:45d4:be2b:76c3:f3a1:f33d:fa84 - - [24/Aug/2026:22:59:44 +0900] "GET / HTTP/1.1" 200 90432 "-" "Mozilla/5.0 (Linux; Android 10; K) AppleWebKit/537.36 (KHTML, like Gecko) Chrome/149.0.0.0 Mobile Safari/537.36"
172.233.79.144 - - [24/Aug/2026:23:00:44 +0900] "POST /wp-cron.php?doing_wp_cron=1787580044.3093318939208984375000 HTTP/1.1" 200 20 "-" "WordPress/6.9.4; https://damaanclub.net"
40.77.167.126 - - [24/Aug/2026:23:00:41 +0900] "GET /xmlrpc.php HTTP/1.1" 405 60 "-" "Mozilla/5.0 AppleWebKit/537.36 (KHTML, like Gecko; compatible; bingbot/2.0; +http://www.bing.com/bingbot.htm) Chrome/116.0.1938.76 Safari/537.36"
172.233.79.144 - - [24/Aug/2026:23:01:28 +0900] "POST /wp-cron.php?doing_wp_cron=1787580088.0533840656280517578125 HTTP/1.1" 200 20 "-" "WordPress/6.9.4; https://damaanclub.net"
2409:4081:2e1a:3de8::2548:d401 - - [24/Aug/2026:23:01:26 +0900] "GET / HTTP/1.1" 200 89959 "https://www.google.com/" "Mozilla/5.0 (Linux; Android 10; K) AppleWebKit/537.36 (KHTML, like Gecko) Chrome/151.0.0.0 Mobile Safari/537.36"
2409:4081:2e1a:3de8::2548:d401 - - [24/Aug/2026:23:01:43 +0900] "GET / HTTP/1.1" 304 0 "https://www.google.com/" "Mozilla/5.0 (Linux; Android 10; K) AppleWebKit/537.36 (KHTML, like Gecko) Chrome/151.0.0.0 Mobile Safari/537.36"
2409:4081:2e1a:3de8::2548:d401 - - [24/Aug/2026:23:02:17 +0900] "GET / HTTP/1.1" 304 0 "https://www.google.com/" "Mozilla/5.0 (Linux; Android 10; K) AppleWebKit/537.36 (KHTML, like Gecko) Chrome/151.0.0.0 Mobile Safari/537.36"
2409:4081:2e1a:3de8::2548:d401 - - [24/Aug/2026:23:02:34 +0900] "GET / HTTP/1.1" 304 0 "https://www.google.com/" "Mozilla/5.0 (Linux; Android 10; K) AppleWebKit/537.36 (KHTML, like Gecko) Chrome/151.0.0.0 Mobile Safari/537.36"
2409:40e5:114:1240:c7f:b810:ce62:afd7 - - [24/Aug/2026:23:04:56 +0900] "GET / HTTP/1.1" 200 90434 "https://www.google.com/" "Mozilla/5.0 (Linux; Android 10; K) AppleWebKit/537.36 (KHTML, like Gecko) Chrome/151.0.0.0 Mobile Safari/537.36"
2409:40e5:114:1240:c7f:b810:ce62:afd7 - - [24/Aug/2026:23:05:19 +0900] "GET / HTTP/1.1" 200 90434 "-" "Mozilla/5.0 (Linux; Android 10; K) AppleWebKit/537.36 (KHTML, like Gecko) Chrome/151.0.0.0 Mobile Safari/537.36"
2401:4900:d072:cec8:cca2:33f7:c446:4038 - - [24/Aug/2026:23:12:02 +0900] "GET / HTTP/1.1" 200 90434 "https://www.google.com/" "Mozilla/5.0 (iPhone; CPU iPhone OS 18_7 like Mac OS X) AppleWebKit/605.1.15 (KHTML, like Gecko) Version/26.6.1 Mobile/15E148 Safari/604.1"
2409:40c4:fb:cec8:8000:: - - [24/Aug/2026:23:12:59 +0900] "GET / HTTP/1.1" 200 90434 "https://www.google.com/" "Mozilla/5.0 (Linux; Android 10; K) AppleWebKit/537.36 (KHTML, like Gecko) Chrome/151.0.0.0 Mobile Safari/537.36"
2409:40c4:fb:cec8:8000:: - - [24/Aug/2026:23:13:26 +0900] "GET / HTTP/1.1" 304 0 "https://www.google.com/" "Mozilla/5.0 (Linux; Android 10; K) AppleWebKit/537.36 (KHTML, like Gecko) Chrome/151.0.0.0 Mobile Safari/537.36"
2409:40c4:fb:cec8:8000:: - - [24/Aug/2026:23:13:46 +0900] "GET / HTTP/1.1" 200 90434 "-" "Mozilla/5.0 (Linux; Android 10; K) AppleWebKit/537.36 (KHTML, like Gecko) Chrome/151.0.0.0 Mobile Safari/537.36"
2409:40c4:fb:cec8:8000:: - - [24/Aug/2026:23:13:48 +0900] "GET /wp-content/uploads/2025/09/aiease_1757469157023.webp HTTP/1.1" 304 0 "https://damaanclub.net/" "Mozilla/5.0 (Linux; Android 10; K) AppleWebKit/537.36 (KHTML, like Gecko) Chrome/151.0.0.0 Mobile Safari/537.36"
2409:40c4:fb:cec8:8000:: - - [24/Aug/2026:23:14:03 +0900] "GET / HTTP/1.1" 304 0 "https://www.google.com/" "Mozilla/5.0 (Linux; Android 10; K) AppleWebKit/537.36 (KHTML, like Gecko) Chrome/151.0.0.0 Mobile Safari/537.36"
2409:40e3:5016:494b:8000:: - - [24/Aug/2026:23:16:43 +0900] "GET / HTTP/1.1" 200 90434 "https://www.google.com/" "Mozilla/5.0 (Linux; Android 10; K) AppleWebKit/537.36 (KHTML, like Gecko) Chrome/151.0.0.0 Mobile Safari/537.36"
2409:40e2:101d:5d8:8000:: - - [24/Aug/2026:23:17:32 +0900] "GET / HTTP/1.1" 200 90434 "https://www.google.com/" "Mozilla/5.0 (Linux; Android 10; K) AppleWebKit/537.36 (KHTML, like Gecko) Chrome/140.0.0.0 Mobile Safari/537.36"
2409:40e2:101d:5d8:8000:: - - [24/Aug/2026:23:17:33 +0900] "GET / HTTP/1.1" 200 90434 "-" "Mozilla/5.0 (Linux; Android 10; K) AppleWebKit/537.36 (KHTML, like Gecko) Chrome/140.0.0.0 Mobile Safari/537.36"
2409:4081:1583:32b4::14cc:a8a4 - - [24/Aug/2026:23:20:14 +0900] "GET / HTTP/1.1" 200 90434 "https://www.google.com/" "Mozilla/5.0 (Linux; Android 10; K) AppleWebKit/537.36 (KHTML, like Gecko) Chrome/150.0.0.0 Mobile Safari/537.36"
2409:40e3:5016:494b:8000:: - - [24/Aug/2026:23:22:21 +0900] "GET / HTTP/1.1" 304 0 "https://www.google.com/" "Mozilla/5.0 (Linux; Android 10; K) AppleWebKit/537.36 (KHTML, like Gecko) Chrome/151.0.0.0 Mobile Safari/537.36"
2409:40e3:5016:494b:8000:: - - [24/Aug/2026:23:22:57 +0900] "GET / HTTP/1.1" 304 0 "https://www.google.com/" "Mozilla/5.0 (Linux; Android 10; K) AppleWebKit/537.36 (KHTML, like Gecko) Chrome/151.0.0.0 Mobile Safari/537.36"
2401:4900:51ea:2140:2d75:bf1e:e1b1:3b95 - - [24/Aug/2026:23:22:58 +0900] "GET / HTTP/1.1" 200 90434 "-" "Mozilla/5.0 (Linux; Android 10; K) AppleWebKit/537.36 (KHTML, like Gecko) Chrome/151.0.0.0 Mobile Safari/537.36"
2409:40e3:5016:494b:8000:: - - [24/Aug/2026:23:23:25 +0900] "GET / HTTP/1.1" 304 0 "https://www.google.com/" "Mozilla/5.0 (Linux; Android 10; K) AppleWebKit/537.36 (KHTML, like Gecko) Chrome/151.0.0.0 Mobile Safari/537.36"
2409:40e3:5016:494b:8000:: - - [24/Aug/2026:23:23:51 +0900] "GET / HTTP/1.1" 304 0 "https://www.google.com/" "Mozilla/5.0 (Linux; Android 10; K) AppleWebKit/537.36 (KHTML, like Gecko) Chrome/151.0.0.0 Mobile Safari/537.36"
2402:3a80:11b9:3a90::379:d237 - - [24/Aug/2026:23:24:02 +0900] "GET / HTTP/1.1" 200 90434 "https://www.google.com/" "Mozilla/5.0 (Linux; Android 12; RMX2151) AppleWebKit/537.36 (KHTML, like Gecko) Chrome/103.0.0.0 Mobile Safari/537.36"
2409:40e3:1005:4fca:1083:b3ff:fe30:7866 - - [24/Aug/2026:23:24:16 +0900] "GET / HTTP/1.1" 200 90434 "https://www.google.com/" "Mozilla/5.0 (Linux; Android 10; K) AppleWebKit/537.36 (KHTML, like Gecko) Chrome/151.0.0.0 Mobile Safari/537.36"
2409:40e3:5016:494b:8000:: - - [24/Aug/2026:23:24:21 +0900] "GET / HTTP/1.1" 304 0 "https://www.google.com/" "Mozilla/5.0 (Linux; Android 10; K) AppleWebKit/537.36 (KHTML, like Gecko) Chrome/151.0.0.0 Mobile Safari/537.36"
2401:4900:85e5:79f7::a417:b0c6 - - [24/Aug/2026:23:25:15 +0900] "GET / HTTP/1.1" 200 90434 "https://www.google.com/" "Mozilla/5.0 (Linux; Android 10; K) AppleWebKit/537.36 (KHTML, like Gecko) Chrome/137.0.0.0 Mobile Safari/537.36"
2409:40e3:5016:494b:8000:: - - [24/Aug/2026:23:25:45 +0900] "GET / HTTP/1.1" 304 0 "https://www.google.com/" "Mozilla/5.0 (Linux; Android 10; K) AppleWebKit/537.36 (KHTML, like Gecko) Chrome/151.0.0.0 Mobile Safari/537.36"
2409:4085:3e9e:d2ec:afee:6249:4d28:ce85 - - [24/Aug/2026:23:25:54 +0900] "GET / HTTP/1.1" 200 90434 "https://www.google.com/" "Mozilla/5.0 (Linux; Android 10; K) AppleWebKit/537.36 (KHTML, like Gecko) Chrome/148.0.0.0 Mobile Safari/537.36"
2409:40e3:5016:494b:8000:: - - [24/Aug/2026:23:26:13 +0900] "GET / HTTP/1.1" 304 0 "https://www.google.com/" "Mozilla/5.0 (Linux; Android 10; K) AppleWebKit/537.36 (KHTML, like Gecko) Chrome/151.0.0.0 Mobile Safari/537.36"
2409:40e3:5016:494b:8000:: - - [24/Aug/2026:23:27:20 +0900] "GET / HTTP/1.1" 304 0 "https://www.google.com/" "Mozilla/5.0 (Linux; Android 10; K) AppleWebKit/537.36 (KHTML, like Gecko) Chrome/151.0.0.0 Mobile Safari/537.36"
2409:40e3:5016:494b:8000:: - - [24/Aug/2026:23:28:17 +0900] "GET / HTTP/1.1" 304 0 "https://www.google.com/" "Mozilla/5.0 (Linux; Android 10; K) AppleWebKit/537.36 (KHTML, like Gecko) Chrome/151.0.0.0 Mobile Safari/537.36"
2409:40e3:5016:494b:8000:: - - [24/Aug/2026:23:28:39 +0900] "GET / HTTP/1.1" 304 0 "https://www.google.com/" "Mozilla/5.0 (Linux; Android 10; K) AppleWebKit/537.36 (KHTML, like Gecko) Chrome/151.0.0.0 Mobile Safari/537.36"
2409:40e3:5016:494b:8000:: - - [24/Aug/2026:23:29:25 +0900] "GET / HTTP/1.1" 304 0 "https://www.google.com/" "Mozilla/5.0 (Linux; Android 10; K) AppleWebKit/537.36 (KHTML, like Gecko) Chrome/151.0.0.0 Mobile Safari/537.36"
2409:40e3:5016:494b:8000:: - - [24/Aug/2026:23:29:48 +0900] "GET / HTTP/1.1" 304 0 "https://www.google.com/" "Mozilla/5.0 (Linux; Android 10; K) AppleWebKit/537.36 (KHTML, like Gecko) Chrome/151.0.0.0 Mobile Safari/537.36"
2409:40f4:214d:7b53:50a2:deff:fe7e:7ded - - [24/Aug/2026:23:32:35 +0900] "GET / HTTP/1.1" 200 90434 "https://www.google.com/" "Mozilla/5.0 (Linux; Android 10; K) AppleWebKit/537.36 (KHTML, like Gecko) Chrome/150.0.0.0 Mobile Safari/537.36"
2001:4860:7:405::bd - - [24/Aug/2026:23:33:22 +0900] "GET / HTTP/1.1" 200 90434 "https://www.google.com/" "Mozilla/5.0 (Linux; Android 10; K) AppleWebKit/537.36 (KHTML, like Gecko) Chrome/150.0.0.0 Mobile Safari/537.36"
172.233.79.144 - - [24/Aug/2026:23:33:24 +0900] "POST /wp-cron.php?doing_wp_cron=1787582004.3550100326538085937500 HTTP/1.1" 200 20 "-" "WordPress/6.9.4; https://damaanclub.net"
64.233.173.41 - - [24/Aug/2026:23:33:21 +0900] "GET /.well-known/traffic-advice HTTP/1.1" 404 17759 "-" "Chrome Privacy Preserving Prefetch Proxy"
2409:4081:1583:32b4::14cc:a8a4 - - [24/Aug/2026:23:33:25 +0900] "GET / HTTP/1.1" 304 0 "https://www.google.com/" "Mozilla/5.0 (Linux; Android 10; K) AppleWebKit/537.36 (KHTML, like Gecko) Chrome/150.0.0.0 Mobile Safari/537.36"
172.233.79.144 - - [24/Aug/2026:23:33:25 +0900] "GET /category/uncategorized/ HTTP/1.1" 200 23341 "-" "WP Rocket/Preload"
172.233.79.144 - - [24/Aug/2026:23:33:27 +0900] "GET /author/hassanqli02gmail-com/ HTTP/1.1" 200 30929 "-" "WP Rocket/Preload"
172.233.79.144 - - [24/Aug/2026:23:33:28 +0900] "GET /about-us/ HTTP/1.1" 200 24538 "-" "WP Rocket/Preload"
172.233.79.144 - - [24/Aug/2026:23:33:30 +0900] "GET /privacy-policy/ HTTP/1.1" 200 24378 "-" "WP Rocket/Preload"
2001:4860:7:405::b1 - - [24/Aug/2026:23:33:32 +0900] "GET / HTTP/1.1" 200 90434 "https://www.google.com/" "Mozilla/5.0 (Linux; Android 10; K) AppleWebKit/537.36 (KHTML, like Gecko) Chrome/150.0.0.0 Mobile Safari/537.36"
172.233.79.144 - - [24/Aug/2026:23:33:31 +0900] "GET /contact-us/ HTTP/1.1" 200 24146 "-" "WP Rocket/Preload"
172.233.79.144 - - [24/Aug/2026:23:33:33 +0900] "GET /daman-color-prediction/ HTTP/1.1" 200 42008 "-" "WP Rocket/Preload"
172.233.79.144 - - [24/Aug/2026:23:33:34 +0900] "GET /category/blog/ HTTP/1.1" 200 25192 "-" "WP Rocket/Preload"
172.233.79.144 - - [24/Aug/2026:23:33:36 +0900] "GET /11-powerful-insights/ HTTP/1.1" 200 46703 "-" "WP Rocket/Preload"
172.233.79.144 - - [24/Aug/2026:23:33:37 +0900] "GET /daman-game-login/ HTTP/1.1" 200 0 "-" "WP Rocket/Preload"
172.233.79.144 - - [24/Aug/2026:23:33:39 +0900] "GET /daman-game-download/ HTTP/1.1" 200 43140 "-" "WP Rocket/Preload"
172.233.79.144 - - [24/Aug/2026:23:33:40 +0900] "GET /guide-to-daman-games/ HTTP/1.1" 200 45773 "-" "WP Rocket/Preload"
172.233.79.144 - - [24/Aug/2026:23:33:42 +0900] "GET /login-and-password-guide/ HTTP/1.1" 200 41552 "-" "WP Rocket/Preload"
172.233.79.144 - - [24/Aug/2026:23:33:43 +0900] "GET /earning-money-with-daman-games/ HTTP/1.1" 200 42344 "-" "WP Rocket/Preload"
172.233.79.144 - - [24/Aug/2026:23:33:45 +0900] "GET /b-daman-games/ HTTP/1.1" 200 40813 "-" "WP Rocket/Preload"
2001:4860:7:805::8d - - [24/Aug/2026:23:33:47 +0900] "GET / HTTP/1.1" 200 90434 "https://www.google.com/" "Mozilla/5.0 (Linux; Android 10; K) AppleWebKit/537.36 (KHTML, like Gecko) Chrome/150.0.0.0 Mobile Safari/537.36"
172.233.79.144 - - [24/Aug/2026:23:33:46 +0900] "GET /daman-game-official-website/ HTTP/1.1" 200 43113 "-" "WP Rocket/Preload"
172.233.79.144 - - [24/Aug/2026:23:33:48 +0900] "GET /shalimar-game-vs-daman-game/ HTTP/1.1" 200 38856 "-" "WP Rocket/Preload"
172.233.79.144 - - [24/Aug/2026:23:33:49 +0900] "GET /login-keeps-failing/ HTTP/1.1" 200 38901 "-" "WP Rocket/Preload"
2409:40c4:198:1b0:30f9:2cff:fea9:d01e - - [24/Aug/2026:23:34:05 +0900] "GET / HTTP/1.1" 200 90434 "https://www.google.com/" "Mozilla/5.0 (Linux; Android 10; K) AppleWebKit/537.36 (KHTML, like Gecko) Chrome/150.0.0.0 Mobile Safari/537.36"
42.105.193.85 - - [24/Aug/2026:23:34:50 +0900] "GET / HTTP/1.1" 200 90434 "https://www.google.com/" "Mozilla/5.0 (Linux; Android 12; M2010J19CI) AppleWebKit/537.36 (KHTML, like Gecko) Chrome/103.0.0.0 Mobile Safari/537.36"
43.134.93.164 - - [24/Aug/2026:23:37:19 +0900] "GET / HTTP/1.1" 200 90434 "http://damaanclub.net" "Mozilla/5.0 (iPhone; CPU iPhone OS 13_2_3 like Mac OS X) AppleWebKit/605.1.15 (KHTML, like Gecko) Version/13.0.3 Mobile/15E148 Safari/604.1"
2409:4081:ac07:f3cc::ee8a:c109 - - [24/Aug/2026:23:37:48 +0900] "GET / HTTP/1.1" 200 90434 "https://www.google.com/" "Mozilla/5.0 (Linux; Android 10; K) AppleWebKit/537.36 (KHTML, like Gecko) Chrome/148.0.0.0 Mobile Safari/537.36"
2409:4081:ac07:f3cc::ee8a:c109 - - [24/Aug/2026:23:38:38 +0900] "GET / HTTP/1.1" 200 90434 "-" "Mozilla/5.0 (Linux; Android 10; K) AppleWebKit/537.36 (KHTML, like Gecko) Chrome/148.0.0.0 Mobile Safari/537.36"
2409:40e3:1015:52e0:c50:86ac:c116:bcfa - - [24/Aug/2026:23:40:06 +0900] "GET / HTTP/1.1" 200 90434 "https://www.google.com/" "Mozilla/5.0 (Linux; Android 10; K) AppleWebKit/537.36 (KHTML, like Gecko) Chrome/140.0.0.0 Mobile Safari/537.36"
2409:40e3:1015:52e0:c50:86ac:c116:bcfa - - [24/Aug/2026:23:40:24 +0900] "GET / HTTP/1.1" 200 90434 "-" "Mozilla/5.0 (Linux; Android 10; K) AppleWebKit/537.36 (KHTML, like Gecko) Chrome/140.0.0.0 Mobile Safari/537.36"
2409:40e3:1015:52e0:c50:86ac:c116:bcfa - - [24/Aug/2026:23:40:26 +0900] "GET / HTTP/1.1" 304 0 "https://www.google.com/" "Mozilla/5.0 (Linux; Android 10; K) AppleWebKit/537.36 (KHTML, like Gecko) Chrome/140.0.0.0 Mobile Safari/537.36"
2409:40e3:1015:52e0:c50:86ac:c116:bcfa - - [24/Aug/2026:23:41:13 +0900] "GET / HTTP/1.1" 304 0 "https://www.google.com/" "Mozilla/5.0 (Linux; Android 10; K) AppleWebKit/537.36 (KHTML, like Gecko) Chrome/140.0.0.0 Mobile Safari/537.36"
172.233.79.144 - - [24/Aug/2026:23:41:47 +0900] "POST /wp-cron.php?doing_wp_cron=1787582507.4894239902496337890625 HTTP/1.1" 200 20 "-" "WordPress/6.9.4; https://damaanclub.net"
216.73.216.31 - - [24/Aug/2026:23:41:44 +0900] "GET /robots.txt HTTP/1.1" 200 115 "-" "Mozilla/5.0 AppleWebKit/537.36 (KHTML, like Gecko; compatible; ClaudeBot/1.0; +claudebot@anthropic.com)"
216.73.216.31 - - [24/Aug/2026:23:41:48 +0900] "GET /sitemap_index.xml HTTP/1.1" 200 317 "-" "Mozilla/5.0 AppleWebKit/537.36 (KHTML, like Gecko; compatible; ClaudeBot/1.0; +claudebot@anthropic.com)"
172.233.79.144 - - [24/Aug/2026:23:41:48 +0900] "GET /md5-promotion-guide/ HTTP/1.1" 200 29995 "-" "WP Rocket/Preload"
172.233.79.144 - - [24/Aug/2026:23:41:50 +0900] "GET /xoilac-tv-football-schedule/ HTTP/1.1" 200 30425 "-" "WP Rocket/Preload"
172.233.79.144 - - [24/Aug/2026:23:41:51 +0900] "GET /b-daman-games-list-2025-top-choices-and-how-to-play-online/ HTTP/1.1" 200 39928 "-" "WP Rocket/Preload"
172.233.79.144 - - [24/Aug/2026:23:41:53 +0900] "GET /daman-game-registration/ HTTP/1.1" 200 43635 "-" "WP Rocket/Preload"
172.233.79.144 - - [24/Aug/2026:23:41:54 +0900] "GET /daman-game-download-guide/ HTTP/1.1" 200 42318 "-" "WP Rocket/Preload"
172.233.79.144 - - [24/Aug/2026:23:41:56 +0900] "GET /daman-games-apk/ HTTP/1.1" 200 45507 "-" "WP Rocket/Preload"
172.233.79.144 - - [24/Aug/2026:23:41:57 +0900] "GET /daman-game-customer-care-number/ HTTP/1.1" 200 41211 "-" "WP Rocket/Preload"
2409:40e3:5016:494b:8000:: - - [24/Aug/2026:23:41:59 +0900] "GET / HTTP/1.1" 304 0 "https://www.google.com/" "Mozilla/5.0 (Linux; Android 10; K) AppleWebKit/537.36 (KHTML, like Gecko) Chrome/151.0.0.0 Mobile Safari/537.36"
172.233.79.144 - - [24/Aug/2026:23:41:59 +0900] "GET /play-b-daman-games/ HTTP/1.1" 200 40301 "-" "WP Rocket/Preload"
172.233.79.144 - - [24/Aug/2026:23:42:00 +0900] "GET /daman-game-app/ HTTP/1.1" 200 41078 "-" "WP Rocket/Preload"
172.233.79.144 - - [24/Aug/2026:23:42:02 +0900] "GET /withdrawal-failed/ HTTP/1.1" 200 36068 "-" "WP Rocket/Preload"
172.233.79.144 - - [24/Aug/2026:23:42:04 +0900] "GET /game-safe/ HTTP/1.1" 200 36925 "-" "WP Rocket/Preload"
172.233.79.144 - - [24/Aug/2026:23:42:05 +0900] "GET /earn-money/ HTTP/1.1" 200 36854 "-" "WP Rocket/Preload"
172.233.79.144 - - [24/Aug/2026:23:42:07 +0900] "GET /download-daman-game/ HTTP/1.1" 200 36779 "-" "WP Rocket/Preload"
172.233.79.144 - - [24/Aug/2026:23:42:08 +0900] "GET /login-issues/ HTTP/1.1" 200 39582 "-" "WP Rocket/Preload"
172.233.79.144 - - [24/Aug/2026:23:42:10 +0900] "GET /lich-thi-dau-cakhia/ HTTP/1.1" 200 27611 "-" "WP Rocket/Preload"
172.233.79.144 - - [24/Aug/2026:23:42:11 +0900] "GET /author/savaiba/ HTTP/1.1" 200 25296 "-" "WP Rocket/Preload"
172.233.79.144 - - [24/Aug/2026:23:42:13 +0900] "GET /mo-thay-ca/ HTTP/1.1" 200 29002 "-" "WP Rocket/Preload"
2409:40e3:5016:494b:8000:: - - [24/Aug/2026:23:42:37 +0900] "GET / HTTP/1.1" 304 0 "https://www.google.com/" "Mozilla/5.0 (Linux; Android 10; K) AppleWebKit/537.36 (KHTML, like Gecko) Chrome/151.0.0.0 Mobile Safari/537.36"
2001:4860:7:805::7d - - [24/Aug/2026:23:42:40 +0900] "GET / HTTP/1.1" 200 90434 "https://www.google.com/" "Mozilla/5.0 (Linux; Android 10; K) AppleWebKit/537.36 (KHTML, like Gecko) Chrome/150.0.0.0 Mobile Safari/537.36"
2409:40e2:2000:b0cb:f812:3aff:fe1d:168 - - [24/Aug/2026:23:43:12 +0900] "GET / HTTP/1.1" 200 90434 "https://www.google.com/" "Mozilla/5.0 (Linux; Android 10; K) AppleWebKit/537.36 (KHTML, like Gecko) Chrome/150.0.0.0 Mobile Safari/537.36"
2409:40e2:2000:b0cb:f812:3aff:fe1d:168 - - [24/Aug/2026:23:43:18 +0900] "GET / HTTP/1.1" 200 90434 "https://damaanclub.net/" "Mozilla/5.0 (Linux; Android 10; K) AppleWebKit/537.36 (KHTML, like Gecko) Chrome/150.0.0.0 Mobile Safari/537.36"
172.233.79.144 - - [24/Aug/2026:23:44:10 +0900] "POST /wp-cron.php?doing_wp_cron=1787582650.6732680797576904296875 HTTP/1.1" 200 20 "-" "WordPress/6.9.4; https://damaanclub.net"
2a02:4780:5e:adea::1 - - [24/Aug/2026:23:44:09 +0900] "GET /ads.txt HTTP/1.1" 404 17759 "-" "GuzzleHttp/7"
2409:40e3:5016:494b:8000:: - - [24/Aug/2026:23:45:05 +0900] "GET / HTTP/1.1" 304 0 "https://www.google.com/" "Mozilla/5.0 (Linux; Android 10; K) AppleWebKit/537.36 (KHTML, like Gecko) Chrome/151.0.0.0 Mobile Safari/537.36"
2409:40e3:5016:494b:8000:: - - [24/Aug/2026:23:45:36 +0900] "GET / HTTP/1.1" 304 0 "https://www.google.com/" "Mozilla/5.0 (Linux; Android 10; K) AppleWebKit/537.36 (KHTML, like Gecko) Chrome/151.0.0.0 Mobile Safari/537.36"
2409:40e3:1015:52e0:c50:86ac:c116:bcfa - - [24/Aug/2026:23:45:44 +0900] "GET / HTTP/1.1" 304 0 "https://www.google.com/" "Mozilla/5.0 (Linux; Android 10; K) AppleWebKit/537.36 (KHTML, like Gecko) Chrome/140.0.0.0 Mobile Safari/537.36"
2001:4860:7:b05::e5 - - [24/Aug/2026:23:46:15 +0900] "GET / HTTP/1.1" 200 90434 "https://www.google.com/" "Mozilla/5.0 (Linux; Android 10; K) AppleWebKit/537.36 (KHTML, like Gecko) Chrome/150.0.0.0 Mobile Safari/537.36"
2409:40e3:1015:52e0:4457:45ff:fe0f:3db8 - - [24/Aug/2026:23:46:57 +0900] "GET / HTTP/1.1" 200 90434 "-" "Mozilla/5.0 (Linux; Android 10; K) AppleWebKit/537.36 (KHTML, like Gecko) Chrome/150.0.0.0 Mobile Safari/537.36"
2409:40e3:1032:89e4:8000:: - - [24/Aug/2026:23:48:02 +0900] "GET / HTTP/1.1" 200 90434 "https://www.google.com/" "Mozilla/5.0 (Linux; Android 10; K) AppleWebKit/537.36 (KHTML, like Gecko) Chrome/151.0.0.0 Mobile Safari/537.36"
2409:40e3:1032:89e4:8000:: - - [24/Aug/2026:23:48:26 +0900] "GET / HTTP/1.1" 200 90434 "-" "Mozilla/5.0 (Linux; Android 10; K) AppleWebKit/537.36 (KHTML, like Gecko) Chrome/151.0.0.0 Mobile Safari/537.36"
2409:40e3:1032:89e4:8000:: - - [24/Aug/2026:23:48:53 +0900] "GET / HTTP/1.1" 304 0 "https://www.google.com/" "Mozilla/5.0 (Linux; Android 10; K) AppleWebKit/537.36 (KHTML, like Gecko) Chrome/151.0.0.0 Mobile Safari/537.36"
2409:40e3:1032:89e4:8000:: - - [24/Aug/2026:23:49:33 +0900] "GET / HTTP/1.1" 304 0 "-" "Mozilla/5.0 (Linux; Android 10; K) AppleWebKit/537.36 (KHTML, like Gecko) Chrome/151.0.0.0 Mobile Safari/537.36"
2409:40e3:1032:89e4:8000:: - - [24/Aug/2026:23:49:36 +0900] "GET / HTTP/1.1" 304 0 "-" "Mozilla/5.0 (Linux; Android 10; K) AppleWebKit/537.36 (KHTML, like Gecko) Chrome/151.0.0.0 Mobile Safari/537.36"
2409:40e3:1032:89e4:8000:: - - [24/Aug/2026:23:49:37 +0900] "GET / HTTP/1.1" 304 0 "https://damaanclub.net/" "Mozilla/5.0 (Linux; Android 10; K) AppleWebKit/537.36 (KHTML, like Gecko) Chrome/151.0.0.0 Mobile Safari/537.36"
2409:4085:870d:c1d::1934:90a1 - - [24/Aug/2026:23:54:07 +0900] "GET / HTTP/1.1" 200 90434 "https://www.google.com/" "Mozilla/5.0 (Linux; Android 10; K) AppleWebKit/537.36 (KHTML, like Gecko) Chrome/151.0.0.0 Mobile Safari/537.36"
2409:40d6:d4:b60b:7d2f:ac5a:e09f:9b98 - - [24/Aug/2026:23:54:10 +0900] "GET / HTTP/1.1" 200 90434 "https://www.google.com/" "Mozilla/5.0 (Linux; Android 10; K) AppleWebKit/537.36 (KHTML, like Gecko) Chrome/151.0.0.0 Mobile Safari/537.36"
2409:40e3:541c:9b3:8000:: - - [25/Aug/2026:00:00:56 +0900] "GET / HTTP/1.1" 200 90434 "https://www.google.com/" "Mozilla/5.0 (Linux; Android 10; K) AppleWebKit/537.36 (KHTML, like Gecko) Chrome/151.0.0.0 Mobile Safari/537.36"
223.184.238.111 - - [25/Aug/2026:00:00:59 +0900] "GET / HTTP/1.1" 200 90434 "-" "Mozilla/5.0 (Linux; Android 15; V2420) AppleWebKit/537.36 (KHTML, like Gecko) Version/4.0 Chrome/123.0.6312.118 Mobile Safari/537.36 VivoBrowser/15.1.0.3"
223.184.238.111 - - [25/Aug/2026:00:01:02 +0900] "GET /wp-content/uploads/2025/12/Daman-Games-Guide.pdf HTTP/1.1" 304 0 "-" "Dalvik/2.1.0 (Linux; U; Android 16; V2420 Build/BP2A.250605.031.A3)"
49.35.193.19 - - [25/Aug/2026:00:01:23 +0900] "GET / HTTP/1.1" 200 90434 "https://www.google.com/" "Mozilla/5.0 (Linux; Android 10; K) AppleWebKit/537.36 (KHTML, like Gecko) Chrome/150.0.0.0 Mobile Safari/537.36"
223.184.238.111 - - [25/Aug/2026:00:01:25 +0900] "GET / HTTP/1.1" 304 0 "-" "Mozilla/5.0 (Linux; Android 15; V2420) AppleWebKit/537.36 (KHTML, like Gecko) Version/4.0 Chrome/123.0.6312.118 Mobile Safari/537.36 VivoBrowser/15.1.0.3"
