2409:40d1:479:7f2a:8000:: - - [25/Aug/2026:01:05:57 +0900] "GET / HTTP/1.1" 304 0 "https://www.google.com/" "Mozilla/5.0 (Linux; Android 10; K) AppleWebKit/537.36 (KHTML, like Gecko) Chrome/151.0.0.0 Mobile Safari/537.36"
2409:40c1:1b:8858:8000:: - - [25/Aug/2026:01:06:05 +0900] "GET / HTTP/1.1" 200 90434 "https://damaanclub.net/" "Mozilla/5.0 (Linux; Android 10; K) AppleWebKit/537.36 (KHTML, like Gecko) Chrome/143.0.0.0 Mobile Safari/537.36"
2409:40c4:11:2857:8000:: - - [25/Aug/2026:01:06:11 +0900] "GET / HTTP/1.1" 200 90434 "https://www.google.com/" "Mozilla/5.0 (Linux; Android 10; K) AppleWebKit/537.36 (KHTML, like Gecko) Chrome/151.0.0.0 Mobile Safari/537.36"
2409:40c4:11:2857:8000:: - - [25/Aug/2026:01:06:31 +0900] "GET / HTTP/1.1" 200 90434 "-" "Mozilla/5.0 (Linux; Android 10; K) AppleWebKit/537.36 (KHTML, like Gecko) Chrome/151.0.0.0 Mobile Safari/537.36"
103.197.113.131 - - [25/Aug/2026:01:06:36 +0900] "GET / HTTP/1.1" 200 90434 "https://www.google.com/" "Mozilla/5.0 (Linux; Android 10; K) AppleWebKit/537.36 (KHTML, like Gecko) Chrome/151.0.0.0 Mobile Safari/537.36"
2409:40d2:215a:8c9a:a419:82ff:feb4:a90 - - [25/Aug/2026:01:06:53 +0900] "GET / HTTP/1.1" 200 90434 "https://www.google.com/" "Mozilla/5.0 (Linux; Android 10; K) AppleWebKit/537.36 (KHTML, like Gecko) Chrome/151.0.0.0 Mobile Safari/537.36"
2409:40d2:215a:8c9a:a419:82ff:feb4:a90 - - [25/Aug/2026:01:07:10 +0900] "GET / HTTP/1.1" 200 90434 "-" "Mozilla/5.0 (Linux; Android 10; K) AppleWebKit/537.36 (KHTML, like Gecko) Chrome/151.0.0.0 Mobile Safari/537.36"
117.199.217.174 - - [25/Aug/2026:01:07:20 +0900] "GET /wp-content/themes/kadence/assets/css/global.min.css?ver=1.4.2 HTTP/1.1" 200 5003 "-" "Mozilla/5.0 (Linux; Android 10; K) AppleWebKit/537.36 (KHTML, like Gecko) Chrome/151.0.0.0 Mobile Safari/537.36"
117.199.217.174 - - [25/Aug/2026:01:07:20 +0900] "GET / HTTP/1.1" 200 90434 "https://www.google.com/" "Mozilla/5.0 (Linux; Android 10; K) AppleWebKit/537.36 (KHTML, like Gecko) Chrome/151.0.0.0 Mobile Safari/537.36"
117.199.217.174 - - [25/Aug/2026:01:07:20 +0900] "GET /wp-content/themes/kadence/assets/css/content.min.css?ver=1.4.2 HTTP/1.1" 304 0 "-" "Mozilla/5.0 (Linux; Android 10; K) AppleWebKit/537.36 (KHTML, like Gecko) Chrome/151.0.0.0 Mobile Safari/537.36"
117.199.217.174 - - [25/Aug/2026:01:07:20 +0900] "GET /wp-content/themes/kadence/assets/css/footer.min.css?ver=1.4.2 HTTP/1.1" 200 1675 "-" "Mozilla/5.0 (Linux; Android 10; K) AppleWebKit/537.36 (KHTML, like Gecko) Chrome/151.0.0.0 Mobile Safari/537.36"
117.199.217.174 - - [25/Aug/2026:01:07:21 +0900] "GET /wp-content/cache/min/1/wp-content/plugins/kadence-blocks/dist/style-blocks-infobox.css?ver=1776912028 HTTP/1.1" 200 1322 "https://damaanclub.net/" "Mozilla/5.0 (Linux; Android 10; K) AppleWebKit/537.36 (KHTML, like Gecko) Chrome/151.0.0.0 Mobile Safari/537.36"
117.199.217.174 - - [25/Aug/2026:01:07:21 +0900] "GET /wp-content/cache/min/1/wp-content/plugins/kadence-blocks/dist/style-blocks-tableofcontents.css?ver=1776912027 HTTP/1.1" 200 1066 "-" "Mozilla/5.0 (Linux; Android 10; K) AppleWebKit/537.36 (KHTML, like Gecko) Chrome/151.0.0.0 Mobile Safari/537.36"
117.199.217.174 - - [25/Aug/2026:01:07:21 +0900] "GET /wp-content/cache/min/1/wp-content/plugins/kadence-blocks/dist/style-blocks-rowlayout.css?ver=1776912028 HTTP/1.1" 200 1756 "-" "Mozilla/5.0 (Linux; Android 10; K) AppleWebKit/537.36 (KHTML, like Gecko) Chrome/151.0.0.0 Mobile Safari/537.36"
117.199.217.174 - - [25/Aug/2026:01:07:21 +0900] "GET /wp-content/cache/min/1/wp-content/plugins/kadence-blocks/dist/style-blocks-iconlist.css?ver=1776912027 HTTP/1.1" 304 0 "-" "Mozilla/5.0 (Linux; Android 10; K) AppleWebKit/537.36 (KHTML, like Gecko) Chrome/151.0.0.0 Mobile Safari/537.36"
117.199.217.174 - - [25/Aug/2026:01:07:21 +0900] "GET /wp-content/uploads/2025/09/registration2.jpg HTTP/1.1" 304 0 "https://damaanclub.net/" "Mozilla/5.0 (Linux; Android 10; K) AppleWebKit/537.36 (KHTML, like Gecko) Chrome/151.0.0.0 Mobile Safari/537.36"
117.199.217.174 - - [25/Aug/2026:01:07:21 +0900] "GET /wp-content/themes/kadence/assets/css/rankmath.min.css?ver=1.4.2 HTTP/1.1" 304 0 "https://damaanclub.net/" "Mozilla/5.0 (Linux; Android 10; K) AppleWebKit/537.36 (KHTML, like Gecko) Chrome/151.0.0.0 Mobile Safari/537.36"
117.199.217.174 - - [25/Aug/2026:01:07:22 +0900] "GET /wp-content/uploads/2025/09/dowload-4.webp HTTP/1.1" 304 0 "https://damaanclub.net/" "Mozilla/5.0 (Linux; Android 10; K) AppleWebKit/537.36 (KHTML, like Gecko) Chrome/151.0.0.0 Mobile Safari/537.36"
117.199.217.174 - - [25/Aug/2026:01:07:22 +0900] "GET /wp-content/uploads/2025/09/install-game.webp HTTP/1.1" 200 92608 "https://damaanclub.net/" "Mozilla/5.0 (Linux; Android 10; K) AppleWebKit/537.36 (KHTML, like Gecko) Chrome/151.0.0.0 Mobile Safari/537.36"
117.199.217.174 - - [25/Aug/2026:01:07:22 +0900] "GET /wp-content/uploads/2025/09/dowload-3.webp HTTP/1.1" 200 23396 "https://damaanclub.net/" "Mozilla/5.0 (Linux; Android 10; K) AppleWebKit/537.36 (KHTML, like Gecko) Chrome/151.0.0.0 Mobile Safari/537.36"
117.199.217.174 - - [25/Aug/2026:01:07:22 +0900] "GET /wp-content/uploads/2025/09/color-prediction3.webp HTTP/1.1" 200 82636 "https://damaanclub.net/" "Mozilla/5.0 (Linux; Android 10; K) AppleWebKit/537.36 (KHTML, like Gecko) Chrome/151.0.0.0 Mobile Safari/537.36"
117.199.217.174 - - [25/Aug/2026:01:07:22 +0900] "GET /wp-content/uploads/2025/09/registration3.jpg HTTP/1.1" 304 0 "https://damaanclub.net/" "Mozilla/5.0 (Linux; Android 10; K) AppleWebKit/537.36 (KHTML, like Gecko) Chrome/151.0.0.0 Mobile Safari/537.36"
117.199.217.174 - - [25/Aug/2026:01:07:22 +0900] "GET /wp-content/uploads/2025/09/color-prediction2.webp HTTP/1.1" 304 0 "https://damaanclub.net/" "Mozilla/5.0 (Linux; Android 10; K) AppleWebKit/537.36 (KHTML, like Gecko) Chrome/151.0.0.0 Mobile Safari/537.36"
117.199.217.174 - - [25/Aug/2026:01:07:22 +0900] "GET /wp-content/uploads/2025/09/registration5.jpg HTTP/1.1" 200 80007 "https://damaanclub.net/" "Mozilla/5.0 (Linux; Android 10; K) AppleWebKit/537.36 (KHTML, like Gecko) Chrome/151.0.0.0 Mobile Safari/537.36"
117.199.217.174 - - [25/Aug/2026:01:07:22 +0900] "GET /wp-content/uploads/2025/09/registration1.jpg HTTP/1.1" 200 59337 "https://damaanclub.net/" "Mozilla/5.0 (Linux; Android 10; K) AppleWebKit/537.36 (KHTML, like Gecko) Chrome/151.0.0.0 Mobile Safari/537.36"
117.199.217.174 - - [25/Aug/2026:01:07:22 +0900] "GET /wp-content/uploads/2025/09/add-money3.webp HTTP/1.1" 200 51022 "https://damaanclub.net/" "Mozilla/5.0 (Linux; Android 10; K) AppleWebKit/537.36 (KHTML, like Gecko) Chrome/151.0.0.0 Mobile Safari/537.36"
117.199.217.174 - - [25/Aug/2026:01:07:22 +0900] "GET /wp-content/uploads/2025/09/login2-1.webp HTTP/1.1" 200 44384 "https://damaanclub.net/" "Mozilla/5.0 (Linux; Android 10; K) AppleWebKit/537.36 (KHTML, like Gecko) Chrome/151.0.0.0 Mobile Safari/537.36"
117.199.217.174 - - [25/Aug/2026:01:07:22 +0900] "GET /wp-content/uploads/2025/09/add-money-1.webp HTTP/1.1" 304 0 "https://damaanclub.net/" "Mozilla/5.0 (Linux; Android 10; K) AppleWebKit/537.36 (KHTML, like Gecko) Chrome/151.0.0.0 Mobile Safari/537.36"
117.199.217.174 - - [25/Aug/2026:01:07:22 +0900] "GET /wp-content/uploads/2025/09/games1.webp HTTP/1.1" 200 87488 "https://damaanclub.net/" "Mozilla/5.0 (Linux; Android 10; K) AppleWebKit/537.36 (KHTML, like Gecko) Chrome/151.0.0.0 Mobile Safari/537.36"
117.199.217.174 - - [25/Aug/2026:01:07:23 +0900] "GET /wp-content/uploads/2025/09/faeture-img-daman-game-1.webp HTTP/1.1" 304 0 "https://damaanclub.net/" "Mozilla/5.0 (Linux; Android 10; K) AppleWebKit/537.36 (KHTML, like Gecko) Chrome/151.0.0.0 Mobile Safari/537.36"
117.199.217.174 - - [25/Aug/2026:01:07:24 +0900] "GET /wp-content/uploads/2025/09/cropped-daman_game_logo-1-192x192.webp HTTP/1.1" 200 8378 "https://damaanclub.net/" "Mozilla/5.0 (Linux; Android 10; K) AppleWebKit/537.36 (KHTML, like Gecko) Chrome/151.0.0.0 Mobile Safari/537.36"
117.199.217.174 - - [25/Aug/2026:01:07:24 +0900] "GET /wp-content/uploads/2025/09/cropped-daman_game_logo-1-180x180.webp HTTP/1.1" 200 7764 "https://damaanclub.net/" "Mozilla/5.0 (Linux; Android 10; K) AppleWebKit/537.36 (KHTML, like Gecko) Chrome/151.0.0.0 Mobile Safari/537.36"
117.199.217.174 - - [25/Aug/2026:01:07:27 +0900] "GET /wp-includes/js/dist/script-modules/block-library/file/view.min.js?ver=f9665632b48682075277 HTTP/1.1" 304 0 "https://damaanclub.net/" "Mozilla/5.0 (Linux; Android 10; K) AppleWebKit/537.36 (KHTML, like Gecko) Chrome/151.0.0.0 Mobile Safari/537.36"
117.199.217.174 - - [25/Aug/2026:01:07:27 +0900] "GET /wp-content/themes/kadence/assets/js/navigation.min.js?ver=1.4.2 HTTP/1.1" 304 0 "https://damaanclub.net/" "Mozilla/5.0 (Linux; Android 10; K) AppleWebKit/537.36 (KHTML, like Gecko) Chrome/151.0.0.0 Mobile Safari/537.36"
117.199.217.174 - - [25/Aug/2026:01:07:27 +0900] "GET /wp-content/plugins/kadence-blocks/includes/assets/js/kb-splide-init.min.js?ver=3.7.2 HTTP/1.1" 304 0 "https://damaanclub.net/" "Mozilla/5.0 (Linux; Android 10; K) AppleWebKit/537.36 (KHTML, like Gecko) Chrome/151.0.0.0 Mobile Safari/537.36"
117.199.217.174 - - [25/Aug/2026:01:07:33 +0900] "GET /wp-content/uploads/2025/09/daman-games.webp HTTP/1.1" 200 81142 "https://damaanclub.net/" "Mozilla/5.0 (Linux; Android 10; K) AppleWebKit/537.36 (KHTML, like Gecko) Chrome/151.0.0.0 Mobile Safari/537.36"
172.233.79.144 - - [25/Aug/2026:01:07:35 +0900] "POST /wp-cron.php?doing_wp_cron=1787587655.8473079204559326171875 HTTP/1.1" 200 20 "-" "WordPress/6.9.4; https://damaanclub.net"
151.246.1.103 - - [25/Aug/2026:01:07:32 +0900] "GET /?login_required=1&user=Savaiba&mainwpsignature=UbtTFpx2wFcajmbIkjgbwYZ3HNB2UzFn%2Fhct4D9bOnex93%2BEHInxH72vNEU2%2BJbYsR%2FQGnNIeNow8dNLwKNdr8ggB%2BYsZLr42yNggwNX8NuE9gftsgrDzeaE3kJ%2FYmuOBNf1tHOYqf6L8DK9inbN2T58K5%2F3dkErHWsRTUWv%2BWaT1r01tf6oPDMFs6cGGY3EnpVPp3aTrYqD%2F2%2F%2B5VuG5urLIriQySTzsB0lFDPmU0Vb5lTcwXYOhIGV6I98b%2FWwbz1yAG3rBfvqdLFoTf3Vi70M5HejuX2e3A4PTZKXYWueRL%2F%2BFTmZI7UbRSF7AkVPH%2FAjp4HZis4Wd5imqeZ3fw%3D%3D&nonce=9460&where=plugins.php%3F_detect_plugins_updates%3Dyes&sign_algo=7 HTTP/1.1" 302 20 "-" "WordPress/7.1; https://soicauatrungroi.net"
117.199.217.174 - - [25/Aug/2026:01:07:39 +0900] "GET /wp-content/uploads/2025/12/Daman-Game.webp HTTP/1.1" 200 55590 "https://damaanclub.net/" "Mozilla/5.0 (Linux; Android 10; K) AppleWebKit/537.36 (KHTML, like Gecko) Chrome/151.0.0.0 Mobile Safari/537.36"
172.233.79.144 - - [25/Aug/2026:01:07:42 +0900] "GET /capcut-pro-for-ios/ HTTP/1.1" 200 31341 "-" "WP Rocket/Preload"
172.233.79.144 - - [25/Aug/2026:01:07:44 +0900] "GET /lo-3-cang/ HTTP/1.1" 200 23835 "-" "WP Rocket/Preload"
151.246.1.103 - - [25/Aug/2026:01:07:36 +0900] "GET /wp-admin/plugins.php?_detect_plugins_updates=yes HTTP/1.1" 200 36149 "-" "WordPress/7.1; https://soicauatrungroi.net"
172.233.79.144 - - [25/Aug/2026:01:07:45 +0900] "GET /trang-web-ca-do-bong-da/ HTTP/1.1" 200 30307 "-" "WP Rocket/Preload"
117.199.217.174 - - [25/Aug/2026:01:07:47 +0900] "GET /wp-content/uploads/2025/09/faetures-of-game.webp HTTP/1.1" 200 83250 "https://damaanclub.net/" "Mozilla/5.0 (Linux; Android 10; K) AppleWebKit/537.36 (KHTML, like Gecko) Chrome/151.0.0.0 Mobile Safari/537.36"
172.233.79.144 - - [25/Aug/2026:01:07:47 +0900] "GET /the-thao-8day/ HTTP/1.1" 200 29911 "-" "WP Rocket/Preload"
151.246.1.103 - - [25/Aug/2026:01:07:47 +0900] "POST /wp-admin/admin-ajax.php HTTP/1.1" 200 10226 "https://soicauatrungroi.net" "Mozilla/5.0 (compatible; MainWP/6.1.1; +http://mainwp.com)"
172.233.79.144 - - [25/Aug/2026:01:07:48 +0900] "GET /tai-app-nohu90/ HTTP/1.1" 200 24668 "-" "WP Rocket/Preload"
172.233.79.144 - - [25/Aug/2026:01:07:50 +0900] "GET /gemwin-thien-duong/ HTTP/1.1" 200 25152 "-" "WP Rocket/Preload"
172.233.79.144 - - [25/Aug/2026:01:07:52 +0900] "GET /bi-quyet-doc-keo-tai-xiu-2-5-tu-chuyen-gia-ca-cuoc/ HTTP/1.1" 200 24421 "-" "WP Rocket/Preload"
172.233.79.144 - - [25/Aug/2026:01:07:53 +0900] "GET /dang-nhap-79win/ HTTP/1.1" 200 24979 "-" "WP Rocket/Preload"
117.199.217.174 - - [25/Aug/2026:01:07:55 +0900] "GET / HTTP/1.1" 304 0 "https://www.google.com/" "Mozilla/5.0 (Linux; Android 10; K) AppleWebKit/537.36 (KHTML, like Gecko) Chrome/151.0.0.0 Mobile Safari/537.36"
151.246.1.103 - - [25/Aug/2026:01:07:55 +0900] "POST /wp-admin/admin-ajax.php HTTP/1.1" 200 161 "https://soicauatrungroi.net" "Mozilla/5.0 (compatible; MainWP/6.1.1; +http://mainwp.com)"
172.233.79.144 - - [25/Aug/2026:01:07:55 +0900] "GET /xin88/ HTTP/1.1" 200 30566 "-" "WP Rocket/Preload"
172.233.79.144 - - [25/Aug/2026:01:07:56 +0900] "GET /keo-chau-au/ HTTP/1.1" 200 24629 "-" "WP Rocket/Preload"
172.233.79.144 - - [25/Aug/2026:01:07:58 +0900] "GET /789win/ HTTP/1.1" 200 30914 "-" "WP Rocket/Preload"
172.233.79.144 - - [25/Aug/2026:01:07:59 +0900] "GET /slots-doi-thuong-sonclub/ HTTP/1.1" 200 24708 "-" "WP Rocket/Preload"
172.233.79.144 - - [25/Aug/2026:01:08:01 +0900] "GET /ban-ca-hello88/ HTTP/1.1" 200 24629 "-" "WP Rocket/Preload"
172.233.79.144 - - [25/Aug/2026:01:08:03 +0900] "GET /game-bai-3d-good88/ HTTP/1.1" 200 24518 "-" "WP Rocket/Preload"
117.199.217.174 - - [25/Aug/2026:01:08:04 +0900] "GET / HTTP/1.1" 200 90434 "https://damaanclub.net/" "Mozilla/5.0 (Linux; Android 10; K) AppleWebKit/537.36 (KHTML, like Gecko) Chrome/151.0.0.0 Mobile Safari/537.36"
172.233.79.144 - - [25/Aug/2026:01:08:04 +0900] "GET /casino-123bet-trai-nghiem/ HTTP/1.1" 200 24624 "-" "WP Rocket/Preload"
172.233.79.144 - - [25/Aug/2026:01:08:06 +0900] "GET /xoc-dia-sun-win/ HTTP/1.1" 200 30003 "-" "WP Rocket/Preload"
172.233.79.144 - - [25/Aug/2026:01:08:14 +0900] "GET /mau-binh-b52club/ HTTP/1.1" 200 24415 "-" "WP Rocket/Preload"
172.233.79.144 - - [25/Aug/2026:01:08:16 +0900] "GET /b52club/ HTTP/1.1" 200 30470 "-" "WP Rocket/Preload"
172.233.79.144 - - [25/Aug/2026:01:07:41 +0900] "POST /wp-admin/admin-ajax.php?action=as_async_request_queue_runner&nonce=5b8202d473 HTTP/1.1" 200 20 "-" "WordPress/6.9.4; https://damaanclub.net"
2001:4860:7:805::5b - - [25/Aug/2026:01:08:18 +0900] "GET / HTTP/1.1" 200 90434 "https://www.google.com/" "Mozilla/5.0 (Linux; Android 10; K) AppleWebKit/537.36 (KHTML, like Gecko) Chrome/150.0.0.0 Mobile Safari/537.36"
172.233.79.144 - - [25/Aug/2026:01:08:17 +0900] "GET /da-ga-good88/ HTTP/1.1" 200 25272 "-" "WP Rocket/Preload"
172.233.79.144 - - [25/Aug/2026:01:08:19 +0900] "GET /ban-ca-kingfun/ HTTP/1.1" 200 24986 "-" "WP Rocket/Preload"
172.233.79.144 - - [25/Aug/2026:01:08:20 +0900] "GET /football-results-at/ HTTP/1.1" 200 29404 "-" "WP Rocket/Preload"
172.233.79.144 - - [25/Aug/2026:01:08:21 +0900] "POST /wp-cron.php?doing_wp_cron=1787587701.8590929508209228515625 HTTP/1.1" 200 20 "-" "WordPress/6.9.4; https://damaanclub.net"
172.233.79.144 - - [25/Aug/2026:01:08:13 +0900] "POST /wp-admin/admin-ajax.php?action=as_async_request_queue_runner&nonce=5b8202d473 HTTP/1.1" 200 20 "-" "WordPress/6.9.4; https://damaanclub.net"
2001:4860:7:805::45 - - [25/Aug/2026:01:08:28 +0900] "GET / HTTP/1.1" 200 90434 "https://www.google.com/" "Mozilla/5.0 (Linux; Android 10; K) AppleWebKit/537.36 (KHTML, like Gecko) Chrome/151.0.0.0 Mobile Safari/537.36"
2409:4081:8190:e2d2:e4f2:d6ff:fe32:6f08 - - [25/Aug/2026:01:10:14 +0900] "GET / HTTP/1.1" 200 90434 "https://www.google.com/" "Mozilla/5.0 (Linux; Android 10; K) AppleWebKit/537.36 (KHTML, like Gecko) Chrome/150.0.0.0 Mobile Safari/537.36"
2a06:98c0:3600::103 - - [25/Aug/2026:01:10:37 +0900] "GET /wp-content/uploads/2025/09/install-game-768x432.webp HTTP/1.1" 200 36568 "-" "Mozilla/5.0 (Windows NT 10.0; Win64; x64; rv:109.0) Gecko/20100101 Firefox/115.0"
2409:4055:4e9b:b7ab::e708:ab09 - - [25/Aug/2026:01:10:48 +0900] "GET / HTTP/1.1" 200 90434 "https://www.google.com/" "Mozilla/5.0 (Linux; Android 10; K) AppleWebKit/537.36 (KHTML, like Gecko) Chrome/151.0.0.0 Mobile Safari/537.36"
2401:4900:8f6c:3d8b:4948:e7dc:e62a:225c - - [25/Aug/2026:01:10:54 +0900] "GET / HTTP/1.1" 200 90434 "https://www.google.com/" "Mozilla/5.0 (Linux; Android 10; K) AppleWebKit/537.36 (KHTML, like Gecko) Chrome/151.0.0.0 Mobile Safari/537.36"
152.59.4.83 - - [25/Aug/2026:01:11:08 +0900] "GET / HTTP/1.1" 200 90434 "https://www.google.com/" "Mozilla/5.0 (Linux; Android 10; K) AppleWebKit/537.36 (KHTML, like Gecko) Chrome/151.0.0.0 Mobile Safari/537.36"
2409:40d0:2412:a8a7:1096:c6ff:fe16:8b46 - - [25/Aug/2026:01:11:10 +0900] "GET / HTTP/1.1" 200 90434 "https://www.google.com/" "Mozilla/5.0 (Linux; Android 10; K) AppleWebKit/537.36 (KHTML, like Gecko) Chrome/150.0.0.0 Mobile Safari/537.36"
2409:40f4:2045:215f:6ca3:48e5:3175:1f02 - - [25/Aug/2026:01:11:22 +0900] "GET / HTTP/1.1" 200 90434 "https://www.google.com/" "Mozilla/5.0 (iPhone; CPU iPhone OS 18_7 like Mac OS X) AppleWebKit/605.1.15 (KHTML, like Gecko) Version/26.0.1 Mobile/15E148 Safari/604.1"
2409:40d0:2412:a8a7:1096:c6ff:fe16:8b46 - - [25/Aug/2026:01:11:28 +0900] "GET / HTTP/1.1" 200 90434 "-" "Mozilla/5.0 (Linux; Android 10; K) AppleWebKit/537.36 (KHTML, like Gecko) Chrome/150.0.0.0 Mobile Safari/537.36"
2401:4900:8f6c:3d8b:4948:e7dc:e62a:225c - - [25/Aug/2026:01:12:06 +0900] "GET / HTTP/1.1" 200 90434 "-" "Mozilla/5.0 (Linux; Android 10; K) AppleWebKit/537.36 (KHTML, like Gecko) Chrome/151.0.0.0 Mobile Safari/537.36"
2402:3a80:439a:7d17:6a1f:3af0:28d8:a50a - - [25/Aug/2026:01:13:27 +0900] "GET / HTTP/1.1" 200 90434 "https://www.google.com/" "Mozilla/5.0 (Linux; Android 10; K) AppleWebKit/537.36 (KHTML, like Gecko) Chrome/138.0.0.0 Mobile Safari/537.36"
2409:40d2:103b:e02b:547:f6ee:67d5:dbcf - - [25/Aug/2026:01:15:33 +0900] "GET / HTTP/1.1" 200 90434 "https://www.google.com/" "Mozilla/5.0 (Linux; Android 10; K) AppleWebKit/537.36 (KHTML, like Gecko) Chrome/143.0.0.0 Mobile Safari/537.36"
2409:40d2:103b:e02b:547:f6ee:67d5:dbcf - - [25/Aug/2026:01:15:40 +0900] "GET / HTTP/1.1" 200 90434 "https://damaanclub.net/" "Mozilla/5.0 (Linux; Android 10; K) AppleWebKit/537.36 (KHTML, like Gecko) Chrome/143.0.0.0 Mobile Safari/537.36"
2409:40d2:103b:e02b:547:f6ee:67d5:dbcf - - [25/Aug/2026:01:15:46 +0900] "GET / HTTP/1.1" 304 0 "https://www.google.com/" "Mozilla/5.0 (Linux; Android 10; K) AppleWebKit/537.36 (KHTML, like Gecko) Chrome/143.0.0.0 Mobile Safari/537.36"
2409:4063:4e3f:a245:426:8aff:fe26:5f72 - - [25/Aug/2026:01:15:46 +0900] "GET / HTTP/1.1" 200 90434 "https://www.google.com/" "Mozilla/5.0 (Linux; Android 10; K) AppleWebKit/537.36 (KHTML, like Gecko) Chrome/131.0.0.0 Mobile Safari/537.36"
2401:4900:a1b3:9481:559d:e615:f0b7:6a9 - - [25/Aug/2026:01:15:55 +0900] "GET / HTTP/1.1" 200 90434 "https://www.google.com/" "Mozilla/5.0 (iPhone; CPU iPhone OS 18_7 like Mac OS X) AppleWebKit/605.1.15 (KHTML, like Gecko) Version/26.6 Mobile/15E148 Safari/604.1"
2409:40c2:2005:d4d8:8000:: - - [25/Aug/2026:01:16:13 +0900] "GET / HTTP/1.1" 200 90434 "https://www.google.com/" "Mozilla/5.0 (Linux; Android 10; K) AppleWebKit/537.36 (KHTML, like Gecko) Chrome/151.0.0.0 Mobile Safari/537.36"
2401:4900:58a2:ab::3c:f0ed - - [25/Aug/2026:01:17:34 +0900] "GET / HTTP/1.1" 200 90434 "https://www.google.com/" "Mozilla/5.0 (Linux; Android 10; K) AppleWebKit/537.36 (KHTML, like Gecko) Chrome/151.0.0.0 Mobile Safari/537.36"
150.107.23.12 - - [25/Aug/2026:01:17:42 +0900] "GET / HTTP/1.1" 200 90434 "https://www.google.com/" "Mozilla/5.0 (iPhone; CPU iPhone OS 26_6_0 like Mac OS X) AppleWebKit/605.1.15 (KHTML, like Gecko) CriOS/151.0.7922.112 Mobile/15E148 Safari/604.1"
150.107.23.12 - - [25/Aug/2026:01:17:43 +0900] "GET /wp-content/cache/min/1/wp-content/plugins/kadence-blocks/dist/style-blocks-iconlist.css?ver=1776912027 HTTP/1.1" 200 593 "https://damaanclub.net/" "Mozilla/5.0 (iPhone; CPU iPhone OS 26_6_0 like Mac OS X) AppleWebKit/605.1.15 (KHTML, like Gecko) CriOS/151.0.7922.112 Mobile/15E148 Safari/604.1"
150.107.23.12 - - [25/Aug/2026:01:17:43 +0900] "GET /wp-content/uploads/2025/09/install-game.webp HTTP/1.1" 200 92608 "https://damaanclub.net/" "Mozilla/5.0 (iPhone; CPU iPhone OS 26_6_0 like Mac OS X) AppleWebKit/605.1.15 (KHTML, like Gecko) CriOS/151.0.7922.112 Mobile/15E148 Safari/604.1"
150.107.23.12 - - [25/Aug/2026:01:17:43 +0900] "GET /wp-content/uploads/2025/09/dowload-3.webp HTTP/1.1" 200 23396 "https://damaanclub.net/" "Mozilla/5.0 (iPhone; CPU iPhone OS 26_6_0 like Mac OS X) AppleWebKit/605.1.15 (KHTML, like Gecko) CriOS/151.0.7922.112 Mobile/15E148 Safari/604.1"
150.107.23.12 - - [25/Aug/2026:01:17:43 +0900] "GET /wp-content/uploads/2025/09/faeture-img-daman-game-1.webp HTTP/1.1" 200 90972 "https://damaanclub.net/" "Mozilla/5.0 (iPhone; CPU iPhone OS 26_6_0 like Mac OS X) AppleWebKit/605.1.15 (KHTML, like Gecko) CriOS/151.0.7922.112 Mobile/15E148 Safari/604.1"
150.107.23.12 - - [25/Aug/2026:01:17:43 +0900] "GET /wp-content/uploads/2025/09/cropped-daman_game_logo-1-180x180.webp HTTP/1.1" 200 7764 "-" "Mozilla/5.0 (iPhone; CPU iPhone OS 26_6_0 like Mac OS X) AppleWebKit/605.1.15 (KHTML, like Gecko) CriOS/151.0.7922.112 Mobile/15E148 Safari/604.1"
150.107.23.12 - - [25/Aug/2026:01:17:43 +0900] "GET /wp-content/uploads/2025/09/cropped-daman_game_logo-1-192x192.webp HTTP/1.1" 200 8378 "-" "Mozilla/5.0 (iPhone; CPU iPhone OS 26_6_0 like Mac OS X) AppleWebKit/605.1.15 (KHTML, like Gecko) CriOS/151.0.7922.112 Mobile/15E148 Safari/604.1"
150.107.23.12 - - [25/Aug/2026:01:17:44 +0900] "GET /wp-content/uploads/2025/09/games2.webp HTTP/1.1" 200 53304 "https://damaanclub.net/" "Mozilla/5.0 (iPhone; CPU iPhone OS 26_6_0 like Mac OS X) AppleWebKit/605.1.15 (KHTML, like Gecko) CriOS/151.0.7922.112 Mobile/15E148 Safari/604.1"
150.107.23.12 - - [25/Aug/2026:01:17:45 +0900] "GET /wp-content/uploads/2025/12/Daman-Games-Guide.pdf HTTP/1.1" 200 3702312 "https://damaanclub.net/" "Mozilla/5.0 (iPhone; CPU iPhone OS 26_6_0 like Mac OS X) AppleWebKit/605.1.15 (KHTML, like Gecko) CriOS/151.0.7922.112 Mobile/15E148 Safari/604.1"
2402:3a80:4138:3766:5c78:12c:dd8:c73c - - [25/Aug/2026:01:17:54 +0900] "GET / HTTP/1.1" 200 90434 "https://www.google.com/" "Mozilla/5.0 (iPhone; CPU iPhone OS 26_5_0 like Mac OS X) AppleWebKit/605.1.15 (KHTML, like Gecko) CriOS/151.0.7922.57 Mobile/15E148 Safari/604.1"
2409:40d2:1f:7f1e:8000:: - - [25/Aug/2026:01:18:11 +0900] "GET / HTTP/1.1" 200 90434 "https://www.google.com/" "Mozilla/5.0 (Linux; Android 10; K) AppleWebKit/537.36 (KHTML, like Gecko) Chrome/151.0.0.0 Mobile Safari/537.36"
2401:4900:58a2:ab::3c:f0ed - - [25/Aug/2026:01:18:15 +0900] "GET / HTTP/1.1" 304 0 "https://www.google.com/" "Mozilla/5.0 (Linux; Android 10; K) AppleWebKit/537.36 (KHTML, like Gecko) Chrome/151.0.0.0 Mobile Safari/537.36"
2409:40d2:1f:7f1e:8000:: - - [25/Aug/2026:01:18:34 +0900] "GET / HTTP/1.1" 304 0 "https://www.google.com/" "Mozilla/5.0 (Linux; Android 10; K) AppleWebKit/537.36 (KHTML, like Gecko) Chrome/151.0.0.0 Mobile Safari/537.36"
2409:40d6:498:a3ec:8000:: - - [25/Aug/2026:01:18:35 +0900] "GET / HTTP/1.1" 200 90434 "https://www.google.com/" "Mozilla/5.0 (Linux; Android 10; K) AppleWebKit/537.36 (KHTML, like Gecko) Chrome/151.0.0.0 Mobile Safari/537.36"
2409:40e1:3491:2ba1:8000:: - - [25/Aug/2026:01:18:35 +0900] "GET / HTTP/1.1" 200 90434 "https://www.google.com/" "Mozilla/5.0 (Linux; Android 10; K) AppleWebKit/537.36 (KHTML, like Gecko) Chrome/151.0.0.0 Mobile Safari/537.36"
2401:4900:d82a:b5a2:7cb7:1dff:fe4d:7bbf - - [25/Aug/2026:01:18:44 +0900] "GET / HTTP/1.1" 200 90434 "https://www.google.com/" "Mozilla/5.0 (Linux; Android 10; K) AppleWebKit/537.36 (KHTML, like Gecko) Chrome/151.0.0.0 Mobile Safari/537.36"
2409:40d2:1f:7f1e:8000:: - - [25/Aug/2026:01:19:25 +0900] "GET / HTTP/1.1" 304 0 "https://www.google.com/" "Mozilla/5.0 (Linux; Android 10; K) AppleWebKit/537.36 (KHTML, like Gecko) Chrome/151.0.0.0 Mobile Safari/537.36"
2409:40d2:1f:7f1e:8000:: - - [25/Aug/2026:01:19:28 +0900] "GET / HTTP/1.1" 200 90434 "-" "Mozilla/5.0 (Linux; Android 10; K) AppleWebKit/537.36 (KHTML, like Gecko) Chrome/151.0.0.0 Mobile Safari/537.36"
2409:40e6:454:8522:8000:: - - [25/Aug/2026:01:19:31 +0900] "GET / HTTP/1.1" 200 90434 "https://www.google.com/" "Mozilla/5.0 (Linux; Android 10; K) AppleWebKit/537.36 (KHTML, like Gecko) Chrome/151.0.0.0 Mobile Safari/537.36"
2401:4900:a531:b32c::f6b:275e - - [25/Aug/2026:01:19:34 +0900] "GET / HTTP/1.1" 200 90434 "https://www.google.com/" "Mozilla/5.0 (Linux; Android 10; K) AppleWebKit/537.36 (KHTML, like Gecko) Chrome/148.0.0.0 Mobile Safari/537.36"
2401:4900:d82a:b5a2:7cb7:1dff:fe4d:7bbf - - [25/Aug/2026:01:19:41 +0900] "GET / HTTP/1.1" 200 90434 "-" "Mozilla/5.0 (Linux; Android 10; K) AppleWebKit/537.36 (KHTML, like Gecko) Chrome/151.0.0.0 Mobile Safari/537.36"
2409:40e2:122c:1815:2054:9fff:fee0:ac2a - - [25/Aug/2026:01:19:51 +0900] "GET / HTTP/1.1" 200 90434 "https://www.google.com/" "Mozilla/5.0 (Linux; Android 10; K) AppleWebKit/537.36 (KHTML, like Gecko) Chrome/151.0.0.0 Mobile Safari/537.36"
2409:40e6:454:8522:8000:: - - [25/Aug/2026:01:19:54 +0900] "GET / HTTP/1.1" 200 90434 "-" "Mozilla/5.0 (Linux; Android 10; K) AppleWebKit/537.36 (KHTML, like Gecko) Chrome/151.0.0.0 Mobile Safari/537.36"
2402:8100:2b63:5fb4:54e7:f69d:7766:677b - - [25/Aug/2026:01:19:59 +0900] "GET / HTTP/1.1" 200 90434 "https://www.google.com/" "Mozilla/5.0 (iPhone; CPU iPhone OS 18_7 like Mac OS X) AppleWebKit/605.1.15 (KHTML, like Gecko) Version/26.5.2 Mobile/15E148 Safari/604.1"
2402:8100:29c2:9bad:ee0:9000:e415:7f38 - - [25/Aug/2026:01:20:24 +0900] "GET / HTTP/1.1" 200 90434 "https://www.google.com/" "Mozilla/5.0 (Linux; Android 10; K) AppleWebKit/537.36 (KHTML, like Gecko) Chrome/151.0.0.0 Mobile Safari/537.36"
2409:4085:3e18:5932::a24b:a405 - - [25/Aug/2026:01:20:35 +0900] "GET / HTTP/1.1" 200 90434 "-" "Mozilla/5.0 (Linux; Android 13; V2117) AppleWebKit/537.36 (KHTML, like Gecko) Version/4.0 Chrome/123.0.6312.118 Mobile Safari/537.36 VivoBrowser/15.1.0.3"
2401:4900:bd7d:754e:2c1d:66ff:fed0:8075 - - [25/Aug/2026:01:20:51 +0900] "GET / HTTP/1.1" 200 90434 "https://www.google.com/" "Mozilla/5.0 (Linux; Android 10; K) AppleWebKit/537.36 (KHTML, like Gecko) Chrome/151.0.0.0 Mobile Safari/537.36"
2409:40e5:113f:a0eb:8000:: - - [25/Aug/2026:01:22:56 +0900] "GET / HTTP/1.1" 200 90434 "https://www.google.com/" "Mozilla/5.0 (Linux; Android 10; K) AppleWebKit/537.36 (KHTML, like Gecko) Chrome/144.0.0.0 Mobile Safari/537.36"
2409:40e5:113f:a0eb:8000:: - - [25/Aug/2026:01:23:25 +0900] "GET / HTTP/1.1" 200 90434 "-" "Mozilla/5.0 (Linux; Android 10; K) AppleWebKit/537.36 (KHTML, like Gecko) Chrome/144.0.0.0 Mobile Safari/537.36"
2401:4900:12d0:80bd:53f6:c7fb:6808:4c87 - - [25/Aug/2026:01:23:37 +0900] "GET / HTTP/1.1" 200 90434 "https://www.google.com/" "Mozilla/5.0 (Linux; Android 10; K) AppleWebKit/537.36 (KHTML, like Gecko) Chrome/149.0.0.0 Mobile Safari/537.36"
2402:8100:2c33:bf26::4b9c:a24e - - [25/Aug/2026:01:24:01 +0900] "GET / HTTP/1.1" 200 90434 "https://www.google.com/" "Mozilla/5.0 (Linux; Android 10; K) AppleWebKit/537.36 (KHTML, like Gecko) Chrome/143.0.0.0 Mobile Safari/537.36"
2401:4900:12d0:80bd:53f6:c7fb:6808:4c87 - - [25/Aug/2026:01:24:04 +0900] "GET / HTTP/1.1" 200 90434 "-" "Mozilla/5.0 (Linux; Android 10; K) AppleWebKit/537.36 (KHTML, like Gecko) Chrome/149.0.0.0 Mobile Safari/537.36"
152.59.30.154 - - [25/Aug/2026:01:24:26 +0900] "GET / HTTP/1.1" 200 90434 "https://www.google.com/" "Mozilla/5.0 (iPhone; CPU iPhone OS 18_7_8 like Mac OS X) AppleWebKit/605.1.15 (KHTML, like Gecko) CriOS/151.0.7922.112 Mobile/15E148 Safari/604.1"
2001:4860:7:805::87 - - [25/Aug/2026:01:24:37 +0900] "GET / HTTP/1.1" 200 90434 "https://www.google.com/" "Mozilla/5.0 (Linux; Android 10; K) AppleWebKit/537.36 (KHTML, like Gecko) Chrome/151.0.0.0 Mobile Safari/537.36"
2402:8100:2a10:6b94:38e4:cd2f:6c22:60f3 - - [25/Aug/2026:01:25:07 +0900] "GET / HTTP/1.1" 200 90434 "https://www.google.com/" "Mozilla/5.0 (Linux; Android 10; K) AppleWebKit/537.36 (KHTML, like Gecko) Chrome/147.0.0.0 Mobile Safari/537.36"
2401:4900:8854:b077:2583:1386:4139:c6a6 - - [25/Aug/2026:01:25:32 +0900] "GET / HTTP/1.1" 200 90434 "https://www.google.com/" "Mozilla/5.0 (Linux; Android 10; K) AppleWebKit/537.36 (KHTML, like Gecko) Chrome/151.0.0.0 Mobile Safari/537.36"
2409:40f4:35:9a10:8000:: - - [25/Aug/2026:01:25:41 +0900] "GET / HTTP/1.1" 200 90434 "https://www.google.com/" "Mozilla/5.0 (Linux; Android 10; K) AppleWebKit/537.36 (KHTML, like Gecko) Chrome/151.0.0.0 Mobile Safari/537.36"
2409:40c4:21db:801f:8000:: - - [25/Aug/2026:01:26:06 +0900] "GET / HTTP/1.1" 200 90434 "https://www.google.com/" "Mozilla/5.0 (Linux; Android 10; K) AppleWebKit/537.36 (KHTML, like Gecko) Chrome/151.0.0.0 Mobile Safari/537.36"
2409:40c4:21db:801f:8000:: - - [25/Aug/2026:01:26:20 +0900] "GET / HTTP/1.1" 200 90434 "-" "Mozilla/5.0 (Linux; Android 10; K) AppleWebKit/537.36 (KHTML, like Gecko) Chrome/151.0.0.0 Mobile Safari/537.36"
2001:4860:7:b05::9f - - [25/Aug/2026:01:26:30 +0900] "GET / HTTP/1.1" 200 90434 "https://www.google.com/" "Mozilla/5.0 (Windows NT 10.0; Win64; x64) AppleWebKit/537.36 (KHTML, like Gecko) Chrome/151.0.0.0 Safari/537.36"
2401:4900:7abb:8b12::10d3:271e - - [25/Aug/2026:01:26:53 +0900] "GET / HTTP/1.1" 200 90434 "https://www.google.com/" "Mozilla/5.0 (Linux; Android 10; K) AppleWebKit/537.36 (KHTML, like Gecko) Chrome/149.0.0.0 Mobile Safari/537.36"
172.233.79.144 - - [25/Aug/2026:01:27:20 +0900] "POST /wp-cron.php?doing_wp_cron=1787588840.4426770210266113281250 HTTP/1.1" 200 20 "-" "WordPress/6.9.4; https://damaanclub.net"
2a02:4780:5e:adea::1 - - [25/Aug/2026:01:27:16 +0900] "GET /ads.txt HTTP/1.1" 404 17759 "-" "GuzzleHttp/7"
2a06:98c0:3600::103 - - [25/Aug/2026:01:27:26 +0900] "GET /wp-content/uploads/2025/09/aiease_1757444296195.webp HTTP/1.1" 200 100024 "-" "Mozilla/5.0 (Windows NT 10.0; Win64; x64; rv:109.0) Gecko/20100101 Firefox/115.0"
2401:4900:7abb:8b12::10d3:271e - - [25/Aug/2026:01:27:31 +0900] "GET / HTTP/1.1" 304 0 "https://www.google.com/" "Mozilla/5.0 (Linux; Android 10; K) AppleWebKit/537.36 (KHTML, like Gecko) Chrome/149.0.0.0 Mobile Safari/537.36"
203.134.249.243 - - [25/Aug/2026:01:28:24 +0900] "GET /wp-content/plugins/kadence-blocks-pro/includes/assets/css/kadence-splide.min.css?ver=2.8.14 HTTP/1.1" 200 1785 "-" "Mozilla/5.0 (Linux; Android 10; K) AppleWebKit/537.36 (KHTML, like Gecko) Chrome/151.0.0.0 Mobile Safari/537.36"
203.134.249.243 - - [25/Aug/2026:01:28:24 +0900] "GET /wp-content/plugins/kadence-blocks/includes/assets/css/kb-blocks-splide.min.css?ver=3.7.2 HTTP/1.1" 200 327 "-" "Mozilla/5.0 (Linux; Android 10; K) AppleWebKit/537.36 (KHTML, like Gecko) Chrome/151.0.0.0 Mobile Safari/537.36"
203.134.249.243 - - [25/Aug/2026:01:28:24 +0900] "GET /wp-content/themes/kadence/assets/css/global.min.css?ver=1.4.2 HTTP/1.1" 200 5003 "-" "Mozilla/5.0 (Linux; Android 10; K) AppleWebKit/537.36 (KHTML, like Gecko) Chrome/151.0.0.0 Mobile Safari/537.36"
203.134.249.243 - - [25/Aug/2026:01:28:24 +0900] "GET / HTTP/1.1" 200 90434 "https://www.google.com/" "Mozilla/5.0 (Linux; Android 10; K) AppleWebKit/537.36 (KHTML, like Gecko) Chrome/151.0.0.0 Mobile Safari/537.36"
203.134.249.243 - - [25/Aug/2026:01:28:25 +0900] "GET /wp-content/cache/min/1/wp-content/plugins/kadence-blocks/dist/style-blocks-infobox.css?ver=1776912028 HTTP/1.1" 200 1322 "https://damaanclub.net/" "Mozilla/5.0 (Linux; Android 10; K) AppleWebKit/537.36 (KHTML, like Gecko) Chrome/151.0.0.0 Mobile Safari/537.36"
203.134.249.243 - - [25/Aug/2026:01:28:25 +0900] "GET /wp-content/uploads/2025/09/registration4.jpg HTTP/1.1" 200 108467 "https://damaanclub.net/" "Mozilla/5.0 (Linux; Android 10; K) AppleWebKit/537.36 (KHTML, like Gecko) Chrome/151.0.0.0 Mobile Safari/537.36"
203.134.249.243 - - [25/Aug/2026:01:28:25 +0900] "GET /wp-content/themes/kadence/assets/css/header.min.css?ver=1.4.2 HTTP/1.1" 200 4240 "-" "Mozilla/5.0 (Linux; Android 10; K) AppleWebKit/537.36 (KHTML, like Gecko) Chrome/151.0.0.0 Mobile Safari/537.36"
203.134.249.243 - - [25/Aug/2026:01:28:25 +0900] "GET /wp-content/themes/kadence/assets/css/content.min.css?ver=1.4.2 HTTP/1.1" 200 5818 "-" "Mozilla/5.0 (Linux; Android 10; K) AppleWebKit/537.36 (KHTML, like Gecko) Chrome/151.0.0.0 Mobile Safari/537.36"
203.134.249.243 - - [25/Aug/2026:01:28:25 +0900] "GET /wp-content/themes/kadence/assets/css/footer.min.css?ver=1.4.2 HTTP/1.1" 200 1675 "-" "Mozilla/5.0 (Linux; Android 10; K) AppleWebKit/537.36 (KHTML, like Gecko) Chrome/151.0.0.0 Mobile Safari/537.36"
203.134.249.243 - - [25/Aug/2026:01:28:25 +0900] "GET /wp-content/cache/min/1/wp-content/plugins/kadence-blocks/dist/style-blocks-advancedgallery.css?ver=1776912028 HTTP/1.1" 200 3499 "https://damaanclub.net/" "Mozilla/5.0 (Linux; Android 10; K) AppleWebKit/537.36 (KHTML, like Gecko) Chrome/151.0.0.0 Mobile Safari/537.36"
203.134.249.243 - - [25/Aug/2026:01:28:25 +0900] "GET /wp-content/cache/min/1/wp-content/plugins/kadence-blocks/dist/style-blocks-tableofcontents.css?ver=1776912027 HTTP/1.1" 200 1066 "https://damaanclub.net/" "Mozilla/5.0 (Linux; Android 10; K) AppleWebKit/537.36 (KHTML, like Gecko) Chrome/151.0.0.0 Mobile Safari/537.36"
203.134.249.243 - - [25/Aug/2026:01:28:25 +0900] "GET /wp-content/cache/min/1/wp-content/plugins/kadence-blocks/dist/style-blocks-iconlist.css?ver=1776912027 HTTP/1.1" 200 593 "https://damaanclub.net/" "Mozilla/5.0 (Linux; Android 10; K) AppleWebKit/537.36 (KHTML, like Gecko) Chrome/151.0.0.0 Mobile Safari/537.36"
203.134.249.243 - - [25/Aug/2026:01:28:25 +0900] "GET /wp-content/cache/min/1/wp-content/plugins/kadence-blocks/dist/style-blocks-rowlayout.css?ver=1776912028 HTTP/1.1" 200 1756 "https://damaanclub.net/" "Mozilla/5.0 (Linux; Android 10; K) AppleWebKit/537.36 (KHTML, like Gecko) Chrome/151.0.0.0 Mobile Safari/537.36"
203.134.249.243 - - [25/Aug/2026:01:28:25 +0900] "GET /wp-content/themes/kadence/assets/css/rankmath.min.css?ver=1.4.2 HTTP/1.1" 200 39 "https://damaanclub.net/" "Mozilla/5.0 (Linux; Android 10; K) AppleWebKit/537.36 (KHTML, like Gecko) Chrome/151.0.0.0 Mobile Safari/537.36"
203.134.249.243 - - [25/Aug/2026:01:28:25 +0900] "GET /wp-content/plugins/kadence-blocks-pro/includes/assets/css/aos.min.css?ver=2.8.14 HTTP/1.1" 200 1835 "https://damaanclub.net/" "Mozilla/5.0 (Linux; Android 10; K) AppleWebKit/537.36 (KHTML, like Gecko) Chrome/151.0.0.0 Mobile Safari/537.36"
203.134.249.243 - - [25/Aug/2026:01:28:25 +0900] "GET /wp-content/cache/min/1/wp-content/plugins/kadence-blocks/dist/style-blocks-accordion.css?ver=1776912028 HTTP/1.1" 200 1272 "https://damaanclub.net/" "Mozilla/5.0 (Linux; Android 10; K) AppleWebKit/537.36 (KHTML, like Gecko) Chrome/151.0.0.0 Mobile Safari/537.36"
203.134.249.243 - - [25/Aug/2026:01:28:25 +0900] "GET /wp-content/cache/min/1/wp-content/plugins/kadence-blocks/dist/style-blocks-column.css?ver=1776912027 HTTP/1.1" 200 424 "https://damaanclub.net/" "Mozilla/5.0 (Linux; Android 10; K) AppleWebKit/537.36 (KHTML, like Gecko) Chrome/151.0.0.0 Mobile Safari/537.36"
203.134.249.243 - - [25/Aug/2026:01:28:25 +0900] "GET /wp-content/uploads/2025/09/dowload-3.webp HTTP/1.1" 200 23396 "https://damaanclub.net/" "Mozilla/5.0 (Linux; Android 10; K) AppleWebKit/537.36 (KHTML, like Gecko) Chrome/151.0.0.0 Mobile Safari/537.36"
203.134.249.243 - - [25/Aug/2026:01:28:25 +0900] "GET /wp-content/uploads/2025/09/aiease_1757444296195.webp HTTP/1.1" 200 100024 "https://damaanclub.net/" "Mozilla/5.0 (Linux; Android 10; K) AppleWebKit/537.36 (KHTML, like Gecko) Chrome/151.0.0.0 Mobile Safari/537.36"
203.134.249.243 - - [25/Aug/2026:01:28:25 +0900] "GET /wp-content/uploads/2025/09/reset-password2.webp HTTP/1.1" 200 54790 "https://damaanclub.net/" "Mozilla/5.0 (Linux; Android 10; K) AppleWebKit/537.36 (KHTML, like Gecko) Chrome/151.0.0.0 Mobile Safari/537.36"
203.134.249.243 - - [25/Aug/2026:01:28:25 +0900] "GET /wp-content/uploads/2025/09/registration1.jpg HTTP/1.1" 200 59337 "https://damaanclub.net/" "Mozilla/5.0 (Linux; Android 10; K) AppleWebKit/537.36 (KHTML, like Gecko) Chrome/151.0.0.0 Mobile Safari/537.36"
203.134.249.243 - - [25/Aug/2026:01:28:25 +0900] "GET /wp-content/uploads/2025/09/add-money-1.webp HTTP/1.1" 200 36848 "https://damaanclub.net/" "Mozilla/5.0 (Linux; Android 10; K) AppleWebKit/537.36 (KHTML, like Gecko) Chrome/151.0.0.0 Mobile Safari/537.36"
203.134.249.243 - - [25/Aug/2026:01:28:25 +0900] "GET /wp-content/uploads/2025/09/color-prediction1.webp HTTP/1.1" 200 48352 "https://damaanclub.net/" "Mozilla/5.0 (Linux; Android 10; K) AppleWebKit/537.36 (KHTML, like Gecko) Chrome/151.0.0.0 Mobile Safari/537.36"
203.134.249.243 - - [25/Aug/2026:01:28:25 +0900] "GET /wp-content/uploads/2025/09/dowload-2.webp HTTP/1.1" 200 72752 "https://damaanclub.net/" "Mozilla/5.0 (Linux; Android 10; K) AppleWebKit/537.36 (KHTML, like Gecko) Chrome/151.0.0.0 Mobile Safari/537.36"
203.134.249.243 - - [25/Aug/2026:01:28:25 +0900] "GET /wp-content/uploads/2025/09/games1.webp HTTP/1.1" 200 87488 "https://damaanclub.net/" "Mozilla/5.0 (Linux; Android 10; K) AppleWebKit/537.36 (KHTML, like Gecko) Chrome/151.0.0.0 Mobile Safari/537.36"
203.134.249.243 - - [25/Aug/2026:01:28:25 +0900] "GET /wp-content/uploads/2025/09/login2-1.webp HTTP/1.1" 200 44384 "https://damaanclub.net/" "Mozilla/5.0 (Linux; Android 10; K) AppleWebKit/537.36 (KHTML, like Gecko) Chrome/151.0.0.0 Mobile Safari/537.36"
203.134.249.243 - - [25/Aug/2026:01:28:25 +0900] "GET /wp-content/uploads/2025/09/color-prediction3.webp HTTP/1.1" 200 82636 "https://damaanclub.net/" "Mozilla/5.0 (Linux; Android 10; K) AppleWebKit/537.36 (KHTML, like Gecko) Chrome/151.0.0.0 Mobile Safari/537.36"
203.134.249.243 - - [25/Aug/2026:01:28:25 +0900] "GET /wp-content/uploads/2025/09/dowload-4.webp HTTP/1.1" 200 22222 "https://damaanclub.net/" "Mozilla/5.0 (Linux; Android 10; K) AppleWebKit/537.36 (KHTML, like Gecko) Chrome/151.0.0.0 Mobile Safari/537.36"
203.134.249.243 - - [25/Aug/2026:01:28:25 +0900] "GET /wp-content/uploads/2025/09/registration5.jpg HTTP/1.1" 200 80007 "https://damaanclub.net/" "Mozilla/5.0 (Linux; Android 10; K) AppleWebKit/537.36 (KHTML, like Gecko) Chrome/151.0.0.0 Mobile Safari/537.36"
203.134.249.243 - - [25/Aug/2026:01:28:25 +0900] "GET /wp-content/uploads/2025/09/registration2.jpg HTTP/1.1" 200 105272 "https://damaanclub.net/" "Mozilla/5.0 (Linux; Android 10; K) AppleWebKit/537.36 (KHTML, like Gecko) Chrome/151.0.0.0 Mobile Safari/537.36"
203.134.249.243 - - [25/Aug/2026:01:28:25 +0900] "GET /wp-content/uploads/2025/09/games2.webp HTTP/1.1" 200 53304 "https://damaanclub.net/" "Mozilla/5.0 (Linux; Android 10; K) AppleWebKit/537.36 (KHTML, like Gecko) Chrome/151.0.0.0 Mobile Safari/537.36"
203.134.249.243 - - [25/Aug/2026:01:28:25 +0900] "GET /wp-content/uploads/2025/09/registration3.jpg HTTP/1.1" 200 64283 "https://damaanclub.net/" "Mozilla/5.0 (Linux; Android 10; K) AppleWebKit/537.36 (KHTML, like Gecko) Chrome/151.0.0.0 Mobile Safari/537.36"
203.134.249.243 - - [25/Aug/2026:01:28:25 +0900] "GET /wp-content/uploads/2025/09/login-1-1.webp HTTP/1.1" 200 46748 "https://damaanclub.net/" "Mozilla/5.0 (Linux; Android 10; K) AppleWebKit/537.36 (KHTML, like Gecko) Chrome/151.0.0.0 Mobile Safari/537.36"
203.134.249.243 - - [25/Aug/2026:01:28:25 +0900] "GET /wp-content/uploads/2025/09/add-money2.webp HTTP/1.1" 200 54408 "https://damaanclub.net/" "Mozilla/5.0 (Linux; Android 10; K) AppleWebKit/537.36 (KHTML, like Gecko) Chrome/151.0.0.0 Mobile Safari/537.36"
203.134.249.243 - - [25/Aug/2026:01:28:25 +0900] "GET /wp-content/uploads/2025/09/add-money4.webp HTTP/1.1" 200 53014 "https://damaanclub.net/" "Mozilla/5.0 (Linux; Android 10; K) AppleWebKit/537.36 (KHTML, like Gecko) Chrome/151.0.0.0 Mobile Safari/537.36"
203.134.249.243 - - [25/Aug/2026:01:28:25 +0900] "GET /wp-content/plugins/wp-rocket/assets/js/lazyload/17.8.3/lazyload.min.js HTTP/1.1" 200 2902 "https://damaanclub.net/" "Mozilla/5.0 (Linux; Android 10; K) AppleWebKit/537.36 (KHTML, like Gecko) Chrome/151.0.0.0 Mobile Safari/537.36"
203.134.249.243 - - [25/Aug/2026:01:28:25 +0900] "GET /wp-content/uploads/2025/09/install-game.webp HTTP/1.1" 200 92608 "https://damaanclub.net/" "Mozilla/5.0 (Linux; Android 10; K) AppleWebKit/537.36 (KHTML, like Gecko) Chrome/151.0.0.0 Mobile Safari/537.36"
203.134.249.243 - - [25/Aug/2026:01:28:25 +0900] "GET /wp-content/uploads/2025/09/dowload-1.webp HTTP/1.1" 200 106846 "https://damaanclub.net/" "Mozilla/5.0 (Linux; Android 10; K) AppleWebKit/537.36 (KHTML, like Gecko) Chrome/151.0.0.0 Mobile Safari/537.36"
203.134.249.243 - - [25/Aug/2026:01:28:25 +0900] "GET /wp-content/uploads/2025/09/reset-password1.webp HTTP/1.1" 200 52678 "https://damaanclub.net/" "Mozilla/5.0 (Linux; Android 10; K) AppleWebKit/537.36 (KHTML, like Gecko) Chrome/151.0.0.0 Mobile Safari/537.36"
203.134.249.243 - - [25/Aug/2026:01:28:25 +0900] "GET /wp-content/uploads/2025/09/color-prediction2.webp HTTP/1.1" 200 88726 "https://damaanclub.net/" "Mozilla/5.0 (Linux; Android 10; K) AppleWebKit/537.36 (KHTML, like Gecko) Chrome/151.0.0.0 Mobile Safari/537.36"
203.134.249.243 - - [25/Aug/2026:01:28:25 +0900] "GET /wp-content/uploads/2025/09/add-money3.webp HTTP/1.1" 200 51022 "https://damaanclub.net/" "Mozilla/5.0 (Linux; Android 10; K) AppleWebKit/537.36 (KHTML, like Gecko) Chrome/151.0.0.0 Mobile Safari/537.36"
203.134.249.243 - - [25/Aug/2026:01:28:25 +0900] "GET /wp-includes/js/dist/script-modules/interactivity/index.min.js?ver=66c613f68580994bb00a HTTP/1.1" 200 14617 "https://damaanclub.net/" "Mozilla/5.0 (Linux; Android 10; K) AppleWebKit/537.36 (KHTML, like Gecko) Chrome/151.0.0.0 Mobile Safari/537.36"
203.134.249.243 - - [25/Aug/2026:01:28:26 +0900] "GET /wp-content/uploads/2025/09/cropped-daman_game_logo.webp HTTP/1.1" 200 25128 "https://damaanclub.net/" "Mozilla/5.0 (Linux; Android 10; K) AppleWebKit/537.36 (KHTML, like Gecko) Chrome/151.0.0.0 Mobile Safari/537.36"
203.134.249.243 - - [25/Aug/2026:01:28:26 +0900] "GET /wp-content/uploads/2025/09/faeture-img-daman-game-1.webp HTTP/1.1" 200 90972 "https://damaanclub.net/" "Mozilla/5.0 (Linux; Android 10; K) AppleWebKit/537.36 (KHTML, like Gecko) Chrome/151.0.0.0 Mobile Safari/537.36"
203.134.249.243 - - [25/Aug/2026:01:28:27 +0900] "GET /wp-content/themes/kadence/assets/js/navigation.min.js?ver=1.4.2 HTTP/1.1" 200 4829 "https://damaanclub.net/" "Mozilla/5.0 (Linux; Android 10; K) AppleWebKit/537.36 (KHTML, like Gecko) Chrome/151.0.0.0 Mobile Safari/537.36"
203.134.249.243 - - [25/Aug/2026:01:28:27 +0900] "GET /wp-content/cache/min/1/wp-content/plugins/wp-meta-and-date-remover/assets/js/inspector.js?ver=1776912028 HTTP/1.1" 200 1193 "https://damaanclub.net/" "Mozilla/5.0 (Linux; Android 10; K) AppleWebKit/537.36 (KHTML, like Gecko) Chrome/151.0.0.0 Mobile Safari/537.36"
203.134.249.243 - - [25/Aug/2026:01:28:27 +0900] "GET /wp-content/plugins/kadence-blocks/includes/assets/js/kb-splide-init.min.js?ver=3.7.2 HTTP/1.1" 200 2333 "https://damaanclub.net/" "Mozilla/5.0 (Linux; Android 10; K) AppleWebKit/537.36 (KHTML, like Gecko) Chrome/151.0.0.0 Mobile Safari/537.36"
203.134.249.243 - - [25/Aug/2026:01:28:27 +0900] "GET /wp-content/cache/min/1/scripts/maxvalue_ads_3704596544.js?ver=1776912028 HTTP/1.1" 200 496 "https://damaanclub.net/" "Mozilla/5.0 (Linux; Android 10; K) AppleWebKit/537.36 (KHTML, like Gecko) Chrome/151.0.0.0 Mobile Safari/537.36"
203.134.249.243 - - [25/Aug/2026:01:28:27 +0900] "GET /wp-includes/js/dist/script-modules/block-library/file/view.min.js?ver=f9665632b48682075277 HTTP/1.1" 200 388 "https://damaanclub.net/" "Mozilla/5.0 (Linux; Android 10; K) AppleWebKit/537.36 (KHTML, like Gecko) Chrome/151.0.0.0 Mobile Safari/537.36"
203.134.249.243 - - [25/Aug/2026:01:28:27 +0900] "GET /wp-content/plugins/kadence-blocks/includes/assets/js/kt-accordion.min.js?ver=3.7.2 HTTP/1.1" 200 3546 "https://damaanclub.net/" "Mozilla/5.0 (Linux; Android 10; K) AppleWebKit/537.36 (KHTML, like Gecko) Chrome/151.0.0.0 Mobile Safari/537.36"
203.134.249.243 - - [25/Aug/2026:01:28:27 +0900] "GET /wp-content/plugins/kadence-blocks/includes/assets/js/kb-table-of-contents.min.js?ver=3.7.2 HTTP/1.1" 200 2329 "https://damaanclub.net/" "Mozilla/5.0 (Linux; Android 10; K) AppleWebKit/537.36 (KHTML, like Gecko) Chrome/151.0.0.0 Mobile Safari/537.36"
203.134.249.243 - - [25/Aug/2026:01:28:27 +0900] "GET /wp-content/plugins/wp-rocket/assets/js/heartbeat.js?ver=3.13.2 HTTP/1.1" 200 0 "https://damaanclub.net/" "Mozilla/5.0 (Linux; Android 10; K) AppleWebKit/537.36 (KHTML, like Gecko) Chrome/151.0.0.0 Mobile Safari/537.36"
203.134.249.243 - - [25/Aug/2026:01:28:27 +0900] "GET /wp-content/plugins/kadence-blocks-pro/includes/assets/js/splide.min.js?ver=2.8.14 HTTP/1.1" 200 12593 "https://damaanclub.net/" "Mozilla/5.0 (Linux; Android 10; K) AppleWebKit/537.36 (KHTML, like Gecko) Chrome/151.0.0.0 Mobile Safari/537.36"
203.134.249.243 - - [25/Aug/2026:01:28:27 +0900] "GET /wp-content/plugins/kadence-blocks-pro/includes/assets/js/aos.min.js?ver=2.8.14 HTTP/1.1" 200 4918 "https://damaanclub.net/" "Mozilla/5.0 (Linux; Android 10; K) AppleWebKit/537.36 (KHTML, like Gecko) Chrome/151.0.0.0 Mobile Safari/537.36"
203.134.249.243 - - [25/Aug/2026:01:28:27 +0900] "GET /wp-includes/js/wp-emoji-release.min.js?ver=6.9.4 HTTP/1.1" 200 4949 "https://damaanclub.net/" "Mozilla/5.0 (Linux; Android 10; K) AppleWebKit/537.36 (KHTML, like Gecko) Chrome/151.0.0.0 Mobile Safari/537.36"
203.134.249.243 - - [25/Aug/2026:01:28:28 +0900] "GET /wp-content/uploads/2025/09/cropped-daman_game_logo-1-192x192.webp HTTP/1.1" 200 8378 "https://damaanclub.net/" "Mozilla/5.0 (Linux; Android 10; K) AppleWebKit/537.36 (KHTML, like Gecko) Chrome/151.0.0.0 Mobile Safari/537.36"
203.134.249.243 - - [25/Aug/2026:01:28:28 +0900] "GET /wp-content/uploads/2025/09/cropped-daman_game_logo-1-180x180.webp HTTP/1.1" 200 7764 "https://damaanclub.net/" "Mozilla/5.0 (Linux; Android 10; K) AppleWebKit/537.36 (KHTML, like Gecko) Chrome/151.0.0.0 Mobile Safari/537.36"
2401:4900:808d:3cad::1023:6f65 - - [25/Aug/2026:01:30:05 +0900] "GET / HTTP/1.1" 200 90434 "https://www.google.com/" "Mozilla/5.0 (Linux; Android 10; K) AppleWebKit/537.36 (KHTML, like Gecko) Chrome/137.0.0.0 Mobile Safari/537.36"
2409:40d2:127a:2917:8000:: - - [25/Aug/2026:01:30:09 +0900] "GET / HTTP/1.1" 200 90434 "https://www.google.com/" "Mozilla/5.0 (Linux; Android 10; K) AppleWebKit/537.36 (KHTML, like Gecko) Chrome/151.0.0.0 Mobile Safari/537.36"
2401:4900:bda7:83bb:286e:90ff:fec8:31e6 - - [25/Aug/2026:01:30:14 +0900] "GET / HTTP/1.1" 200 90434 "https://www.google.com/" "Mozilla/5.0 (Linux; Android 10; K) AppleWebKit/537.36 (KHTML, like Gecko) Chrome/150.0.0.0 Mobile Safari/537.36"
2409:40d6:100e:76fb:d4fc:36ff:fed0:4d5e - - [25/Aug/2026:01:30:16 +0900] "GET / HTTP/1.1" 200 90434 "https://www.google.com/" "Mozilla/5.0 (Linux; Android 10; K) AppleWebKit/537.36 (KHTML, like Gecko) Chrome/151.0.0.0 Mobile Safari/537.36"
2401:4900:168a:825:48ae:94d3:f8d0:507b - - [25/Aug/2026:01:31:09 +0900] "GET / HTTP/1.1" 200 90434 "-" "Mozilla/5.0 (iPhone; CPU iPhone OS 18_7 like Mac OS X) AppleWebKit/605.1.15 (KHTML, like Gecko) Version/26.6 Mobile/15E148 Safari/604.1"
2401:4900:be8d:ba35:1ed2:e245:51ea:4992 - - [25/Aug/2026:01:31:42 +0900] "GET / HTTP/1.1" 200 90434 "https://www.google.com/" "Mozilla/5.0 (Linux; Android 10; K) AppleWebKit/537.36 (KHTML, like Gecko) Chrome/143.0.0.0 Mobile Safari/537.36"
2401:4900:be8d:ba35:1ed2:e245:51ea:4992 - - [25/Aug/2026:01:31:59 +0900] "GET / HTTP/1.1" 200 90434 "-" "Mozilla/5.0 (Linux; Android 10; K) AppleWebKit/537.36 (KHTML, like Gecko) Chrome/143.0.0.0 Mobile Safari/537.36"
2401:4900:a90b:47bb:1196:3856:7021:d8f6 - - [25/Aug/2026:01:33:24 +0900] "GET / HTTP/1.1" 200 90434 "https://www.google.com/" "Mozilla/5.0 (Linux; Android 10; K) AppleWebKit/537.36 (KHTML, like Gecko) Chrome/151.0.0.0 Mobile Safari/537.36"
2401:4900:75a1:5126::ed:9e11 - - [25/Aug/2026:01:33:39 +0900] "GET / HTTP/1.1" 200 90434 "https://www.google.com/" "Mozilla/5.0 (Linux; Android 10; K) AppleWebKit/537.36 (KHTML, like Gecko) Chrome/151.0.0.0 Mobile Safari/537.36"
2401:4900:a58c:787a:8000:: - - [25/Aug/2026:01:33:47 +0900] "GET / HTTP/1.1" 200 90434 "https://www.google.com/" "Mozilla/5.0 (Linux; Android 10; K) AppleWebKit/537.36 (KHTML, like Gecko) Chrome/138.0.0.0 Mobile Safari/537.36"
2401:4900:a58c:787a:8000:: - - [25/Aug/2026:01:33:51 +0900] "GET / HTTP/1.1" 200 90434 "-" "Mozilla/5.0 (Linux; Android 10; K) AppleWebKit/537.36 (KHTML, like Gecko) Chrome/138.0.0.0 Mobile Safari/537.36"
172.233.79.144 - - [25/Aug/2026:01:34:18 +0900] "POST /wp-cron.php?doing_wp_cron=1787589258.6765129566192626953125 HTTP/1.1" 200 20 "-" "WordPress/6.9.4; https://damaanclub.net"
2001:41d0:303:161e::1 - - [25/Aug/2026:01:34:15 +0900] "GET /robots.txt HTTP/1.1" 200 115 "-" "Mozilla/5.0 (compatible; MJ12bot/v1.4.8; http://mj12bot.com/)"
2409:40d6:509:bc89:7cfa:18ff:fed1:55da - - [25/Aug/2026:01:34:20 +0900] "GET / HTTP/1.1" 200 90434 "https://www.google.com/" "Mozilla/5.0 (Linux; Android 10; K) AppleWebKit/537.36 (KHTML, like Gecko) Chrome/151.0.0.0 Mobile Safari/537.36"
172.233.79.144 - - [25/Aug/2026:01:34:23 +0900] "POST /wp-cron.php?doing_wp_cron=1787589263.1778779029846191406250 HTTP/1.1" 200 20 "-" "WordPress/6.9.4; https://damaanclub.net"
2001:41d0:303:161e::1 - - [25/Aug/2026:01:34:22 +0900] "GET /game-safe/feed/ HTTP/1.1" 200 428 "-" "Mozilla/5.0 (compatible; MJ12bot/v1.4.8; http://mj12bot.com/)"
2001:41d0:303:161e::1 - - [25/Aug/2026:01:34:26 +0900] "GET /withdrawal-failed/feed/ HTTP/1.1" 200 449 "-" "Mozilla/5.0 (compatible; MJ12bot/v1.4.8; http://mj12bot.com/)"
2409:40c2:641b:b495:5485:79ff:fe44:3dea - - [25/Aug/2026:01:34:58 +0900] "GET / HTTP/1.1" 200 90434 "https://www.google.com/" "Mozilla/5.0 (Linux; Android 10; K) AppleWebKit/537.36 (KHTML, like Gecko) Chrome/151.0.0.0 Mobile Safari/537.36"
2409:4085:3e18:5932::a24b:a405 - - [25/Aug/2026:01:36:19 +0900] "GET / HTTP/1.1" 304 0 "-" "Mozilla/5.0 (Linux; Android 13; V2117) AppleWebKit/537.36 (KHTML, like Gecko) Version/4.0 Chrome/123.0.6312.118 Mobile Safari/537.36 VivoBrowser/15.1.0.3"
172.233.79.144 - - [25/Aug/2026:01:37:30 +0900] "POST /wp-cron.php?doing_wp_cron=1787589450.4479200839996337890625 HTTP/1.1" 200 20 "-" "WordPress/6.9.4; https://damaanclub.net"
192.178.6.195 - - [25/Aug/2026:01:37:29 +0900] "GET /robots.txt HTTP/1.1" 200 115 "-" "Mozilla/5.0 (compatible; Googlebot/2.1; +http://www.google.com/bot.html)"
