File: /home2/tucom/access-logs/efescobill.com.pk.tu1.com-ssl_log
2404:3100:1c86:7044:1:0:ac0a:424d - - [24/Aug/2026:21:19:16 +0900] "GET / HTTP/1.1" 200 43053 "https://www.google.com/" "Mozilla/5.0 (Linux; Android 10; K) AppleWebKit/537.36 (KHTML, like Gecko) Chrome/151.0.0.0 Mobile Safari/537.36"
172.233.79.144 - - [24/Aug/2026:21:21:35 +0900] "POST /wp-cron.php?doing_wp_cron=1787574095.3070240020751953125000 HTTP/1.1" 200 20 "-" "WordPress/7.1; https://efescobill.com.pk"
172.233.79.144 - - [24/Aug/2026:21:21:35 +0900] "POST /wp-cron.php?doing_wp_cron=1787574095.3070240020751953125000 HTTP/1.1" 200 20 "-" "WordPress/7.1; https://efescobill.com.pk"
2404:3100:1c86:7044:1:0:ac0a:424d - - [24/Aug/2026:21:21:34 +0900] "GET /bill-page-html?consumer=3820112185 HTTP/1.1" 301 20 "https://efescobill.com.pk/" "Mozilla/5.0 (Linux; Android 10; K) AppleWebKit/537.36 (KHTML, like Gecko) Chrome/151.0.0.0 Mobile Safari/537.36"
2404:3100:1c86:7044:1:0:ac0a:424d - - [24/Aug/2026:21:21:31 +0900] "GET /bill-page-html?consumer=3820112185 HTTP/1.1" 301 20 "https://efescobill.com.pk/" "Mozilla/5.0 (Linux; Android 10; K) AppleWebKit/537.36 (KHTML, like Gecko) Chrome/151.0.0.0 Mobile Safari/537.36"
2404:3100:1c86:7044:1:0:ac0a:424d - - [24/Aug/2026:21:21:35 +0900] "GET /bill-page-html/?consumer=3820112185 HTTP/1.1" 200 19049 "https://efescobill.com.pk/" "Mozilla/5.0 (Linux; Android 10; K) AppleWebKit/537.36 (KHTML, like Gecko) Chrome/151.0.0.0 Mobile Safari/537.36"
66.249.93.8 - - [24/Aug/2026:21:21:38 +0900] "GET /bill-page-html/?consumer=3820112185 HTTP/1.1" 200 19049 "-" "Mozilla/5.0 (Linux; Android 10; K) AppleWebKit/537.36 (KHTML, like Gecko) Chrome/138.0.0.0 Mobile Safari/537.36 (compatible; Google-Read-Aloud; +https://support.google.com/webmasters/answer/1061943)"
2404:3100:1c64:39:18ce:a592:1cf0:d540 - - [24/Aug/2026:21:22:58 +0900] "GET / HTTP/1.1" 200 43053 "https://www.google.com/" "Mozilla/5.0 (Linux; Android 10; K) AppleWebKit/537.36 (KHTML, like Gecko) Chrome/151.0.0.0 Mobile Safari/537.36"
172.233.79.144 - - [24/Aug/2026:21:23:09 +0900] "POST /wp-cron.php?doing_wp_cron=1787574189.5689508914947509765625 HTTP/1.1" 200 20 "-" "WordPress/7.1; https://efescobill.com.pk"
2404:3100:1c64:39:18ce:a592:1cf0:d540 - - [24/Aug/2026:21:23:09 +0900] "GET /bill-page-html?ref=14131390256807 HTTP/1.1" 301 20 "https://efescobill.com.pk/" "Mozilla/5.0 (Linux; Android 10; K) AppleWebKit/537.36 (KHTML, like Gecko) Chrome/151.0.0.0 Mobile Safari/537.36"
2404:3100:1c64:39:18ce:a592:1cf0:d540 - - [24/Aug/2026:21:23:09 +0900] "GET /bill-page-html/?ref=14131390256807 HTTP/1.1" 200 19049 "https://efescobill.com.pk/" "Mozilla/5.0 (Linux; Android 10; K) AppleWebKit/537.36 (KHTML, like Gecko) Chrome/151.0.0.0 Mobile Safari/537.36"
66.249.93.3 - - [24/Aug/2026:21:23:11 +0900] "GET /bill-page-html/?ref=14131390256807 HTTP/1.1" 200 19049 "-" "Mozilla/5.0 (Linux; Android 10; K) AppleWebKit/537.36 (KHTML, like Gecko) Chrome/138.0.0.0 Mobile Safari/537.36 (compatible; Google-Read-Aloud; +https://support.google.com/webmasters/answer/1061943)"
172.233.79.144 - - [24/Aug/2026:21:24:13 +0900] "POST /wp-cron.php?doing_wp_cron=1787574253.3052680492401123046875 HTTP/1.1" 200 20 "-" "WordPress/7.1; https://efescobill.com.pk"
2404:3100:1c64:39:18ce:a592:1cf0:d540 - - [24/Aug/2026:21:24:13 +0900] "GET /bill-page-html?ref=14131390256811 HTTP/1.1" 301 20 "https://efescobill.com.pk/" "Mozilla/5.0 (Linux; Android 10; K) AppleWebKit/537.36 (KHTML, like Gecko) Chrome/151.0.0.0 Mobile Safari/537.36"
2404:3100:1c64:39:18ce:a592:1cf0:d540 - - [24/Aug/2026:21:24:13 +0900] "GET /bill-page-html/?ref=14131390256811 HTTP/1.1" 200 19049 "https://efescobill.com.pk/" "Mozilla/5.0 (Linux; Android 10; K) AppleWebKit/537.36 (KHTML, like Gecko) Chrome/151.0.0.0 Mobile Safari/537.36"
66.249.93.3 - - [24/Aug/2026:21:24:16 +0900] "GET /bill-page-html/?ref=14131390256811 HTTP/1.1" 200 19049 "-" "Mozilla/5.0 (Linux; Android 10; K) AppleWebKit/537.36 (KHTML, like Gecko) Chrome/138.0.0.0 Mobile Safari/537.36 (compatible; Google-Read-Aloud; +https://support.google.com/webmasters/answer/1061943)"
172.233.79.144 - - [24/Aug/2026:21:24:52 +0900] "POST /wp-cron.php?doing_wp_cron=1787574292.6906039714813232421875 HTTP/1.1" 200 20 "-" "WordPress/7.1; https://efescobill.com.pk"
2404:3100:1c64:39:18ce:a592:1cf0:d540 - - [24/Aug/2026:21:24:52 +0900] "GET /bill-page-html?ref=14131390126301 HTTP/1.1" 301 20 "https://efescobill.com.pk/" "Mozilla/5.0 (Linux; Android 10; K) AppleWebKit/537.36 (KHTML, like Gecko) Chrome/151.0.0.0 Mobile Safari/537.36"
2404:3100:1c64:39:18ce:a592:1cf0:d540 - - [24/Aug/2026:21:24:53 +0900] "GET /bill-page-html/?ref=14131390126301 HTTP/1.1" 200 19049 "https://efescobill.com.pk/" "Mozilla/5.0 (Linux; Android 10; K) AppleWebKit/537.36 (KHTML, like Gecko) Chrome/151.0.0.0 Mobile Safari/537.36"
66.249.93.3 - - [24/Aug/2026:21:24:55 +0900] "GET /bill-page-html/?ref=14131390126301 HTTP/1.1" 200 19049 "-" "Mozilla/5.0 (Linux; Android 10; K) AppleWebKit/537.36 (KHTML, like Gecko) Chrome/138.0.0.0 Mobile Safari/537.36 (compatible; Google-Read-Aloud; +https://support.google.com/webmasters/answer/1061943)"
2404:3100:1c64:39:18ce:a592:1cf0:d540 - - [24/Aug/2026:21:25:17 +0900] "GET /bill-page-html/?ref=14131390256807 HTTP/1.1" 200 19049 "https://efescobill.com.pk/" "Mozilla/5.0 (Linux; Android 10; K) AppleWebKit/537.36 (KHTML, like Gecko) Chrome/151.0.0.0 Mobile Safari/537.36"
172.233.79.144 - - [24/Aug/2026:21:26:49 +0900] "POST /wp-cron.php?doing_wp_cron=1787574409.5456519126892089843750 HTTP/1.1" 200 20 "-" "WordPress/7.1; https://efescobill.com.pk"
2404:3100:1c64:39:18ce:a592:1cf0:d540 - - [24/Aug/2026:21:26:49 +0900] "GET /bill-page-html/?ref=14131390256807 HTTP/1.1" 200 19049 "https://efescobill.com.pk/" "Mozilla/5.0 (Linux; Android 10; K) AppleWebKit/537.36 (KHTML, like Gecko) Chrome/151.0.0.0 Mobile Safari/537.36"
2001:4860:7:1422::ff - - [24/Aug/2026:21:35:40 +0900] "GET / HTTP/1.1" 200 43053 "https://www.google.com/" "Mozilla/5.0 (Linux; Android 10; K) AppleWebKit/537.36 (KHTML, like Gecko) Chrome/151.0.0.0 Mobile Safari/537.36"
172.233.79.144 - - [24/Aug/2026:21:35:43 +0900] "POST /wp-cron.php?doing_wp_cron=1787574943.5052039623260498046875 HTTP/1.1" 200 20 "-" "WordPress/7.1; https://efescobill.com.pk"
66.249.93.5 - - [24/Aug/2026:21:35:39 +0900] "GET /.well-known/traffic-advice HTTP/1.1" 404 18870 "-" "Chrome Privacy Preserving Prefetch Proxy"
43.140.37.167 - - [24/Aug/2026:21:45:08 +0900] "GET / HTTP/1.1" 200 43053 "http://efescobill.com.pk" "Mozilla/5.0 (iPhone; CPU iPhone OS 13_2_3 like Mac OS X) AppleWebKit/605.1.15 (KHTML, like Gecko) Version/13.0.3 Mobile/15E148 Safari/604.1"
172.233.79.144 - - [24/Aug/2026:21:53:40 +0900] "POST /wp-cron.php?doing_wp_cron=1787576020.9135100841522216796875 HTTP/1.1" 200 20 "-" "WordPress/7.1; https://efescobill.com.pk"
190.112.249.26 - - [24/Aug/2026:21:53:37 +0900] "GET /guide/fesco-bill-check-by-cnic/ HTTP/1.1" 200 27475 "https://efescobill.com.pk/guide/" "Mozilla/5.0 (iPhone; CPU iPhone OS 17_3 like Mac OS X) AppleWebKit/605.1.15 (KHTML, like Gecko) Version/17.3 Mobile/15E148 Safari/604.1"
37.111.179.216 - - [24/Aug/2026:21:56:48 +0900] "GET / HTTP/1.1" 200 43053 "https://www.google.com/" "Mozilla/5.0 (Linux; Android 10; K) AppleWebKit/537.36 (KHTML, like Gecko) Chrome/151.0.0.0 Mobile Safari/537.36"
172.233.79.144 - - [24/Aug/2026:21:57:02 +0900] "POST /wp-cron.php?doing_wp_cron=1787576222.8111479282379150390625 HTTP/1.1" 200 20 "-" "WordPress/7.1; https://efescobill.com.pk"
2402:e000:652:a59f::1 - - [24/Aug/2026:21:57:02 +0900] "GET /bill-page-html?ref=14136220953112 HTTP/1.1" 301 20 "https://efescobill.com.pk/" "Mozilla/5.0 (Linux; Android 10; K) AppleWebKit/537.36 (KHTML, like Gecko) Chrome/151.0.0.0 Mobile Safari/537.36"
2402:e000:652:a59f::1 - - [24/Aug/2026:21:57:04 +0900] "GET /bill-page-html/?ref=14136220953112 HTTP/1.1" 200 19049 "https://efescobill.com.pk/" "Mozilla/5.0 (Linux; Android 10; K) AppleWebKit/537.36 (KHTML, like Gecko) Chrome/151.0.0.0 Mobile Safari/537.36"
66.249.93.1 - - [24/Aug/2026:21:57:11 +0900] "GET /bill-page-html/?ref=14136220953112 HTTP/1.1" 200 19049 "-" "Mozilla/5.0 (Linux; Android 10; K) AppleWebKit/537.36 (KHTML, like Gecko) Chrome/138.0.0.0 Mobile Safari/537.36 (compatible; Google-Read-Aloud; +https://support.google.com/webmasters/answer/1061943)"
172.233.79.144 - - [24/Aug/2026:21:59:31 +0900] "POST /wp-cron.php?doing_wp_cron=1787576371.2013039588928222656250 HTTP/1.1" 200 20 "-" "WordPress/7.1; https://efescobill.com.pk"
165.22.231.21 - - [24/Aug/2026:21:59:29 +0900] "GET / HTTP/1.1" 301 20 "-" "Mozilla/5.0 (X11; Linux x86_64; rv:142.0) Gecko/20100101 Firefox/142.0"
103.120.117.64 - - [24/Aug/2026:22:06:13 +0900] "GET / HTTP/1.1" 200 43053 "https://www.google.com/" "Mozilla/5.0 (Linux; Android 10; K) AppleWebKit/537.36 (KHTML, like Gecko) Chrome/150.0.0.0 Mobile Safari/537.36"
66.249.72.5 - - [24/Aug/2026:22:06:43 +0900] "GET / HTTP/1.1" 200 43053 "-" "Mozilla/5.0 (Linux; Android 6.0.1; Nexus 5X Build/MMB29P) AppleWebKit/537.36 (KHTML, like Gecko) Chrome/151.0.7922.137 Mobile Safari/537.36 (compatible; Googlebot/2.1; +http://www.google.com/bot.html)"
66.249.72.3 - - [24/Aug/2026:22:06:52 +0900] "GET /favicon.ico HTTP/1.1" 404 1251 "-" "Googlebot-Image/1.0"
103.117.163.206 - - [24/Aug/2026:22:17:48 +0900] "GET / HTTP/1.1" 200 43053 "https://www.google.com/" "Mozilla/5.0 (Linux; Android 10; K) AppleWebKit/537.36 (KHTML, like Gecko) Chrome/151.0.0.0 Mobile Safari/537.36"
223.123.72.95 - - [24/Aug/2026:22:19:13 +0900] "GET / HTTP/1.1" 200 43053 "https://www.google.com/" "Mozilla/5.0 (Linux; Android 10; K) AppleWebKit/537.36 (KHTML, like Gecko) Chrome/151.0.0.0 Mobile Safari/537.36"
172.233.79.144 - - [24/Aug/2026:22:19:42 +0900] "POST /wp-cron.php?doing_wp_cron=1787577582.2969689369201660156250 HTTP/1.1" 200 20 "-" "WordPress/7.1; https://efescobill.com.pk"
223.123.72.95 - - [24/Aug/2026:22:19:39 +0900] "GET /bill-page-html?ref=11136241396900 HTTP/1.1" 301 20 "https://efescobill.com.pk/" "Mozilla/5.0 (Linux; Android 10; K) AppleWebKit/537.36 (KHTML, like Gecko) Chrome/151.0.0.0 Mobile Safari/537.36"
223.123.72.95 - - [24/Aug/2026:22:19:42 +0900] "GET /bill-page-html/?ref=11136241396900 HTTP/1.1" 200 19049 "https://efescobill.com.pk/" "Mozilla/5.0 (Linux; Android 10; K) AppleWebKit/537.36 (KHTML, like Gecko) Chrome/151.0.0.0 Mobile Safari/537.36"
223.123.72.95 - - [24/Aug/2026:22:19:43 +0900] "GET /bill-page-html/?ref=11136241396900 HTTP/1.1" 200 19049 "https://efescobill.com.pk/" "Mozilla/5.0 (Linux; Android 10; K) AppleWebKit/537.36 (KHTML, like Gecko) Chrome/151.0.0.0 Mobile Safari/537.36"
66.249.93.9 - - [24/Aug/2026:22:19:46 +0900] "GET /bill-page-html/?ref=11136241396900 HTTP/1.1" 200 19049 "-" "Mozilla/5.0 (Linux; Android 10; K) AppleWebKit/537.36 (KHTML, like Gecko) Chrome/138.0.0.0 Mobile Safari/537.36 (compatible; Google-Read-Aloud; +https://support.google.com/webmasters/answer/1061943)"
172.233.79.144 - - [24/Aug/2026:22:20:44 +0900] "POST /wp-cron.php?doing_wp_cron=1787577644.7997119426727294921875 HTTP/1.1" 200 20 "-" "WordPress/7.1; https://efescobill.com.pk"
122.153.109.130 - - [24/Aug/2026:22:20:43 +0900] "GET /uncategorized/detection-bill/ HTTP/1.1" 301 20 "https://efescobill.com.pk/uncategorized/detection-bill/" "Mozilla/5.0 (iPhone; CPU iPhone OS 17_1 like Mac OS X) AppleWebKit/605.1.15 (KHTML, like Gecko) Version/17.1 Mobile/15E148 Safari/604.1 MicroMessenger/8.0.35(0x18001B3F) NetType/WIFI Language/zh_CN"
213.135.178.64 - - [24/Aug/2026:22:20:47 +0900] "GET /blog/detection-bill/ HTTP/1.1" 200 31659 "https://efescobill.com.pk/uncategorized/detection-bill/" "Mozilla/5.0 (iPhone; CPU iPhone OS 17_1 like Mac OS X) AppleWebKit/605.1.15 (KHTML, like Gecko) Version/17.1 Mobile/15E148 Safari/604.1 MicroMessenger/8.0.35(0x18001B3F) NetType/WIFI Language/zh_CN"
172.233.79.144 - - [24/Aug/2026:22:22:54 +0900] "POST /wp-cron.php?doing_wp_cron=1787577774.9041960239410400390625 HTTP/1.1" 200 20 "-" "WordPress/7.1; https://efescobill.com.pk"
223.123.72.95 - - [24/Aug/2026:22:22:53 +0900] "GET /bill-page-html?ref=11136241396905 HTTP/1.1" 301 20 "https://efescobill.com.pk/" "Mozilla/5.0 (Linux; Android 10; K) AppleWebKit/537.36 (KHTML, like Gecko) Chrome/151.0.0.0 Mobile Safari/537.36"
223.123.72.95 - - [24/Aug/2026:22:22:55 +0900] "GET /bill-page-html?ref=11136241396905 HTTP/1.1" 301 20 "https://efescobill.com.pk/" "Mozilla/5.0 (Linux; Android 10; K) AppleWebKit/537.36 (KHTML, like Gecko) Chrome/151.0.0.0 Mobile Safari/537.36"
223.123.72.95 - - [24/Aug/2026:22:22:56 +0900] "GET /bill-page-html/?ref=11136241396905 HTTP/1.1" 200 19049 "https://efescobill.com.pk/" "Mozilla/5.0 (Linux; Android 10; K) AppleWebKit/537.36 (KHTML, like Gecko) Chrome/151.0.0.0 Mobile Safari/537.36"
172.233.79.144 - - [24/Aug/2026:22:24:01 +0900] "POST /wp-cron.php?doing_wp_cron=1787577841.0346429347991943359375 HTTP/1.1" 200 20 "-" "WordPress/7.1; https://efescobill.com.pk"
223.123.72.95 - - [24/Aug/2026:22:24:00 +0900] "GET /bill-page-html?ref=11136241396904 HTTP/1.1" 301 20 "https://efescobill.com.pk/" "Mozilla/5.0 (Linux; Android 10; K) AppleWebKit/537.36 (KHTML, like Gecko) Chrome/151.0.0.0 Mobile Safari/537.36"
223.123.72.95 - - [24/Aug/2026:22:24:01 +0900] "GET /bill-page-html/?ref=11136241396904 HTTP/1.1" 200 19049 "https://efescobill.com.pk/" "Mozilla/5.0 (Linux; Android 10; K) AppleWebKit/537.36 (KHTML, like Gecko) Chrome/151.0.0.0 Mobile Safari/537.36"
66.249.93.7 - - [24/Aug/2026:22:24:04 +0900] "GET /bill-page-html/?ref=11136241396904 HTTP/1.1" 200 19049 "-" "Mozilla/5.0 (Linux; Android 10; K) AppleWebKit/537.36 (KHTML, like Gecko) Chrome/138.0.0.0 Mobile Safari/537.36 (compatible; Google-Read-Aloud; +https://support.google.com/webmasters/answer/1061943)"
2401:ba80:a1b4:d4ae:18ce:aa02:72f2:329d - - [24/Aug/2026:22:25:03 +0900] "GET / HTTP/1.1" 200 43053 "https://www.google.com/" "Mozilla/5.0 (Linux; Android 10; K) AppleWebKit/537.36 (KHTML, like Gecko) Chrome/151.0.0.0 Mobile Safari/537.36"
172.233.79.144 - - [24/Aug/2026:22:25:20 +0900] "POST /wp-cron.php?doing_wp_cron=1787577920.1985828876495361328125 HTTP/1.1" 200 20 "-" "WordPress/7.1; https://efescobill.com.pk"
223.123.72.95 - - [24/Aug/2026:22:25:19 +0900] "GET /bill-page-html/?ref=11136241396904 HTTP/1.1" 200 19049 "https://efescobill.com.pk/" "Mozilla/5.0 (Linux; Android 10; K) AppleWebKit/537.36 (KHTML, like Gecko) Chrome/151.0.0.0 Mobile Safari/537.36"
172.233.79.144 - - [24/Aug/2026:22:26:12 +0900] "POST /wp-cron.php?doing_wp_cron=1787577972.3405010700225830078125 HTTP/1.1" 200 20 "-" "WordPress/7.1; https://efescobill.com.pk"
2401:ba80:a1b4:d4ae:18ce:aa02:72f2:329d - - [24/Aug/2026:22:26:12 +0900] "GET /bill-page-html?ref=1413430843500 HTTP/1.1" 301 20 "https://efescobill.com.pk/" "Mozilla/5.0 (Linux; Android 10; K) AppleWebKit/537.36 (KHTML, like Gecko) Chrome/151.0.0.0 Mobile Safari/537.36"
2401:ba80:a1b4:d4ae:18ce:aa02:72f2:329d - - [24/Aug/2026:22:26:12 +0900] "GET /bill-page-html/?ref=1413430843500 HTTP/1.1" 200 19049 "https://efescobill.com.pk/" "Mozilla/5.0 (Linux; Android 10; K) AppleWebKit/537.36 (KHTML, like Gecko) Chrome/151.0.0.0 Mobile Safari/537.36"
2401:ba80:a1b4:d4ae:18ce:aa02:72f2:329d - - [24/Aug/2026:22:26:15 +0900] "GET /disclaimer/ HTTP/1.1" 200 20782 "https://efescobill.com.pk/bill-page-html/?ref=1413430843500" "Mozilla/5.0 (Linux; Android 10; K) AppleWebKit/537.36 (KHTML, like Gecko) Chrome/151.0.0.0 Mobile Safari/537.36"
2401:ba80:a1b4:d4ae:18ce:aa02:72f2:329d - - [24/Aug/2026:22:26:16 +0900] "GET /disclaimer/ HTTP/1.1" 304 0 "https://efescobill.com.pk/bill-page-html/?ref=1413430843500" "Mozilla/5.0 (Linux; Android 10; K) AppleWebKit/537.36 (KHTML, like Gecko) Chrome/151.0.0.0 Mobile Safari/537.36"
2401:ba80:a1b4:d4ae:18ce:aa02:72f2:329d - - [24/Aug/2026:22:26:18 +0900] "GET / HTTP/1.1" 200 43053 "https://efescobill.com.pk/bill-page-html/?ref=1413430843500" "Mozilla/5.0 (Linux; Android 10; K) AppleWebKit/537.36 (KHTML, like Gecko) Chrome/151.0.0.0 Mobile Safari/537.36"
172.233.79.144 - - [24/Aug/2026:22:26:40 +0900] "POST /wp-cron.php?doing_wp_cron=1787578000.2345860004425048828125 HTTP/1.1" 200 20 "-" "WordPress/7.1; https://efescobill.com.pk"
2401:ba80:a1b4:d4ae:18ce:aa02:72f2:329d - - [24/Aug/2026:22:26:40 +0900] "GET /bill-page-html?ref=14134340843500 HTTP/1.1" 301 20 "https://efescobill.com.pk/" "Mozilla/5.0 (Linux; Android 10; K) AppleWebKit/537.36 (KHTML, like Gecko) Chrome/151.0.0.0 Mobile Safari/537.36"
2401:ba80:a1b4:d4ae:18ce:aa02:72f2:329d - - [24/Aug/2026:22:26:40 +0900] "GET /bill-page-html/?ref=14134340843500 HTTP/1.1" 200 19049 "https://efescobill.com.pk/" "Mozilla/5.0 (Linux; Android 10; K) AppleWebKit/537.36 (KHTML, like Gecko) Chrome/151.0.0.0 Mobile Safari/537.36"
103.172.167.92 - - [24/Aug/2026:22:30:38 +0900] "GET / HTTP/1.1" 304 0 "https://www.google.com/" "Mozilla/5.0 (Linux; Android 10; K) AppleWebKit/537.36 (KHTML, like Gecko) Chrome/151.0.0.0 Mobile Safari/537.36"
172.233.79.144 - - [24/Aug/2026:22:31:21 +0900] "POST /wp-cron.php?doing_wp_cron=1787578281.8205609321594238281250 HTTP/1.1" 200 20 "-" "WordPress/7.1; https://efescobill.com.pk"
103.172.167.92 - - [24/Aug/2026:22:31:19 +0900] "GET /bill-page-html?ref=14131390256808 HTTP/1.1" 301 20 "https://efescobill.com.pk/" "Mozilla/5.0 (Linux; Android 10; K) AppleWebKit/537.36 (KHTML, like Gecko) Chrome/151.0.0.0 Mobile Safari/537.36"
103.172.167.92 - - [24/Aug/2026:22:31:22 +0900] "GET /bill-page-html/?ref=14131390256808 HTTP/1.1" 200 19049 "https://efescobill.com.pk/" "Mozilla/5.0 (Linux; Android 10; K) AppleWebKit/537.36 (KHTML, like Gecko) Chrome/151.0.0.0 Mobile Safari/537.36"
110.38.0.28 - - [24/Aug/2026:22:33:32 +0900] "GET / HTTP/1.1" 200 43053 "https://www.google.com/" "Mozilla/5.0 (Linux; Android 10; K) AppleWebKit/537.36 (KHTML, like Gecko) Chrome/151.0.0.0 Mobile Safari/537.36"
123.108.92.211 - - [24/Aug/2026:22:33:49 +0900] "GET / HTTP/1.1" 200 43053 "https://www.google.com/" "Mozilla/5.0 (Linux; Android 10; K) AppleWebKit/537.36 (KHTML, like Gecko) Chrome/151.0.0.0 Mobile Safari/537.36"
172.233.79.144 - - [24/Aug/2026:22:34:00 +0900] "POST /wp-cron.php?doing_wp_cron=1787578440.0580990314483642578125 HTTP/1.1" 200 20 "-" "WordPress/7.1; https://efescobill.com.pk"
123.108.92.211 - - [24/Aug/2026:22:33:59 +0900] "GET /bill-page-html/?ref=4132611245901 HTTP/1.1" 200 19049 "https://efescobill.com.pk/" "Mozilla/5.0 (Linux; Android 10; K) AppleWebKit/537.36 (KHTML, like Gecko) Chrome/151.0.0.0 Mobile Safari/537.36"
110.38.0.28 - - [24/Aug/2026:22:34:14 +0900] "GET / HTTP/1.1" 200 43053 "https://efescobill.com.pk/" "Mozilla/5.0 (Linux; Android 10; K) AppleWebKit/537.36 (KHTML, like Gecko) Chrome/151.0.0.0 Mobile Safari/537.36"
103.189.233.68 - - [24/Aug/2026:22:34:28 +0900] "GET / HTTP/1.1" 200 43053 "https://www.google.com/" "Mozilla/5.0 (Linux; Android 10; K) AppleWebKit/537.36 (KHTML, like Gecko) Chrome/151.0.0.0 Mobile Safari/537.36"
103.189.233.68 - - [24/Aug/2026:22:34:29 +0900] "GET / HTTP/1.1" 200 43053 "https://efescobill.com.pk/" "Mozilla/5.0 (Linux; Android 10; K) AppleWebKit/537.36 (KHTML, like Gecko) Chrome/151.0.0.0 Mobile Safari/537.36"
172.233.79.144 - - [24/Aug/2026:22:35:20 +0900] "POST /wp-cron.php?doing_wp_cron=1787578520.4331710338592529296875 HTTP/1.1" 200 20 "-" "WordPress/7.1; https://efescobill.com.pk"
103.189.233.68 - - [24/Aug/2026:22:35:20 +0900] "GET /bill-page-html?ref=10132271448150 HTTP/1.1" 301 20 "https://efescobill.com.pk/" "Mozilla/5.0 (Linux; Android 10; K) AppleWebKit/537.36 (KHTML, like Gecko) Chrome/151.0.0.0 Mobile Safari/537.36"
103.189.233.68 - - [24/Aug/2026:22:35:20 +0900] "GET /bill-page-html/?ref=10132271448150 HTTP/1.1" 200 19049 "https://efescobill.com.pk/" "Mozilla/5.0 (Linux; Android 10; K) AppleWebKit/537.36 (KHTML, like Gecko) Chrome/151.0.0.0 Mobile Safari/537.36"
66.249.93.1 - - [24/Aug/2026:22:35:22 +0900] "GET /bill-page-html/?ref=10132271448150 HTTP/1.1" 200 19049 "-" "Mozilla/5.0 (Linux; Android 10; K) AppleWebKit/537.36 (KHTML, like Gecko) Chrome/138.0.0.0 Mobile Safari/537.36 (compatible; Google-Read-Aloud; +https://support.google.com/webmasters/answer/1061943)"
223.123.14.52 - - [24/Aug/2026:22:42:36 +0900] "GET / HTTP/1.1" 200 43053 "https://www.google.com/" "Mozilla/5.0 (Linux; Android 10; K) AppleWebKit/537.36 (KHTML, like Gecko) Chrome/148.0.0.0 Mobile Safari/537.36"
223.123.14.52 - - [24/Aug/2026:22:43:05 +0900] "GET /bill-page-html?ref=01133640017443 HTTP/1.1" 301 20 "https://efescobill.com.pk/" "Mozilla/5.0 (Linux; Android 10; K) AppleWebKit/537.36 (KHTML, like Gecko) Chrome/148.0.0.0 Mobile Safari/537.36"
172.233.79.144 - - [24/Aug/2026:22:43:08 +0900] "POST /wp-cron.php?doing_wp_cron=1787578988.5009400844573974609375 HTTP/1.1" 200 20 "-" "WordPress/7.1; https://efescobill.com.pk"
223.123.14.52 - - [24/Aug/2026:22:43:06 +0900] "GET /bill-page-html?ref=01133640017443 HTTP/1.1" 301 20 "https://efescobill.com.pk/" "Mozilla/5.0 (Linux; Android 10; K) AppleWebKit/537.36 (KHTML, like Gecko) Chrome/148.0.0.0 Mobile Safari/537.36"
223.123.14.52 - - [24/Aug/2026:22:43:08 +0900] "GET /bill-page-html/?ref=01133640017443 HTTP/1.1" 200 19049 "https://efescobill.com.pk/" "Mozilla/5.0 (Linux; Android 10; K) AppleWebKit/537.36 (KHTML, like Gecko) Chrome/148.0.0.0 Mobile Safari/537.36"
66.249.93.1 - - [24/Aug/2026:22:43:12 +0900] "GET /bill-page-html/?ref=01133640017443 HTTP/1.1" 200 19049 "-" "Mozilla/5.0 (Linux; Android 10; K) AppleWebKit/537.36 (KHTML, like Gecko) Chrome/138.0.0.0 Mobile Safari/537.36 (compatible; Google-Read-Aloud; +https://support.google.com/webmasters/answer/1061943)"
2401:e420:2:feae:3d7b:dc5c:fa1:920c - - [24/Aug/2026:22:46:45 +0900] "GET / HTTP/1.1" 200 43053 "https://www.google.com/" "Mozilla/5.0 (Linux; Android 10; K) AppleWebKit/537.36 (KHTML, like Gecko) Chrome/151.0.0.0 Mobile Safari/537.36"
39.38.153.241 - - [24/Aug/2026:22:51:49 +0900] "GET / HTTP/1.1" 200 43053 "https://www.google.com/" "Mozilla/5.0 (Linux; Android 10; K) AppleWebKit/537.36 (KHTML, like Gecko) Chrome/151.0.0.0 Mobile Safari/537.36"
172.233.79.144 - - [24/Aug/2026:22:52:10 +0900] "POST /wp-cron.php?doing_wp_cron=1787579530.1953909397125244140625 HTTP/1.1" 200 20 "-" "WordPress/7.1; https://efescobill.com.pk"
39.38.153.241 - - [24/Aug/2026:22:52:08 +0900] "GET /bill-page-html?ref=12134231354600 HTTP/1.1" 301 20 "https://efescobill.com.pk/" "Mozilla/5.0 (Linux; Android 10; K) AppleWebKit/537.36 (KHTML, like Gecko) Chrome/151.0.0.0 Mobile Safari/537.36"
39.38.153.241 - - [24/Aug/2026:22:52:10 +0900] "GET /bill-page-html/?ref=12134231354600 HTTP/1.1" 200 19049 "https://efescobill.com.pk/" "Mozilla/5.0 (Linux; Android 10; K) AppleWebKit/537.36 (KHTML, like Gecko) Chrome/151.0.0.0 Mobile Safari/537.36"
103.232.142.246 - - [24/Aug/2026:22:58:59 +0900] "GET / HTTP/1.1" 200 43053 "https://www.google.com/" "Mozilla/5.0 (Linux; Android 10; K) AppleWebKit/537.36 (KHTML, like Gecko) Chrome/151.0.0.0 Mobile Safari/537.36"
172.233.79.144 - - [24/Aug/2026:23:00:02 +0900] "POST /wp-cron.php?doing_wp_cron=1787580001.9932610988616943359375 HTTP/1.1" 200 20 "-" "WordPress/7.1; https://efescobill.com.pk"
103.232.142.246 - - [24/Aug/2026:22:59:57 +0900] "GET /bill-page-html/?consumer=1131207622 HTTP/1.1" 200 19049 "https://efescobill.com.pk/" "Mozilla/5.0 (Linux; Android 10; K) AppleWebKit/537.36 (KHTML, like Gecko) Chrome/151.0.0.0 Mobile Safari/537.36"
223.123.6.192 - - [24/Aug/2026:23:00:23 +0900] "GET / HTTP/1.1" 200 43053 "https://www.google.com/" "Mozilla/5.0 (Linux; Android 10; K) AppleWebKit/537.36 (KHTML, like Gecko) Chrome/151.0.0.0 Mobile Safari/537.36"
172.233.79.144 - - [24/Aug/2026:23:00:38 +0900] "POST /wp-cron.php?doing_wp_cron=1787580038.0988380908966064453125 HTTP/1.1" 200 20 "-" "WordPress/7.1; https://efescobill.com.pk"
223.123.6.192 - - [24/Aug/2026:23:00:37 +0900] "GET /bill-page-html?ref=12131811166001 HTTP/1.1" 301 20 "https://efescobill.com.pk/" "Mozilla/5.0 (Linux; Android 10; K) AppleWebKit/537.36 (KHTML, like Gecko) Chrome/151.0.0.0 Mobile Safari/537.36"
223.123.6.192 - - [24/Aug/2026:23:00:38 +0900] "GET /bill-page-html/?ref=12131811166001 HTTP/1.1" 200 19049 "https://efescobill.com.pk/" "Mozilla/5.0 (Linux; Android 10; K) AppleWebKit/537.36 (KHTML, like Gecko) Chrome/151.0.0.0 Mobile Safari/537.36"
223.123.6.192 - - [24/Aug/2026:23:00:47 +0900] "GET /disclaimer/ HTTP/1.1" 200 20816 "https://efescobill.com.pk/bill-page-html/?ref=12131811166001" "Mozilla/5.0 (Linux; Android 10; K) AppleWebKit/537.36 (KHTML, like Gecko) Chrome/151.0.0.0 Mobile Safari/537.36"
103.232.142.246 - - [24/Aug/2026:23:01:03 +0900] "GET /bill-page-html/?consumer=1131207622 HTTP/1.1" 200 19049 "https://efescobill.com.pk/" "Mozilla/5.0 (Linux; Android 10; K) AppleWebKit/537.36 (KHTML, like Gecko) Chrome/151.0.0.0 Mobile Safari/537.36"
223.123.7.221 - - [24/Aug/2026:23:01:13 +0900] "GET / HTTP/1.1" 304 0 "https://www.google.com/" "Mozilla/5.0 (Linux; Android 10; K) AppleWebKit/537.36 (KHTML, like Gecko) Chrome/151.0.0.0 Mobile Safari/537.36"
172.233.79.144 - - [24/Aug/2026:23:01:38 +0900] "POST /wp-cron.php?doing_wp_cron=1787580098.8255701065063476562500 HTTP/1.1" 200 20 "-" "WordPress/7.1; https://efescobill.com.pk"
223.123.7.221 - - [24/Aug/2026:23:01:38 +0900] "GET /bill-page-html?consumer=1132601978 HTTP/1.1" 301 20 "https://efescobill.com.pk/" "Mozilla/5.0 (Linux; Android 10; K) AppleWebKit/537.36 (KHTML, like Gecko) Chrome/151.0.0.0 Mobile Safari/537.36"
223.123.7.221 - - [24/Aug/2026:23:01:39 +0900] "GET /bill-page-html/?consumer=1132601978 HTTP/1.1" 200 19049 "https://efescobill.com.pk/" "Mozilla/5.0 (Linux; Android 10; K) AppleWebKit/537.36 (KHTML, like Gecko) Chrome/151.0.0.0 Mobile Safari/537.36"
223.123.6.192 - - [24/Aug/2026:23:02:27 +0900] "GET /bill-page-html?ref=12131811166000 HTTP/1.1" 301 20 "https://efescobill.com.pk/" "Mozilla/5.0 (Linux; Android 10; K) AppleWebKit/537.36 (KHTML, like Gecko) Chrome/151.0.0.0 Mobile Safari/537.36"
223.123.6.192 - - [24/Aug/2026:23:02:29 +0900] "GET /bill-page-html/?ref=12131811166000 HTTP/1.1" 200 19049 "https://efescobill.com.pk/" "Mozilla/5.0 (Linux; Android 10; K) AppleWebKit/537.36 (KHTML, like Gecko) Chrome/151.0.0.0 Mobile Safari/537.36"
172.233.79.144 - - [24/Aug/2026:23:03:06 +0900] "POST /wp-cron.php?doing_wp_cron=1787580186.9251410961151123046875 HTTP/1.1" 200 20 "-" "WordPress/7.1; https://efescobill.com.pk"
223.123.7.221 - - [24/Aug/2026:23:03:06 +0900] "GET /bill-page-html?ref=14136121677404 HTTP/1.1" 301 20 "https://efescobill.com.pk/" "Mozilla/5.0 (Linux; Android 10; K) AppleWebKit/537.36 (KHTML, like Gecko) Chrome/151.0.0.0 Mobile Safari/537.36"
223.123.7.221 - - [24/Aug/2026:23:03:07 +0900] "GET /bill-page-html/?ref=14136121677404 HTTP/1.1" 200 19049 "https://efescobill.com.pk/" "Mozilla/5.0 (Linux; Android 10; K) AppleWebKit/537.36 (KHTML, like Gecko) Chrome/151.0.0.0 Mobile Safari/537.36"
223.123.6.192 - - [24/Aug/2026:23:03:07 +0900] "GET /bill-page-html/?ref=12131811166001 HTTP/1.1" 200 19049 "https://efescobill.com.pk/" "Mozilla/5.0 (Linux; Android 10; K) AppleWebKit/537.36 (KHTML, like Gecko) Chrome/151.0.0.0 Mobile Safari/537.36"
39.36.117.9 - - [24/Aug/2026:23:06:51 +0900] "GET / HTTP/1.1" 200 43053 "https://www.google.com/" "Mozilla/5.0 (Linux; Android 10; K) AppleWebKit/537.36 (KHTML, like Gecko) Chrome/151.0.0.0 Mobile Safari/537.36"
172.233.79.144 - - [24/Aug/2026:23:07:02 +0900] "POST /wp-cron.php?doing_wp_cron=1787580422.6154940128326416015625 HTTP/1.1" 200 20 "-" "WordPress/7.1; https://efescobill.com.pk"
39.36.117.9 - - [24/Aug/2026:23:07:02 +0900] "GET /bill-page-html?ref=031841053235 HTTP/1.1" 301 20 "https://efescobill.com.pk/" "Mozilla/5.0 (Linux; Android 10; K) AppleWebKit/537.36 (KHTML, like Gecko) Chrome/151.0.0.0 Mobile Safari/537.36"
39.36.117.9 - - [24/Aug/2026:23:07:03 +0900] "GET /bill-page-html/?ref=031841053235 HTTP/1.1" 200 19049 "https://efescobill.com.pk/" "Mozilla/5.0 (Linux; Android 10; K) AppleWebKit/537.36 (KHTML, like Gecko) Chrome/151.0.0.0 Mobile Safari/537.36"
172.233.79.144 - - [24/Aug/2026:23:07:38 +0900] "POST /wp-cron.php?doing_wp_cron=1787580458.6098310947418212890625 HTTP/1.1" 200 20 "-" "WordPress/7.1; https://efescobill.com.pk"
39.36.117.9 - - [24/Aug/2026:23:07:38 +0900] "GET /bill-page-html?ref=04131841053235 HTTP/1.1" 301 20 "https://efescobill.com.pk/" "Mozilla/5.0 (Linux; Android 10; K) AppleWebKit/537.36 (KHTML, like Gecko) Chrome/151.0.0.0 Mobile Safari/537.36"
39.36.117.9 - - [24/Aug/2026:23:07:39 +0900] "GET /bill-page-html/?ref=04131841053235 HTTP/1.1" 200 19049 "https://efescobill.com.pk/" "Mozilla/5.0 (Linux; Android 10; K) AppleWebKit/537.36 (KHTML, like Gecko) Chrome/151.0.0.0 Mobile Safari/537.36"
39.36.117.9 - - [24/Aug/2026:23:07:41 +0900] "GET /bill-page-html/?ref=04131841053235 HTTP/1.1" 200 19049 "https://efescobill.com.pk/" "Mozilla/5.0 (Linux; Android 10; K) AppleWebKit/537.36 (KHTML, like Gecko) Chrome/151.0.0.0 Mobile Safari/537.36"
172.233.79.144 - - [24/Aug/2026:23:09:32 +0900] "POST /wp-cron.php?doing_wp_cron=1787580572.5683529376983642578125 HTTP/1.1" 200 20 "-" "WordPress/7.1; https://efescobill.com.pk"
44.215.199.25 - - [24/Aug/2026:23:09:32 +0900] "GET /robots.txt HTTP/1.1" 200 118 "-" "Mozilla/5.0 (Macintosh; Intel Mac OS X 10_10_1) AppleWebKit/600.2.5 (KHTML, like Gecko) Version/8.0.2 Safari/600.2.5 (Gort)"
2402:e000:405:63a3::1 - - [24/Aug/2026:23:17:28 +0900] "GET / HTTP/1.1" 200 43053 "https://www.google.com/" "Mozilla/5.0 (Linux; Android 10; K) AppleWebKit/537.36 (KHTML, like Gecko) Chrome/149.0.0.0 Mobile Safari/537.36"
172.233.79.144 - - [24/Aug/2026:23:17:59 +0900] "POST /wp-cron.php?doing_wp_cron=1787581078.9649660587310791015625 HTTP/1.1" 200 20 "-" "WordPress/7.1; https://efescobill.com.pk"
172.233.79.144 - - [24/Aug/2026:23:17:59 +0900] "POST /wp-cron.php?doing_wp_cron=1787581078.9655089378356933593750 HTTP/1.1" 200 20 "-" "WordPress/7.1; https://efescobill.com.pk"
2402:e000:405:63a3::1 - - [24/Aug/2026:23:17:55 +0900] "GET /bill-page-html?ref=10135310996700 HTTP/1.1" 301 20 "https://efescobill.com.pk/" "Mozilla/5.0 (Linux; Android 10; K) AppleWebKit/537.36 (KHTML, like Gecko) Chrome/149.0.0.0 Mobile Safari/537.36"
2402:e000:405:63a3::1 - - [24/Aug/2026:23:17:57 +0900] "GET /bill-page-html?ref=10135310996700 HTTP/1.1" 301 20 "https://efescobill.com.pk/" "Mozilla/5.0 (Linux; Android 10; K) AppleWebKit/537.36 (KHTML, like Gecko) Chrome/149.0.0.0 Mobile Safari/537.36"
2402:e000:405:63a3::1 - - [24/Aug/2026:23:17:59 +0900] "GET /bill-page-html/?ref=10135310996700 HTTP/1.1" 200 19049 "https://efescobill.com.pk/" "Mozilla/5.0 (Linux; Android 10; K) AppleWebKit/537.36 (KHTML, like Gecko) Chrome/149.0.0.0 Mobile Safari/537.36"
2402:e000:405:63a3::1 - - [24/Aug/2026:23:18:02 +0900] "GET /bill-page-html/?ref=10135310996700 HTTP/1.1" 200 19049 "https://efescobill.com.pk/" "Mozilla/5.0 (Linux; Android 10; K) AppleWebKit/537.36 (KHTML, like Gecko) Chrome/149.0.0.0 Mobile Safari/537.36"
2402:e000:405:63a3::1 - - [24/Aug/2026:23:18:06 +0900] "GET /disclaimer/ HTTP/1.1" 200 20816 "https://efescobill.com.pk/bill-page-html/?ref=10135310996700" "Mozilla/5.0 (Linux; Android 10; K) AppleWebKit/537.36 (KHTML, like Gecko) Chrome/149.0.0.0 Mobile Safari/537.36"
2402:e000:405:63a3::1 - - [24/Aug/2026:23:18:19 +0900] "GET /bill-page-html/?ref=10135310996700 HTTP/1.1" 200 19049 "https://efescobill.com.pk/" "Mozilla/5.0 (Linux; Android 10; K) AppleWebKit/537.36 (KHTML, like Gecko) Chrome/149.0.0.0 Mobile Safari/537.36"
59.103.36.7 - - [24/Aug/2026:23:19:16 +0900] "GET / HTTP/1.1" 200 43053 "https://www.google.com/" "Mozilla/5.0 (X11; Linux x86_64) AppleWebKit/537.36 (KHTML, like Gecko) Chrome/151.0.0.0 Safari/537.36"
59.103.36.7 - - [24/Aug/2026:23:19:18 +0900] "GET /wp-content/uploads/2025/10/how-to-find-refrence-number-on-fesco-bill.webp HTTP/1.1" 200 36036 "https://efescobill.com.pk/" "Mozilla/5.0 (X11; Linux x86_64) AppleWebKit/537.36 (KHTML, like Gecko) Chrome/151.0.0.0 Safari/537.36"
59.103.36.7 - - [24/Aug/2026:23:19:18 +0900] "GET /wp-content/uploads/2025/10/fesco-surcharges.webp HTTP/1.1" 200 61704 "https://efescobill.com.pk/" "Mozilla/5.0 (X11; Linux x86_64) AppleWebKit/537.36 (KHTML, like Gecko) Chrome/151.0.0.0 Safari/537.36"
59.103.36.7 - - [24/Aug/2026:23:19:53 +0900] "GET /? HTTP/1.1" 200 43053 "https://efescobill.com.pk/" "Mozilla/5.0 (X11; Linux x86_64) AppleWebKit/537.36 (KHTML, like Gecko) Chrome/151.0.0.0 Safari/537.36"
169.197.141.180 - - [24/Aug/2026:23:26:26 +0900] "GET / HTTP/1.1" 200 43053 "https://www.google.com/" "Mozilla/5.0 (Linux; Android 10; K) AppleWebKit/537.36 (KHTML, like Gecko) Chrome/151.0.0.0 Mobile Safari/537.36"
169.197.141.180 - - [24/Aug/2026:23:26:27 +0900] "GET /wp-content/themes/kadence/assets/css/global.min.css?ver=1.4.3 HTTP/1.1" 200 5003 "https://efescobill.com.pk/" "Mozilla/5.0 (Linux; Android 10; K) AppleWebKit/537.36 (KHTML, like Gecko) Chrome/151.0.0.0 Mobile Safari/537.36"
169.197.141.180 - - [24/Aug/2026:23:26:27 +0900] "GET /wp-content/themes/kadence/assets/css/content.min.css?ver=1.4.3 HTTP/1.1" 200 5818 "https://efescobill.com.pk/" "Mozilla/5.0 (Linux; Android 10; K) AppleWebKit/537.36 (KHTML, like Gecko) Chrome/151.0.0.0 Mobile Safari/537.36"
169.197.141.180 - - [24/Aug/2026:23:26:27 +0900] "GET /wp-content/themes/kadence/assets/css/header.min.css?ver=1.4.3 HTTP/1.1" 200 4240 "https://efescobill.com.pk/" "Mozilla/5.0 (Linux; Android 10; K) AppleWebKit/537.36 (KHTML, like Gecko) Chrome/151.0.0.0 Mobile Safari/537.36"
169.197.141.180 - - [24/Aug/2026:23:26:27 +0900] "GET /wp-content/themes/kadence/assets/css/footer.min.css?ver=1.4.3 HTTP/1.1" 200 1675 "https://efescobill.com.pk/" "Mozilla/5.0 (Linux; Android 10; K) AppleWebKit/537.36 (KHTML, like Gecko) Chrome/151.0.0.0 Mobile Safari/537.36"
169.197.141.180 - - [24/Aug/2026:23:26:27 +0900] "GET /wp-content/plugins/kadence-pro/dist/mega-menu/menu-addon.css?ver=1.2.5 HTTP/1.1" 200 1126 "https://efescobill.com.pk/" "Mozilla/5.0 (Linux; Android 10; K) AppleWebKit/537.36 (KHTML, like Gecko) Chrome/151.0.0.0 Mobile Safari/537.36"
169.197.141.180 - - [24/Aug/2026:23:26:27 +0900] "GET /wp-content/plugins/kadence-blocks/dist/style-blocks-table.css?ver=3.7.9.1 HTTP/1.1" 200 112 "https://efescobill.com.pk/" "Mozilla/5.0 (Linux; Android 10; K) AppleWebKit/537.36 (KHTML, like Gecko) Chrome/151.0.0.0 Mobile Safari/537.36"
169.197.141.180 - - [24/Aug/2026:23:26:27 +0900] "GET /wp-content/plugins/kadence-blocks/dist/style-blocks-image.css?ver=3.7.9.1 HTTP/1.1" 200 1065 "https://efescobill.com.pk/" "Mozilla/5.0 (Linux; Android 10; K) AppleWebKit/537.36 (KHTML, like Gecko) Chrome/151.0.0.0 Mobile Safari/537.36"
169.197.141.180 - - [24/Aug/2026:23:26:27 +0900] "GET /wp-content/plugins/kadence-blocks/dist/style-blocks-tableofcontents.css?ver=3.7.9.1 HTTP/1.1" 200 1072 "https://efescobill.com.pk/" "Mozilla/5.0 (Linux; Android 10; K) AppleWebKit/537.36 (KHTML, like Gecko) Chrome/151.0.0.0 Mobile Safari/537.36"
169.197.141.180 - - [24/Aug/2026:23:26:27 +0900] "GET /wp-content/uploads/2025/10/cropped-fesco-bill-site-logo.webp HTTP/1.1" 200 3996 "https://efescobill.com.pk/" "Mozilla/5.0 (Linux; Android 10; K) AppleWebKit/537.36 (KHTML, like Gecko) Chrome/151.0.0.0 Mobile Safari/537.36"
169.197.141.180 - - [24/Aug/2026:23:26:28 +0900] "GET /wp-content/plugins/kadence-blocks/includes/assets/js/kb-table-of-contents.min.js?ver=3.7.9.1 HTTP/1.1" 200 2329 "https://efescobill.com.pk/" "Mozilla/5.0 (Linux; Android 10; K) AppleWebKit/537.36 (KHTML, like Gecko) Chrome/151.0.0.0 Mobile Safari/537.36"
169.197.141.180 - - [24/Aug/2026:23:26:28 +0900] "GET /wp-content/plugins/kadence-blocks-pro/includes/assets/js/kb-splide-init.min.js?ver=2.8.17 HTTP/1.1" 200 1503 "https://efescobill.com.pk/" "Mozilla/5.0 (Linux; Android 10; K) AppleWebKit/537.36 (KHTML, like Gecko) Chrome/151.0.0.0 Mobile Safari/537.36"
169.197.141.180 - - [24/Aug/2026:23:26:28 +0900] "GET /wp-content/plugins/kadence-blocks/includes/assets/js/kt-accordion.min.js?ver=3.7.9.1 HTTP/1.1" 200 3546 "https://efescobill.com.pk/" "Mozilla/5.0 (Linux; Android 10; K) AppleWebKit/537.36 (KHTML, like Gecko) Chrome/151.0.0.0 Mobile Safari/537.36"
169.197.141.180 - - [24/Aug/2026:23:26:28 +0900] "GET /wp-content/plugins/kadence-blocks-pro/includes/assets/js/splide.min.js?ver=2.8.17 HTTP/1.1" 200 12593 "https://efescobill.com.pk/" "Mozilla/5.0 (Linux; Android 10; K) AppleWebKit/537.36 (KHTML, like Gecko) Chrome/151.0.0.0 Mobile Safari/537.36"
169.197.141.180 - - [24/Aug/2026:23:26:28 +0900] "GET /wp-content/plugins/wp-rocket/assets/js/lazyload/17.8.3/lazyload.min.js HTTP/1.1" 200 2902 "https://efescobill.com.pk/" "Mozilla/5.0 (Linux; Android 10; K) AppleWebKit/537.36 (KHTML, like Gecko) Chrome/151.0.0.0 Mobile Safari/537.36"
169.197.141.180 - - [24/Aug/2026:23:26:28 +0900] "GET /wp-content/themes/kadence/assets/js/navigation.min.js?ver=1.4.3 HTTP/1.1" 200 4829 "https://efescobill.com.pk/" "Mozilla/5.0 (Linux; Android 10; K) AppleWebKit/537.36 (KHTML, like Gecko) Chrome/151.0.0.0 Mobile Safari/537.36"
169.197.141.180 - - [24/Aug/2026:23:26:29 +0900] "GET /wp-content/plugins/kadence-blocks-pro/dist/style-blocks-postgrid.css?ver=2.8.17 HTTP/1.1" 200 2794 "https://efescobill.com.pk/" "Mozilla/5.0 (Linux; Android 10; K) AppleWebKit/537.36 (KHTML, like Gecko) Chrome/151.0.0.0 Mobile Safari/537.36"
169.197.141.180 - - [24/Aug/2026:23:26:29 +0900] "GET /wp-content/plugins/kadence-blocks-pro/includes/assets/css/kadence-splide.min.css?ver=2.8.17 HTTP/1.1" 200 1785 "https://efescobill.com.pk/" "Mozilla/5.0 (Linux; Android 10; K) AppleWebKit/537.36 (KHTML, like Gecko) Chrome/151.0.0.0 Mobile Safari/537.36"
169.197.141.180 - - [24/Aug/2026:23:26:29 +0900] "GET /wp-content/plugins/kadence-blocks/dist/style-blocks-accordion.css?ver=3.7.9.1 HTTP/1.1" 200 1274 "https://efescobill.com.pk/" "Mozilla/5.0 (Linux; Android 10; K) AppleWebKit/537.36 (KHTML, like Gecko) Chrome/151.0.0.0 Mobile Safari/537.36"
169.197.141.180 - - [24/Aug/2026:23:26:29 +0900] "GET /wp-content/plugins/kadence-blocks/dist/style-blocks-iconlist.css?ver=3.7.9.1 HTTP/1.1" 200 597 "https://efescobill.com.pk/" "Mozilla/5.0 (Linux; Android 10; K) AppleWebKit/537.36 (KHTML, like Gecko) Chrome/151.0.0.0 Mobile Safari/537.36"
169.197.141.180 - - [24/Aug/2026:23:26:29 +0900] "GET /wp-content/themes/kadence/assets/css/rankmath.min.css?ver=1.4.3 HTTP/1.1" 200 39 "https://efescobill.com.pk/" "Mozilla/5.0 (Linux; Android 10; K) AppleWebKit/537.36 (KHTML, like Gecko) Chrome/151.0.0.0 Mobile Safari/537.36"
169.197.141.180 - - [24/Aug/2026:23:26:30 +0900] "GET /wp-content/uploads/2026/01/cropped-efescobill-site-icon-180x180.webp HTTP/1.1" 200 11904 "https://efescobill.com.pk/" "Mozilla/5.0 (Linux; Android 10; K) AppleWebKit/537.36 (KHTML, like Gecko) Chrome/151.0.0.0 Mobile Safari/537.36"
169.197.141.180 - - [24/Aug/2026:23:26:30 +0900] "GET /wp-content/uploads/2026/01/cropped-efescobill-site-icon-192x192.webp HTTP/1.1" 200 13012 "https://efescobill.com.pk/" "Mozilla/5.0 (Linux; Android 10; K) AppleWebKit/537.36 (KHTML, like Gecko) Chrome/151.0.0.0 Mobile Safari/537.36"
172.233.79.144 - - [24/Aug/2026:23:43:05 +0900] "POST /wp-cron.php?doing_wp_cron=1787582585.9055650234222412109375 HTTP/1.1" 200 20 "-" "WordPress/7.1; https://efescobill.com.pk"
66.249.93.9 - - [24/Aug/2026:23:43:01 +0900] "GET /.well-known/traffic-advice HTTP/1.1" 404 18870 "-" "Chrome Privacy Preserving Prefetch Proxy"
2404:3100:1d29:11f0:dcd7:ceff:fea7:ae9f - - [24/Aug/2026:23:43:20 +0900] "GET / HTTP/1.1" 200 43053 "https://www.google.com/" "Mozilla/5.0 (Linux; Android 10; K) AppleWebKit/537.36 (KHTML, like Gecko) Chrome/151.0.0.0 Mobile Safari/537.36"
172.233.79.144 - - [24/Aug/2026:23:43:50 +0900] "POST /wp-cron.php?doing_wp_cron=1787582630.5608189105987548828125 HTTP/1.1" 200 20 "-" "WordPress/7.1; https://efescobill.com.pk"
66.249.72.2 - - [24/Aug/2026:23:43:48 +0900] "GET /robots.txt HTTP/1.1" 200 118 "-" "Mozilla/5.0 (compatible; Googlebot/2.1; +http://www.google.com/bot.html)"
2404:3100:1d29:11f0:dcd7:ceff:fea7:ae9f - - [24/Aug/2026:23:43:50 +0900] "GET /bill-page-html?ref=13132631256000 HTTP/1.1" 301 20 "https://efescobill.com.pk/" "Mozilla/5.0 (Linux; Android 10; K) AppleWebKit/537.36 (KHTML, like Gecko) Chrome/151.0.0.0 Mobile Safari/537.36"
2404:3100:1d29:11f0:dcd7:ceff:fea7:ae9f - - [24/Aug/2026:23:43:53 +0900] "GET /bill-page-html/?ref=13132631256000 HTTP/1.1" 200 19049 "https://efescobill.com.pk/" "Mozilla/5.0 (Linux; Android 10; K) AppleWebKit/537.36 (KHTML, like Gecko) Chrome/151.0.0.0 Mobile Safari/537.36"
66.249.93.1 - - [24/Aug/2026:23:43:58 +0900] "GET /bill-page-html/?ref=13132631256000 HTTP/1.1" 200 19049 "-" "Mozilla/5.0 (Linux; Android 10; K) AppleWebKit/537.36 (KHTML, like Gecko) Chrome/138.0.0.0 Mobile Safari/537.36 (compatible; Google-Read-Aloud; +https://support.google.com/webmasters/answer/1061943)"
103.104.87.152 - - [24/Aug/2026:23:47:22 +0900] "GET / HTTP/1.1" 200 43053 "-" "Mozilla/5.0 (Linux; Android 10; K) AppleWebKit/537.36 (KHTML, like Gecko) Chrome/151.0.0.0 Mobile Safari/537.36"
172.233.79.144 - - [24/Aug/2026:23:47:42 +0900] "POST /wp-cron.php?doing_wp_cron=1787582862.0134038925170898437500 HTTP/1.1" 200 20 "-" "WordPress/7.1; https://efescobill.com.pk"
103.104.87.152 - - [24/Aug/2026:23:47:41 +0900] "GET /bill-page-html/?ref=13132321477803 HTTP/1.1" 200 19049 "https://efescobill.com.pk/" "Mozilla/5.0 (Linux; Android 10; K) AppleWebKit/537.36 (KHTML, like Gecko) Chrome/151.0.0.0 Mobile Safari/537.36"
85.208.96.193 - - [24/Aug/2026:23:48:19 +0900] "GET /lo-de-sieu-toc/ HTTP/1.1" 200 23772 "-" "Mozilla/5.0 (compatible; SemrushBot/7~bl; +http://www.semrush.com/bot.html)"
2402:e000:42c:7801:6432:29ff:fecd:224 - - [25/Aug/2026:00:08:49 +0900] "GET / HTTP/1.1" 200 43053 "https://www.google.com/" "Mozilla/5.0 (Linux; Android 10; K) AppleWebKit/537.36 (KHTML, like Gecko) Chrome/151.0.0.0 Mobile Safari/537.36"
39.36.125.194 - - [25/Aug/2026:00:13:46 +0900] "GET / HTTP/1.1" 200 43053 "https://www.google.com/" "Mozilla/5.0 (Linux; Android 10; K) AppleWebKit/537.36 (KHTML, like Gecko) Chrome/151.0.0.0 Mobile Safari/537.36"
223.123.35.121 - - [25/Aug/2026:00:20:20 +0900] "GET / HTTP/1.1" 200 43053 "-" "Mozilla/5.0 (Linux; Android 10; K) AppleWebKit/537.36 (KHTML, like Gecko) Chrome/151.0.0.0 Mobile Safari/537.36"
39.37.243.213 - - [25/Aug/2026:00:24:32 +0900] "GET / HTTP/1.1" 200 43053 "https://www.google.com/" "Mozilla/5.0 (Linux; Android 10; K) AppleWebKit/537.36 (KHTML, like Gecko) Chrome/151.0.0.0 Mobile Safari/537.36"
172.233.79.144 - - [25/Aug/2026:00:29:56 +0900] "POST /wp-cron.php?doing_wp_cron=1787585396.0259149074554443359375 HTTP/1.1" 200 20 "-" "WordPress/7.1; https://efescobill.com.pk"
39.37.243.213 - - [25/Aug/2026:00:29:52 +0900] "GET /bill-page-html?ref=13131250744681 HTTP/1.1" 301 20 "https://efescobill.com.pk/" "Mozilla/5.0 (Linux; Android 10; K) AppleWebKit/537.36 (KHTML, like Gecko) Chrome/151.0.0.0 Mobile Safari/537.36"
39.37.243.213 - - [25/Aug/2026:00:29:56 +0900] "GET /bill-page-html/?ref=13131250744681 HTTP/1.1" 200 19049 "https://efescobill.com.pk/" "Mozilla/5.0 (Linux; Android 10; K) AppleWebKit/537.36 (KHTML, like Gecko) Chrome/151.0.0.0 Mobile Safari/537.36"
223.123.11.3 - - [25/Aug/2026:00:30:26 +0900] "GET / HTTP/1.1" 200 43053 "-" "Mozilla/5.0 (Linux; Android 10; K) AppleWebKit/537.36 (KHTML, like Gecko) SamsungBrowser/30.0 Chrome/143.0.0.0 Mobile Safari/537.36"
172.233.79.144 - - [25/Aug/2026:00:31:01 +0900] "POST /wp-cron.php?doing_wp_cron=1787585461.5952160358428955078125 HTTP/1.1" 200 20 "-" "WordPress/7.1; https://efescobill.com.pk"
223.123.11.3 - - [25/Aug/2026:00:31:00 +0900] "GET /bill-page-html?ref=11135131221300 HTTP/1.1" 301 20 "https://efescobill.com.pk/" "Mozilla/5.0 (Linux; Android 10; K) AppleWebKit/537.36 (KHTML, like Gecko) SamsungBrowser/30.0 Chrome/143.0.0.0 Mobile Safari/537.36"
223.123.11.3 - - [25/Aug/2026:00:31:02 +0900] "GET /bill-page-html/?ref=11135131221300 HTTP/1.1" 200 19049 "https://efescobill.com.pk/" "Mozilla/5.0 (Linux; Android 10; K) AppleWebKit/537.36 (KHTML, like Gecko) SamsungBrowser/30.0 Chrome/143.0.0.0 Mobile Safari/537.36"
223.123.11.3 - - [25/Aug/2026:00:31:24 +0900] "GET / HTTP/1.1" 200 43053 "-" "Mozilla/5.0 (Linux; Android 10; K) AppleWebKit/537.36 (KHTML, like Gecko) SamsungBrowser/30.0 Chrome/143.0.0.0 Mobile Safari/537.36"
172.233.79.144 - - [25/Aug/2026:00:31:44 +0900] "POST /wp-cron.php?doing_wp_cron=1787585504.2375199794769287109375 HTTP/1.1" 200 20 "-" "WordPress/7.1; https://efescobill.com.pk"
39.37.243.213 - - [25/Aug/2026:00:31:43 +0900] "GET /bill-page-html?ref=13131250744700 HTTP/1.1" 301 20 "https://efescobill.com.pk/" "Mozilla/5.0 (Linux; Android 10; K) AppleWebKit/537.36 (KHTML, like Gecko) Chrome/151.0.0.0 Mobile Safari/537.36"
39.37.243.213 - - [25/Aug/2026:00:31:45 +0900] "GET /bill-page-html/?ref=13131250744700 HTTP/1.1" 200 19049 "https://efescobill.com.pk/" "Mozilla/5.0 (Linux; Android 10; K) AppleWebKit/537.36 (KHTML, like Gecko) Chrome/151.0.0.0 Mobile Safari/537.36"
223.123.10.243 - - [25/Aug/2026:00:32:26 +0900] "GET / HTTP/1.1" 200 43053 "https://www.google.com/" "Mozilla/5.0 (Linux; Android 10; K) AppleWebKit/537.36 (KHTML, like Gecko) Chrome/138.0.0.0 Mobile Safari/537.36"
223.123.4.149 - - [25/Aug/2026:00:32:47 +0900] "GET / HTTP/1.1" 200 43053 "https://www.google.com/" "Mozilla/5.0 (Linux; Android 10; K) AppleWebKit/537.36 (KHTML, like Gecko) Chrome/138.0.0.0 Mobile Safari/537.36"
172.233.79.144 - - [25/Aug/2026:00:32:56 +0900] "POST /wp-cron.php?doing_wp_cron=1787585576.9006209373474121093750 HTTP/1.1" 200 20 "-" "WordPress/7.1; https://efescobill.com.pk"
223.123.4.149 - - [25/Aug/2026:00:32:56 +0900] "GET /bill-page-html?ref=14134451411601 HTTP/1.1" 301 20 "https://efescobill.com.pk/" "Mozilla/5.0 (Linux; Android 10; K) AppleWebKit/537.36 (KHTML, like Gecko) Chrome/138.0.0.0 Mobile Safari/537.36"
223.123.4.149 - - [25/Aug/2026:00:33:01 +0900] "GET /bill-page-html/?ref=14134451411601 HTTP/1.1" 200 19049 "https://efescobill.com.pk/" "Mozilla/5.0 (Linux; Android 10; K) AppleWebKit/537.36 (KHTML, like Gecko) Chrome/138.0.0.0 Mobile Safari/537.36"
39.37.243.213 - - [25/Aug/2026:00:33:10 +0900] "GET /bill-page-html?ref=13131250762281 HTTP/1.1" 301 20 "https://efescobill.com.pk/" "Mozilla/5.0 (Linux; Android 10; K) AppleWebKit/537.36 (KHTML, like Gecko) Chrome/151.0.0.0 Mobile Safari/537.36"
39.37.243.213 - - [25/Aug/2026:00:33:11 +0900] "GET /bill-page-html/?ref=13131250762281 HTTP/1.1" 200 19049 "https://efescobill.com.pk/" "Mozilla/5.0 (Linux; Android 10; K) AppleWebKit/537.36 (KHTML, like Gecko) Chrome/151.0.0.0 Mobile Safari/537.36"
39.37.243.213 - - [25/Aug/2026:00:33:12 +0900] "GET /bill-page-html/?ref=13131250762281 HTTP/1.1" 200 19049 "https://efescobill.com.pk/" "Mozilla/5.0 (Linux; Android 10; K) AppleWebKit/537.36 (KHTML, like Gecko) Chrome/151.0.0.0 Mobile Safari/537.36"
103.162.40.143 - - [25/Aug/2026:00:36:52 +0900] "GET / HTTP/1.1" 200 43053 "https://www.google.com/" "Mozilla/5.0 (Linux; Android 10; K) AppleWebKit/537.36 (KHTML, like Gecko) Chrome/151.0.0.0 Mobile Safari/537.36"
172.233.79.144 - - [25/Aug/2026:00:38:09 +0900] "POST /wp-cron.php?doing_wp_cron=1787585888.9839949607849121093750 HTTP/1.1" 200 20 "-" "WordPress/7.1; https://efescobill.com.pk"
103.162.40.76 - - [25/Aug/2026:00:38:07 +0900] "GET /bill-page-html?ref=14134151318901 HTTP/1.1" 301 20 "https://efescobill.com.pk/" "Mozilla/5.0 (Linux; Android 10; K) AppleWebKit/537.36 (KHTML, like Gecko) Chrome/151.0.0.0 Mobile Safari/537.36"
103.162.40.76 - - [25/Aug/2026:00:38:09 +0900] "GET /bill-page-html/?ref=14134151318901 HTTP/1.1" 200 19049 "https://efescobill.com.pk/" "Mozilla/5.0 (Linux; Android 10; K) AppleWebKit/537.36 (KHTML, like Gecko) Chrome/151.0.0.0 Mobile Safari/537.36"
2404:3100:182c:de58:1:0:2223:3e66 - - [25/Aug/2026:00:40:23 +0900] "GET / HTTP/1.1" 200 43053 "https://www.google.com/" "Mozilla/5.0 (Linux; Android 10; K) AppleWebKit/537.36 (KHTML, like Gecko) Chrome/151.0.0.0 Mobile Safari/537.36"
172.233.79.144 - - [25/Aug/2026:00:40:59 +0900] "POST /wp-cron.php?doing_wp_cron=1787586059.1519639492034912109375 HTTP/1.1" 200 20 "-" "WordPress/7.1; https://efescobill.com.pk"
2404:3100:182c:de58:1:0:2223:3e66 - - [25/Aug/2026:00:40:58 +0900] "GET /bill-page-html?ref=01133440025601 HTTP/1.1" 301 20 "https://efescobill.com.pk/" "Mozilla/5.0 (Linux; Android 10; K) AppleWebKit/537.36 (KHTML, like Gecko) Chrome/151.0.0.0 Mobile Safari/537.36"
2404:3100:182c:de58:1:0:2223:3e66 - - [25/Aug/2026:00:40:59 +0900] "GET /bill-page-html/?ref=01133440025601 HTTP/1.1" 200 19049 "https://efescobill.com.pk/" "Mozilla/5.0 (Linux; Android 10; K) AppleWebKit/537.36 (KHTML, like Gecko) Chrome/151.0.0.0 Mobile Safari/537.36"
172.233.79.144 - - [25/Aug/2026:00:43:41 +0900] "POST /wp-cron.php?doing_wp_cron=1787586221.1211860179901123046875 HTTP/1.1" 200 20 "-" "WordPress/7.1; https://efescobill.com.pk"
103.162.40.76 - - [25/Aug/2026:00:43:40 +0900] "GET /bill-page-html/?ref=14134151318901 HTTP/1.1" 200 19049 "https://efescobill.com.pk/" "Mozilla/5.0 (Linux; Android 10; K) AppleWebKit/537.36 (KHTML, like Gecko) Chrome/151.0.0.0 Mobile Safari/537.36"
172.233.79.144 - - [25/Aug/2026:00:45:02 +0900] "POST /wp-cron.php?doing_wp_cron=1787586302.0073370933532714843750 HTTP/1.1" 200 20 "-" "WordPress/7.1; https://efescobill.com.pk"
103.162.40.76 - - [25/Aug/2026:00:45:00 +0900] "GET /bill-page-html?ref=14134151318902 HTTP/1.1" 301 20 "https://efescobill.com.pk/" "Mozilla/5.0 (Linux; Android 10; K) AppleWebKit/537.36 (KHTML, like Gecko) Chrome/151.0.0.0 Mobile Safari/537.36"
103.162.40.76 - - [25/Aug/2026:00:45:02 +0900] "GET /bill-page-html/?ref=14134151318902 HTTP/1.1" 200 19049 "https://efescobill.com.pk/" "Mozilla/5.0 (Linux; Android 10; K) AppleWebKit/537.36 (KHTML, like Gecko) Chrome/151.0.0.0 Mobile Safari/537.36"
103.162.40.76 - - [25/Aug/2026:00:45:02 +0900] "GET /bill-page-html/?ref=14134151318902 HTTP/1.1" 200 19049 "https://efescobill.com.pk/" "Mozilla/5.0 (Linux; Android 10; K) AppleWebKit/537.36 (KHTML, like Gecko) Chrome/151.0.0.0 Mobile Safari/537.36"
