2409:40e3:104c:aa52:a03b:97ff:fe2d:d20 - - [25/Aug/2026:05:51:04 +0900] "POST /wp-content/plugins/litespeed-cache/guest.vary.php HTTP/1.1" 200 36 "https://fixmyspeakersin.com/fix-my-mic-speaker/" "Mozilla/5.0 (Linux; Android 10; K) AppleWebKit/537.36 (KHTML, like Gecko) Chrome/150.0.0.0 Mobile Safari/537.36"
2409:40e3:104c:aa52:a03b:97ff:fe2d:d20 - - [25/Aug/2026:05:51:06 +0900] "GET /fix-my-mic-speaker/ HTTP/1.1" 200 49312 "https://fixmyspeakersin.com/fix-my-mic-speaker/" "Mozilla/5.0 (Linux; Android 10; K) AppleWebKit/537.36 (KHTML, like Gecko) Chrome/150.0.0.0 Mobile Safari/537.36"
172.233.79.144 - - [25/Aug/2026:05:51:08 +0900] "POST /wp-cron.php?doing_wp_cron=1787604668.2843160629272460937500 HTTP/1.1" 200 20 "-" "WordPress/7.1; https://fixmyspeakersin.com"
2409:40e3:104c:aa52:a03b:97ff:fe2d:d20 - - [25/Aug/2026:05:51:06 +0900] "GET /wp-content/uploads/2025/10/dust-removal-audio.mp3 HTTP/1.1" 404 43528 "https://fixmyspeakersin.com/fix-my-mic-speaker/" "Mozilla/5.0 (Linux; Android 10; K) AppleWebKit/537.36 (KHTML, like Gecko) Chrome/150.0.0.0 Mobile Safari/537.36"
2409:40e3:104c:aa52:a03b:97ff:fe2d:d20 - - [25/Aug/2026:05:51:08 +0900] "GET /wp-content/uploads/2025/10/dust-removal-audio.mp3 HTTP/1.1" 404 38972 "https://fixmyspeakersin.com/fix-my-mic-speaker/" "Mozilla/5.0 (Linux; Android 10; K) AppleWebKit/537.36 (KHTML, like Gecko) Chrome/150.0.0.0 Mobile Safari/537.36"
85.208.96.201 - - [25/Aug/2026:05:53:45 +0900] "GET /robots.txt HTTP/1.1" 304 0 "-" "Mozilla/5.0 (compatible; SemrushBot/7~bl; +http://www.semrush.com/bot.html)"
172.233.79.144 - - [25/Aug/2026:05:53:52 +0900] "POST /wp-cron.php?doing_wp_cron=1787604832.8630919456481933593750 HTTP/1.1" 200 20 "-" "WordPress/7.1; https://fixmyspeakersin.com"
185.191.171.6 - - [25/Aug/2026:05:53:47 +0900] "GET /luck8/ HTTP/1.1" 200 53684 "-" "Mozilla/5.0 (compatible; SemrushBot/7~bl; +http://www.semrush.com/bot.html)"
172.233.79.144 - - [25/Aug/2026:05:55:27 +0900] "POST /wp-cron.php?doing_wp_cron=1787604927.2918488979339599609375 HTTP/1.1" 200 20 "-" "WordPress/7.1; https://fixmyspeakersin.com"
2a03:2880:f806:26:: - - [25/Aug/2026:05:55:26 +0900] "GET /red88-card-games/ HTTP/1.1" 200 50815 "-" "Mozilla/5.0 (Windows NT 10.0; Win64; x64) AppleWebKit/537.36 (KHTML, like Gecko) Chrome/145.0.0.0 Safari/537.36 (compatible; meta-webindexer/1.1 (+https://developers.facebook.com/docs/sharing/webmasters/crawler))"
172.233.79.144 - - [25/Aug/2026:06:03:19 +0900] "POST /wp-cron.php?doing_wp_cron=1787605399.2628529071807861328125 HTTP/1.1" 200 20 "-" "WordPress/7.1; https://fixmyspeakersin.com"
2a03:2880:f806:31:: - - [25/Aug/2026:06:03:15 +0900] "GET /live-casino-red88/ HTTP/1.1" 301 20 "-" "Mozilla/5.0 (Windows NT 10.0; Win64; x64) AppleWebKit/537.36 (KHTML, like Gecko) Chrome/145.0.0.0 Safari/537.36 (compatible; meta-webindexer/1.1 (+https://developers.facebook.com/docs/sharing/webmasters/crawler))"
2a03:2880:f806:29:: - - [25/Aug/2026:06:03:20 +0900] "GET /live-casino-red88-review/ HTTP/1.1" 200 53577 "-" "Mozilla/5.0 (Windows NT 10.0; Win64; x64) AppleWebKit/537.36 (KHTML, like Gecko) Chrome/145.0.0.0 Safari/537.36 (compatible; meta-webindexer/1.1 (+https://developers.facebook.com/docs/sharing/webmasters/crawler))"
172.233.79.144 - - [25/Aug/2026:06:04:18 +0900] "POST /wp-cron.php?doing_wp_cron=1787605458.0811779499053955078125 HTTP/1.1" 200 20 "-" "WordPress/7.1; https://fixmyspeakersin.com"
207.45.24.189 - - [25/Aug/2026:06:04:17 +0900] "GET /blog-posts/page/8/ HTTP/1.1" 200 48132 "-" "Mozilla/5.0 (Macintosh; Intel Mac OS X 10_15_7) AppleWebKit/537.36 (KHTML, like Gecko) Chrome/150.0.0.0 Safari/537.36"
216.73.216.159 - - [25/Aug/2026:06:11:42 +0900] "GET /robots.txt HTTP/1.1" 304 0 "-" "Mozilla/5.0 AppleWebKit/537.36 (KHTML, like Gecko; compatible; Claude-SearchBot/1.0; +searchbot@anthropic.com)"
172.233.79.144 - - [25/Aug/2026:06:11:46 +0900] "POST /wp-cron.php?doing_wp_cron=1787605906.4496650695800781250000 HTTP/1.1" 200 20 "-" "WordPress/7.1; https://fixmyspeakersin.com"
216.73.216.159 - - [25/Aug/2026:06:11:43 +0900] "GET /sitemap_index.xml HTTP/1.1" 200 316 "-" "Mozilla/5.0 AppleWebKit/537.36 (KHTML, like Gecko; compatible; Claude-SearchBot/1.0; +searchbot@anthropic.com)"
172.233.79.144 - - [25/Aug/2026:06:18:00 +0900] "POST /wp-cron.php?doing_wp_cron=1787606280.8029539585113525390625 HTTP/1.1" 200 20 "-" "WordPress/7.1; https://fixmyspeakersin.com"
170.82.150.196 - - [25/Aug/2026:06:17:57 +0900] "GET /ban-ca-kudv/ HTTP/1.1" 200 53914 "-" "Mozilla/5.0 (Macintosh; Intel Mac OS X 10_15_7) AppleWebKit/537.36 (KHTML, like Gecko) Chrome/150.0.0.0 Safari/537.36"
173.212.225.220 - - [25/Aug/2026:06:18:57 +0900] "GET / HTTP/1.1" 200 74759 "-" "Mozilla/5.0 (Macintosh; Intel Mac OS X 10_15_7) AppleWebKit/537.36 (KHTML, like Gecko) Chrome/150.0.0.0 Safari/537.36"
178.238.236.13 - - [25/Aug/2026:06:19:00 +0900] "GET /robots.txt HTTP/1.1" 200 103 "https://fixmyspeakersin.com/" "Mozilla/5.0 (Windows NT 10.0; Win64; x64) AppleWebKit/537.36 (KHTML, like Gecko) Chrome/123.0.0.0 Safari/537.36"
172.233.79.144 - - [25/Aug/2026:06:19:02 +0900] "POST /wp-cron.php?doing_wp_cron=1787606342.3713738918304443359375 HTTP/1.1" 200 20 "-" "WordPress/7.1; https://fixmyspeakersin.com"
2a02:c207:2324:9406::1 - - [25/Aug/2026:06:19:00 +0900] "GET /robots.txt HTTP/1.1" 200 119 "-" "Mozilla/5.0 (Macintosh; Intel Mac OS X 10_15_7) AppleWebKit/537.36 (KHTML, like Gecko) Chrome/150.0.0.0 Safari/537.36"
178.238.236.13 - - [25/Aug/2026:06:19:03 +0900] "GET / HTTP/1.1" 200 74769 "https://fixmyspeakersin.com/" "Mozilla/5.0 (Macintosh; Intel Mac OS X 10_15_7) AppleWebKit/537.36 (KHTML, like Gecko) Chrome/124.0.0.0 Safari/537.36"
178.238.236.13 - - [25/Aug/2026:06:19:06 +0900] "GET / HTTP/1.1" 200 74769 "https://fixmyspeakersin.com/" "Mozilla/5.0 (Macintosh; Intel Mac OS X 10_15_7) AppleWebKit/537.36 (KHTML, like Gecko) Chrome/125.0.0.0 Safari/537.36"
178.238.236.13 - - [25/Aug/2026:06:19:07 +0900] "GET /quick-tools/ HTTP/1.1" 200 50255 "https://fixmyspeakersin.com/" "Mozilla/5.0 (Windows NT 10.0; Win64; x64) AppleWebKit/537.36 (KHTML, like Gecko) Chrome/125.0.0.0 Safari/537.36"
2a02:c207:2312:1320::1 - - [25/Aug/2026:06:19:09 +0900] "GET /fix-my-speaker-dust/ HTTP/1.1" 200 55207 "https://fixmyspeakersin.com/" "Mozilla/5.0 (Windows NT 10.0; Win64; x64) AppleWebKit/537.36 (KHTML, like Gecko) Chrome/121.0.0.0 Safari/537.36"
178.238.236.13 - - [25/Aug/2026:06:19:09 +0900] "GET /fix-my-speaker-volume/ HTTP/1.1" 200 56256 "https://fixmyspeakersin.com/" "Mozilla/5.0 (Windows NT 10.0; Win64; x64) AppleWebKit/537.36 (KHTML, like Gecko) Chrome/122.0.0.0 Safari/537.36"
178.238.236.131 - - [25/Aug/2026:06:19:11 +0900] "GET /fix-my-mic-speaker/ HTTP/1.1" 200 51448 "https://fixmyspeakersin.com/" "Mozilla/5.0 (Windows NT 10.0; Win64; x64) AppleWebKit/537.36 (KHTML, like Gecko) Chrome/123.0.0.0 Safari/537.36"
2a02:c207:2312:1320::1 - - [25/Aug/2026:06:19:10 +0900] "GET /speaker-dust-cleaning-sound/ HTTP/1.1" 200 54208 "https://fixmyspeakersin.com/" "Mozilla/5.0 (Windows NT 10.0; Win64; x64) AppleWebKit/537.36 (KHTML, like Gecko) Chrome/121.0.0.0 Safari/537.36"
45.141.22.113 - - [25/Aug/2026:06:19:10 +0900] "GET /fix-my-speaker-water/ HTTP/1.1" 200 55507 "https://fixmyspeakersin.com/" "Mozilla/5.0 (Windows NT 10.0; Win64; x64) AppleWebKit/537.36 (KHTML, like Gecko) Chrome/124.0.0.0 Safari/537.36"
2a02:c207:2326:927::1 - - [25/Aug/2026:06:19:11 +0900] "GET /eject-water-from-speaker/ HTTP/1.1" 200 55283 "https://fixmyspeakersin.com/" "Mozilla/5.0 (Windows NT 10.0; Win64; x64) AppleWebKit/537.36 (KHTML, like Gecko) Chrome/121.0.0.0 Safari/537.36"
178.238.236.13 - - [25/Aug/2026:06:19:11 +0900] "GET /apple-speaker-cleaner/ HTTP/1.1" 200 55235 "https://fixmyspeakersin.com/" "Mozilla/5.0 (Windows NT 10.0; Win64; x64) AppleWebKit/537.36 (KHTML, like Gecko) Chrome/122.0.0.0 Safari/537.36"
2a02:c207:2312:1320::1 - - [25/Aug/2026:06:19:12 +0900] "GET /about/ HTTP/1.1" 200 50532 "https://fixmyspeakersin.com/" "Mozilla/5.0 (Windows NT 10.0; Win64; x64) AppleWebKit/537.36 (KHTML, like Gecko) Chrome/125.0.0.0 Safari/537.36"
2a02:c207:2317:3785::1 - - [25/Aug/2026:06:19:12 +0900] "GET /laptop-speaker-cleaner/ HTTP/1.1" 200 54387 "https://fixmyspeakersin.com/" "Mozilla/5.0 (Macintosh; Intel Mac OS X 10_15_7) AppleWebKit/537.36 (KHTML, like Gecko) Chrome/123.0.0.0 Safari/537.36"
89.117.56.136 - - [25/Aug/2026:06:19:12 +0900] "GET /ear-speaker-cleaner-sound/ HTTP/1.1" 200 55289 "https://fixmyspeakersin.com/" "Mozilla/5.0 (Macintosh; Intel Mac OS X 10_15_7) AppleWebKit/537.36 (KHTML, like Gecko) Chrome/123.0.0.0 Safari/537.36"
161.97.88.183 - - [25/Aug/2026:06:19:12 +0900] "GET /water-eject-iphone-13/ HTTP/1.1" 200 55798 "https://fixmyspeakersin.com/" "Mozilla/5.0 (Windows NT 10.0; Win64; x64) AppleWebKit/537.36 (KHTML, like Gecko) Chrome/124.0.0.0 Safari/537.36"
178.238.236.131 - - [25/Aug/2026:06:19:13 +0900] "GET /water-eject-iphone-12/ HTTP/1.1" 200 53705 "https://fixmyspeakersin.com/" "Mozilla/5.0 (Macintosh; Intel Mac OS X 10_15_7) AppleWebKit/537.36 (KHTML, like Gecko) Chrome/123.0.0.0 Safari/537.36"
45.141.22.113 - - [25/Aug/2026:06:19:13 +0900] "GET /privacy-policy/ HTTP/1.1" 200 49778 "https://fixmyspeakersin.com/" "Mozilla/5.0 (Macintosh; Intel Mac OS X 10_15_7) AppleWebKit/537.36 (KHTML, like Gecko) Chrome/123.0.0.0 Safari/537.36"
45.141.22.29 - - [25/Aug/2026:06:19:14 +0900] "GET /how-to-clean-air-pods/ HTTP/1.1" 200 55100 "https://fixmyspeakersin.com/" "Mozilla/5.0 (Windows NT 10.0; Win64; x64) AppleWebKit/537.36 (KHTML, like Gecko) Chrome/124.0.0.0 Safari/537.36"
79.143.181.185 - - [25/Aug/2026:06:19:13 +0900] "GET /contact-us/ HTTP/1.1" 200 51269 "https://fixmyspeakersin.com/" "Mozilla/5.0 (Macintosh; Intel Mac OS X 10_15_7) AppleWebKit/537.36 (KHTML, like Gecko) Chrome/123.0.0.0 Safari/537.36"
38.242.225.52 - - [25/Aug/2026:06:19:14 +0900] "GET /blog-posts/ HTTP/1.1" 200 47325 "https://fixmyspeakersin.com/" "Mozilla/5.0 (Windows NT 10.0; Win64; x64) AppleWebKit/537.36 (KHTML, like Gecko) Chrome/123.0.0.0 Safari/537.36"
2a02:c207:2312:1320::1 - - [25/Aug/2026:06:19:18 +0900] "GET /how-to-make-spotify-sound-louder/ HTTP/1.1" 200 54574 "https://fixmyspeakersin.com/" "Mozilla/5.0 (Windows NT 10.0; Win64; x64) AppleWebKit/537.36 (KHTML, like Gecko) Chrome/123.0.0.0 Safari/537.36"
2a02:c207:2326:927::1 - - [25/Aug/2026:06:19:20 +0900] "GET /md5-everything-new-players/ HTTP/1.1" 200 51126 "https://fixmyspeakersin.com/" "Mozilla/5.0 (Windows NT 10.0; Win64; x64) AppleWebKit/537.36 (KHTML, like Gecko) Chrome/123.0.0.0 Safari/537.36"
178.238.236.13 - - [25/Aug/2026:06:19:19 +0900] "GET /how-to-fix-a-water-damaged-phone/ HTTP/1.1" 200 56719 "https://fixmyspeakersin.com/" "Mozilla/5.0 (Macintosh; Intel Mac OS X 10_15_7) AppleWebKit/537.36 (KHTML, like Gecko) Chrome/124.0.0.0 Safari/537.36"
2a02:c207:2317:3785::1 - - [25/Aug/2026:06:19:19 +0900] "GET /category/blog/ HTTP/1.1" 200 47467 "https://fixmyspeakersin.com/" "Mozilla/5.0 (Macintosh; Intel Mac OS X 10_15_7) AppleWebKit/537.36 (KHTML, like Gecko) Chrome/123.0.0.0 Safari/537.36"
161.97.88.183 - - [25/Aug/2026:06:19:20 +0900] "GET /bang-xep-hang/ HTTP/1.1" 200 51307 "https://fixmyspeakersin.com/" "Mozilla/5.0 (Windows NT 10.0; Win64; x64) AppleWebKit/537.36 (KHTML, like Gecko) Chrome/122.0.0.0 Safari/537.36"
2a02:c207:2317:3785::1 - - [25/Aug/2026:06:19:22 +0900] "GET /888b-promotions-a-closer-look-at-current/ HTTP/1.1" 200 51318 "https://fixmyspeakersin.com/" "Mozilla/5.0 (Windows NT 10.0; Win64; x64) AppleWebKit/537.36 (KHTML, like Gecko) Chrome/124.0.0.0 Safari/537.36"
89.117.56.136 - - [25/Aug/2026:06:19:19 +0900] "GET /ca-cuoc-europa-league/ HTTP/1.1" 200 53941 "https://fixmyspeakersin.com/" "Mozilla/5.0 (Macintosh; Intel Mac OS X 10_15_7) AppleWebKit/537.36 (KHTML, like Gecko) Chrome/124.0.0.0 Safari/537.36"
161.97.88.183 - - [25/Aug/2026:06:19:23 +0900] "GET /luck8/ HTTP/1.1" 200 50905 "https://fixmyspeakersin.com/" "Mozilla/5.0 (Macintosh; Intel Mac OS X 10_15_7) AppleWebKit/537.36 (KHTML, like Gecko) Chrome/124.0.0.0 Safari/537.36"
161.97.88.183 - - [25/Aug/2026:06:19:24 +0900] "GET /app-fb68/ HTTP/1.1" 200 50813 "https://fixmyspeakersin.com/" "Mozilla/5.0 (Windows NT 10.0; Win64; x64) AppleWebKit/537.36 (KHTML, like Gecko) Chrome/121.0.0.0 Safari/537.36"
45.141.22.29 - - [25/Aug/2026:06:19:22 +0900] "GET /rikvip-a-high-class-entertainment/ HTTP/1.1" 200 53243 "https://fixmyspeakersin.com/" "Mozilla/5.0 (Windows NT 10.0; Win64; x64) AppleWebKit/537.36 (KHTML, like Gecko) Chrome/123.0.0.0 Safari/537.36"
45.141.22.113 - - [25/Aug/2026:06:19:21 +0900] "GET /benefits-of-logging-into-79king/ HTTP/1.1" 200 55061 "https://fixmyspeakersin.com/" "Mozilla/5.0 (Windows NT 10.0; Win64; x64) AppleWebKit/537.36 (KHTML, like Gecko) Chrome/122.0.0.0 Safari/537.36"
178.238.236.131 - - [25/Aug/2026:06:19:21 +0900] "GET /gem88-withdrawal/ HTTP/1.1" 200 52662 "https://fixmyspeakersin.com/" "Mozilla/5.0 (Windows NT 10.0; Win64; x64) AppleWebKit/537.36 (KHTML, like Gecko) Chrome/121.0.0.0 Safari/537.36"
38.242.225.52 - - [25/Aug/2026:06:19:22 +0900] "GET /updated-xoilac-tv-football-schedule/ HTTP/1.1" 200 53625 "https://fixmyspeakersin.com/" "Mozilla/5.0 (Windows NT 10.0; Win64; x64) AppleWebKit/537.36 (KHTML, like Gecko) Chrome/124.0.0.0 Safari/537.36"
178.238.236.13 - - [25/Aug/2026:06:19:22 +0900] "GET /luckywin-poker/ HTTP/1.1" 200 53146 "https://fixmyspeakersin.com/" "Mozilla/5.0 (Windows NT 10.0; Win64; x64) AppleWebKit/537.36 (KHTML, like Gecko) Chrome/125.0.0.0 Safari/537.36"
2a02:c207:2312:1320::1 - - [25/Aug/2026:06:19:22 +0900] "GET /updated-xoilac-tv-schedule/ HTTP/1.1" 200 53477 "https://fixmyspeakersin.com/" "Mozilla/5.0 (Windows NT 10.0; Win64; x64) AppleWebKit/537.36 (KHTML, like Gecko) Chrome/124.0.0.0 Safari/537.36"
79.143.181.185 - - [25/Aug/2026:06:19:21 +0900] "GET /fixtures-tomorrow-know/ HTTP/1.1" 200 53707 "https://fixmyspeakersin.com/" "Mozilla/5.0 (Windows NT 10.0; Win64; x64) AppleWebKit/537.36 (KHTML, like Gecko) Chrome/124.0.0.0 Safari/537.36"
2a02:c207:2326:927::1 - - [25/Aug/2026:06:19:22 +0900] "GET /md5-everything-new/ HTTP/1.1" 200 53190 "https://fixmyspeakersin.com/" "Mozilla/5.0 (Macintosh; Intel Mac OS X 10_15_7) AppleWebKit/537.36 (KHTML, like Gecko) Chrome/123.0.0.0 Safari/537.36"
178.238.236.13 - - [25/Aug/2026:06:19:27 +0900] "GET /cach-ban-ca-vang/ HTTP/1.1" 200 50750 "https://fixmyspeakersin.com/" "Mozilla/5.0 (Windows NT 10.0; Win64; x64) AppleWebKit/537.36 (KHTML, like Gecko) Chrome/122.0.0.0 Safari/537.36"
89.117.56.136 - - [25/Aug/2026:06:19:24 +0900] "GET /five88-sports-the-meeting/ HTTP/1.1" 200 52182 "https://fixmyspeakersin.com/" "Mozilla/5.0 (Windows NT 10.0; Win64; x64) AppleWebKit/537.36 (KHTML, like Gecko) Chrome/121.0.0.0 Safari/537.36"
2a02:c207:2326:678::1 - - [25/Aug/2026:06:19:24 +0900] "GET /smart-bankroll-management-for-playing/ HTTP/1.1" 200 52233 "https://fixmyspeakersin.com/" "Mozilla/5.0 (Macintosh; Intel Mac OS X 10_15_7) AppleWebKit/537.36 (KHTML, like Gecko) Chrome/123.0.0.0 Safari/537.36"
45.141.22.29 - - [25/Aug/2026:06:19:25 +0900] "GET /rikvip-poker/ HTTP/1.1" 200 53679 "https://fixmyspeakersin.com/" "Mozilla/5.0 (Windows NT 10.0; Win64; x64) AppleWebKit/537.36 (KHTML, like Gecko) Chrome/123.0.0.0 Safari/537.36"
2a02:c207:2317:3785::1 - - [25/Aug/2026:06:19:23 +0900] "GET /how-to-clean-your-phone-and-other-devices/ HTTP/1.1" 200 55055 "https://fixmyspeakersin.com/" "Mozilla/5.0 (Macintosh; Intel Mac OS X 10_15_7) AppleWebKit/537.36 (KHTML, like Gecko) Chrome/125.0.0.0 Safari/537.36"
2a02:c207:2326:678::1 - - [25/Aug/2026:06:19:29 +0900] "GET /bsport-sports-betting/ HTTP/1.1" 200 51055 "https://fixmyspeakersin.com/" "Mozilla/5.0 (Macintosh; Intel Mac OS X 10_15_7) AppleWebKit/537.36 (KHTML, like Gecko) Chrome/123.0.0.0 Safari/537.36"
161.97.88.183 - - [25/Aug/2026:06:19:24 +0900] "GET /7m-predictions/ HTTP/1.1" 200 53819 "https://fixmyspeakersin.com/" "Mozilla/5.0 (Windows NT 10.0; Win64; x64) AppleWebKit/537.36 (KHTML, like Gecko) Chrome/123.0.0.0 Safari/537.36"
45.141.22.113 - - [25/Aug/2026:06:19:25 +0900] "GET /tong-hop-khuyen-mai-febet/ HTTP/1.1" 200 53805 "https://fixmyspeakersin.com/" "Mozilla/5.0 (Windows NT 10.0; Win64; x64) AppleWebKit/537.36 (KHTML, like Gecko) Chrome/121.0.0.0 Safari/537.36"
213.136.64.102 - - [25/Aug/2026:06:19:24 +0900] "GET /f168-a-diverse/ HTTP/1.1" 200 54741 "https://fixmyspeakersin.com/" "Mozilla/5.0 (Windows NT 10.0; Win64; x64) AppleWebKit/537.36 (KHTML, like Gecko) Chrome/124.0.0.0 Safari/537.36"
80.241.216.219 - - [25/Aug/2026:06:19:24 +0900] "GET /discoverhitclub-fish-shooting/ HTTP/1.1" 200 52552 "https://fixmyspeakersin.com/" "Mozilla/5.0 (Macintosh; Intel Mac OS X 10_15_7) AppleWebKit/537.36 (KHTML, like Gecko) Chrome/124.0.0.0 Safari/537.36"
2a02:c207:2317:3785::1 - - [25/Aug/2026:06:19:30 +0900] "GET /rb-leipzig-gia-han/ HTTP/1.1" 200 52645 "https://fixmyspeakersin.com/" "Mozilla/5.0 (Windows NT 10.0; Win64; x64) AppleWebKit/537.36 (KHTML, like Gecko) Chrome/122.0.0.0 Safari/537.36"
161.97.171.128 - - [25/Aug/2026:06:19:26 +0900] "GET /7mcn-stands-out-with/ HTTP/1.1" 200 53697 "https://fixmyspeakersin.com/" "Mozilla/5.0 (Macintosh; Intel Mac OS X 10_15_7) AppleWebKit/537.36 (KHTML, like Gecko) Chrome/125.0.0.0 Safari/537.36"
213.136.64.102 - - [25/Aug/2026:06:19:32 +0900] "GET /nhung-diem-hap-dan/ HTTP/1.1" 200 48804 "https://fixmyspeakersin.com/" "Mozilla/5.0 (Macintosh; Intel Mac OS X 10_15_7) AppleWebKit/537.36 (KHTML, like Gecko) Chrome/123.0.0.0 Safari/537.36"
178.238.236.131 - - [25/Aug/2026:06:19:26 +0900] "GET /five88s-terms-and-conditions/ HTTP/1.1" 200 54670 "https://fixmyspeakersin.com/" "Mozilla/5.0 (Macintosh; Intel Mac OS X 10_15_7) AppleWebKit/537.36 (KHTML, like Gecko) Chrome/125.0.0.0 Safari/537.36"
2a02:c207:2312:1320::1 - - [25/Aug/2026:06:19:27 +0900] "GET /sky88-sports/ HTTP/1.1" 200 51567 "https://fixmyspeakersin.com/" "Mozilla/5.0 (Macintosh; Intel Mac OS X 10_15_7) AppleWebKit/537.36 (KHTML, like Gecko) Chrome/123.0.0.0 Safari/537.36"
45.141.22.29 - - [25/Aug/2026:06:19:30 +0900] "GET /da88-sports-an-perspective/ HTTP/1.1" 200 51588 "https://fixmyspeakersin.com/" "Mozilla/5.0 (Macintosh; Intel Mac OS X 10_15_7) AppleWebKit/537.36 (KHTML, like Gecko) Chrome/123.0.0.0 Safari/537.36"
79.143.181.185 - - [25/Aug/2026:06:19:27 +0900] "GET /cach-choi-bai-chan/ HTTP/1.1" 200 51147 "https://fixmyspeakersin.com/" "Mozilla/5.0 (Windows NT 10.0; Win64; x64) AppleWebKit/537.36 (KHTML, like Gecko) Chrome/122.0.0.0 Safari/537.36"
38.242.225.52 - - [25/Aug/2026:06:19:26 +0900] "GET /reputable-bookmaker/ HTTP/1.1" 200 54386 "https://fixmyspeakersin.com/" "Mozilla/5.0 (Windows NT 10.0; Win64; x64) AppleWebKit/537.36 (KHTML, like Gecko) Chrome/124.0.0.0 Safari/537.36"
161.97.171.128 - - [25/Aug/2026:06:19:33 +0900] "GET /entertaining-choice-with/ HTTP/1.1" 200 50896 "https://fixmyspeakersin.com/" "Mozilla/5.0 (Windows NT 10.0; Win64; x64) AppleWebKit/537.36 (KHTML, like Gecko) Chrome/121.0.0.0 Safari/537.36"
2a02:c207:2313:362::1 - - [25/Aug/2026:06:19:27 +0900] "GET /88bets/ HTTP/1.1" 200 54009 "https://fixmyspeakersin.com/" "Mozilla/5.0 (Macintosh; Intel Mac OS X 10_15_7) AppleWebKit/537.36 (KHTML, like Gecko) Chrome/125.0.0.0 Safari/537.36"
89.117.56.136 - - [25/Aug/2026:06:19:29 +0900] "GET /sutbong-tv-soccer/ HTTP/1.1" 200 53538 "https://fixmyspeakersin.com/" "Mozilla/5.0 (Windows NT 10.0; Win64; x64) AppleWebKit/537.36 (KHTML, like Gecko) Chrome/122.0.0.0 Safari/537.36"
178.238.236.13 - - [25/Aug/2026:06:19:28 +0900] "GET /doi-bong-river-plate/ HTTP/1.1" 200 53335 "https://fixmyspeakersin.com/" "Mozilla/5.0 (Windows NT 10.0; Win64; x64) AppleWebKit/537.36 (KHTML, like Gecko) Chrome/124.0.0.0 Safari/537.36"
2a02:c207:2326:678::1 - - [25/Aug/2026:06:19:31 +0900] "GET /explore-an-exciting-world/ HTTP/1.1" 200 53478 "https://fixmyspeakersin.com/" "Mozilla/5.0 (Macintosh; Intel Mac OS X 10_15_7) AppleWebKit/537.36 (KHTML, like Gecko) Chrome/125.0.0.0 Safari/537.36"
45.141.22.113 - - [25/Aug/2026:06:19:31 +0900] "GET /bsports-blackjack/ HTTP/1.1" 200 53413 "https://fixmyspeakersin.com/" "Mozilla/5.0 (Windows NT 10.0; Win64; x64) AppleWebKit/537.36 (KHTML, like Gecko) Chrome/121.0.0.0 Safari/537.36"
2a02:c207:2326:927::1 - - [25/Aug/2026:06:19:28 +0900] "GET /b52club-kho-game/ HTTP/1.1" 200 53625 "https://fixmyspeakersin.com/" "Mozilla/5.0 (Windows NT 10.0; Win64; x64) AppleWebKit/537.36 (KHTML, like Gecko) Chrome/123.0.0.0 Safari/537.36"
213.136.64.102 - - [25/Aug/2026:06:19:34 +0900] "GET /handicap-odds/ HTTP/1.1" 200 51941 "https://fixmyspeakersin.com/" "Mozilla/5.0 (Macintosh; Intel Mac OS X 10_15_7) AppleWebKit/537.36 (KHTML, like Gecko) Chrome/125.0.0.0 Safari/537.36"
2a02:c207:2317:3785::1 - - [25/Aug/2026:06:19:32 +0900] "GET /tai-sao-go88/ HTTP/1.1" 200 52463 "https://fixmyspeakersin.com/" "Mozilla/5.0 (Windows NT 10.0; Win64; x64) AppleWebKit/537.36 (KHTML, like Gecko) Chrome/121.0.0.0 Safari/537.36"
80.241.216.219 - - [25/Aug/2026:06:19:33 +0900] "GET /tro-lai-bernabeu/ HTTP/1.1" 200 55255 "https://fixmyspeakersin.com/" "Mozilla/5.0 (Windows NT 10.0; Win64; x64) AppleWebKit/537.36 (KHTML, like Gecko) Chrome/125.0.0.0 Safari/537.36"
161.97.88.183 - - [25/Aug/2026:06:19:31 +0900] "GET /llwin/ HTTP/1.1" 200 54190 "https://fixmyspeakersin.com/" "Mozilla/5.0 (Windows NT 10.0; Win64; x64) AppleWebKit/537.36 (KHTML, like Gecko) Chrome/125.0.0.0 Safari/537.36"
178.238.236.131 - - [25/Aug/2026:06:19:34 +0900] "GET /tuong-betting-odds/ HTTP/1.1" 200 53767 "https://fixmyspeakersin.com/" "Mozilla/5.0 (Windows NT 10.0; Win64; x64) AppleWebKit/537.36 (KHTML, like Gecko) Chrome/123.0.0.0 Safari/537.36"
38.242.225.52 - - [25/Aug/2026:06:19:36 +0900] "GET /go88-phat-trien/ HTTP/1.1" 200 51543 "https://fixmyspeakersin.com/" "Mozilla/5.0 (Windows NT 10.0; Win64; x64) AppleWebKit/537.36 (KHTML, like Gecko) Chrome/125.0.0.0 Safari/537.36"
89.117.56.136 - - [25/Aug/2026:06:19:38 +0900] "GET /free-online-speaker-sound-test/ HTTP/1.1" 200 54806 "https://fixmyspeakersin.com/" "Mozilla/5.0 (Macintosh; Intel Mac OS X 10_15_7) AppleWebKit/537.36 (KHTML, like Gecko) Chrome/124.0.0.0 Safari/537.36"
45.141.22.29 - - [25/Aug/2026:06:19:35 +0900] "GET /77bet/ HTTP/1.1" 200 54143 "https://fixmyspeakersin.com/" "Mozilla/5.0 (Windows NT 10.0; Win64; x64) AppleWebKit/537.36 (KHTML, like Gecko) Chrome/125.0.0.0 Safari/537.36"
79.143.181.185 - - [25/Aug/2026:06:19:36 +0900] "GET /choi-poker/ HTTP/1.1" 200 52413 "https://fixmyspeakersin.com/" "Mozilla/5.0 (Macintosh; Intel Mac OS X 10_15_7) AppleWebKit/537.36 (KHTML, like Gecko) Chrome/123.0.0.0 Safari/537.36"
2a02:c207:2312:1320::1 - - [25/Aug/2026:06:19:35 +0900] "GET /sutbong-tv-privacy-policy/ HTTP/1.1" 200 52853 "https://fixmyspeakersin.com/" "Mozilla/5.0 (Macintosh; Intel Mac OS X 10_15_7) AppleWebKit/537.36 (KHTML, like Gecko) Chrome/123.0.0.0 Safari/537.36"
2a02:c207:2313:362::1 - - [25/Aug/2026:06:19:37 +0900] "GET /go88app-download/ HTTP/1.1" 200 53798 "https://fixmyspeakersin.com/" "Mozilla/5.0 (Macintosh; Intel Mac OS X 10_15_7) AppleWebKit/537.36 (KHTML, like Gecko) Chrome/124.0.0.0 Safari/537.36"
2a02:c207:2326:927::1 - - [25/Aug/2026:06:19:39 +0900] "GET /what-is-a-half/ HTTP/1.1" 200 50096 "https://fixmyspeakersin.com/" "Mozilla/5.0 (Windows NT 10.0; Win64; x64) AppleWebKit/537.36 (KHTML, like Gecko) Chrome/123.0.0.0 Safari/537.36"
161.97.171.128 - - [25/Aug/2026:06:19:37 +0900] "GET /boca-juniors/ HTTP/1.1" 200 53696 "https://fixmyspeakersin.com/" "Mozilla/5.0 (Macintosh; Intel Mac OS X 10_15_7) AppleWebKit/537.36 (KHTML, like Gecko) Chrome/125.0.0.0 Safari/537.36"
178.238.236.13 - - [25/Aug/2026:06:19:38 +0900] "GET /what-is-the-offside-betting/ HTTP/1.1" 200 53768 "https://fixmyspeakersin.com/" "Mozilla/5.0 (Macintosh; Intel Mac OS X 10_15_7) AppleWebKit/537.36 (KHTML, like Gecko) Chrome/123.0.0.0 Safari/537.36"
2a02:c207:2326:678::1 - - [25/Aug/2026:06:19:39 +0900] "GET /how-to-get-water-out-of-charging-port-fast/ HTTP/1.1" 200 58562 "https://fixmyspeakersin.com/" "Mozilla/5.0 (Macintosh; Intel Mac OS X 10_15_7) AppleWebKit/537.36 (KHTML, like Gecko) Chrome/123.0.0.0 Safari/537.36"
45.141.22.113 - - [25/Aug/2026:06:19:39 +0900] "GET /tien-len-card/ HTTP/1.1" 200 52406 "https://fixmyspeakersin.com/" "Mozilla/5.0 (Windows NT 10.0; Win64; x64) AppleWebKit/537.36 (KHTML, like Gecko) Chrome/121.0.0.0 Safari/537.36"
80.241.216.219 - - [25/Aug/2026:06:19:40 +0900] "GET /category/uncategorized/ HTTP/1.1" 200 45944 "https://fixmyspeakersin.com/" "Mozilla/5.0 (Macintosh; Intel Mac OS X 10_15_7) AppleWebKit/537.36 (KHTML, like Gecko) Chrome/125.0.0.0 Safari/537.36"
213.136.64.102 - - [25/Aug/2026:06:19:40 +0900] "GET /go88-dinh-cao/ HTTP/1.1" 200 54555 "https://fixmyspeakersin.com/" "Mozilla/5.0 (Windows NT 10.0; Win64; x64) AppleWebKit/537.36 (KHTML, like Gecko) Chrome/121.0.0.0 Safari/537.36"
2a02:c207:2317:3785::1 - - [25/Aug/2026:06:19:40 +0900] "GET /play-at-xoso66/ HTTP/1.1" 200 53329 "https://fixmyspeakersin.com/" "Mozilla/5.0 (Windows NT 10.0; Win64; x64) AppleWebKit/537.36 (KHTML, like Gecko) Chrome/125.0.0.0 Safari/537.36"
161.97.88.183 - - [25/Aug/2026:06:19:40 +0900] "GET /sunwin-slot-game/ HTTP/1.1" 200 51940 "https://fixmyspeakersin.com/" "Mozilla/5.0 (Macintosh; Intel Mac OS X 10_15_7) AppleWebKit/537.36 (KHTML, like Gecko) Chrome/125.0.0.0 Safari/537.36"
79.143.181.185 - - [25/Aug/2026:06:19:42 +0900] "GET /category/blog/page/2/ HTTP/1.1" 200 48152 "https://fixmyspeakersin.com/" "Mozilla/5.0 (Macintosh; Intel Mac OS X 10_15_7) AppleWebKit/537.36 (KHTML, like Gecko) Chrome/124.0.0.0 Safari/537.36"
45.141.22.29 - - [25/Aug/2026:06:19:41 +0900] "GET /bai-xi-dach/ HTTP/1.1" 200 52550 "https://fixmyspeakersin.com/" "Mozilla/5.0 (Macintosh; Intel Mac OS X 10_15_7) AppleWebKit/537.36 (KHTML, like Gecko) Chrome/124.0.0.0 Safari/537.36"
178.238.236.131 - - [25/Aug/2026:06:19:41 +0900] "GET /nap-tien-xoso66/ HTTP/1.1" 200 51752 "https://fixmyspeakersin.com/" "Mozilla/5.0 (Windows NT 10.0; Win64; x64) AppleWebKit/537.36 (KHTML, like Gecko) Chrome/123.0.0.0 Safari/537.36"
89.117.56.136 - - [25/Aug/2026:06:19:42 +0900] "GET /category/blog/page/3/ HTTP/1.1" 200 48731 "https://fixmyspeakersin.com/" "Mozilla/5.0 (Windows NT 10.0; Win64; x64) AppleWebKit/537.36 (KHTML, like Gecko) Chrome/125.0.0.0 Safari/537.36"
38.242.225.52 - - [25/Aug/2026:06:19:41 +0900] "GET /football-news/ HTTP/1.1" 200 52958 "https://fixmyspeakersin.com/" "Mozilla/5.0 (Macintosh; Intel Mac OS X 10_15_7) AppleWebKit/537.36 (KHTML, like Gecko) Chrome/124.0.0.0 Safari/537.36"
2a02:c207:2326:678::1 - - [25/Aug/2026:06:19:43 +0900] "GET /iwin-withdrawal/ HTTP/1.1" 200 52415 "https://fixmyspeakersin.com/" "Mozilla/5.0 (Windows NT 10.0; Win64; x64) AppleWebKit/537.36 (KHTML, like Gecko) Chrome/125.0.0.0 Safari/537.36"
161.97.171.128 - - [25/Aug/2026:06:19:43 +0900] "GET /bundesliga-betting/ HTTP/1.1" 200 52179 "https://fixmyspeakersin.com/" "Mozilla/5.0 (Windows NT 10.0; Win64; x64) AppleWebKit/537.36 (KHTML, like Gecko) Chrome/124.0.0.0 Safari/537.36"
178.238.236.131 - - [25/Aug/2026:06:19:47 +0900] "GET /ngua-o-morocco/ HTTP/1.1" 200 50337 "https://fixmyspeakersin.com/" "Mozilla/5.0 (Macintosh; Intel Mac OS X 10_15_7) AppleWebKit/537.36 (KHTML, like Gecko) Chrome/125.0.0.0 Safari/537.36"
2a02:c207:2312:1320::1 - - [25/Aug/2026:06:19:42 +0900] "GET /category/blog/page/11/ HTTP/1.1" 200 51631 "https://fixmyspeakersin.com/" "Mozilla/5.0 (Windows NT 10.0; Win64; x64) AppleWebKit/537.36 (KHTML, like Gecko) Chrome/121.0.0.0 Safari/537.36"
178.238.236.13 - - [25/Aug/2026:06:19:43 +0900] "GET /8day-noi-hoi/ HTTP/1.1" 200 52860 "https://fixmyspeakersin.com/" "Mozilla/5.0 (Windows NT 10.0; Win64; x64) AppleWebKit/537.36 (KHTML, like Gecko) Chrome/123.0.0.0 Safari/537.36"
172.233.79.144 - - [25/Aug/2026:06:19:47 +0900] "POST /wp-cron.php?doing_wp_cron=1787606387.2278130054473876953125 HTTP/1.1" 200 20 "-" "WordPress/7.1; https://fixmyspeakersin.com"
2a02:c207:2326:927::1 - - [25/Aug/2026:06:19:43 +0900] "GET /first-goalscorer-betting/ HTTP/1.1" 200 53922 "https://fixmyspeakersin.com/" "Mozilla/5.0 (Windows NT 10.0; Win64; x64) AppleWebKit/537.36 (KHTML, like Gecko) Chrome/122.0.0.0 Safari/537.36"
213.136.64.102 - - [25/Aug/2026:06:19:45 +0900] "GET /ty-le-keo-serie-a/ HTTP/1.1" 200 52026 "https://fixmyspeakersin.com/" "Mozilla/5.0 (Windows NT 10.0; Win64; x64) AppleWebKit/537.36 (KHTML, like Gecko) Chrome/121.0.0.0 Safari/537.36"
80.241.216.219 - - [25/Aug/2026:06:19:44 +0900] "GET /step-by-step-guide-for-troubleshooting-phone-speakers/ HTTP/1.1" 200 56616 "https://fixmyspeakersin.com/" "Mozilla/5.0 (Windows NT 10.0; Win64; x64) AppleWebKit/537.36 (KHTML, like Gecko) Chrome/121.0.0.0 Safari/537.36"
2a02:c207:2326:927::1 - - [25/Aug/2026:06:19:50 +0900] "GET /ban-ca-kudv/ HTTP/1.1" 200 52022 "https://fixmyspeakersin.com/" "Mozilla/5.0 (Windows NT 10.0; Win64; x64) AppleWebKit/537.36 (KHTML, like Gecko) Chrome/121.0.0.0 Safari/537.36"
161.97.88.183 - - [25/Aug/2026:06:19:45 +0900] "GET /68gb-da-dang/ HTTP/1.1" 200 51719 "https://fixmyspeakersin.com/" "Mozilla/5.0 (Windows NT 10.0; Win64; x64) AppleWebKit/537.36 (KHTML, like Gecko) Chrome/125.0.0.0 Safari/537.36"
2a02:c207:2317:3785::1 - - [25/Aug/2026:06:19:45 +0900] "GET /socolive-delivers-an/ HTTP/1.1" 200 54333 "https://fixmyspeakersin.com/" "Mozilla/5.0 (Windows NT 10.0; Win64; x64) AppleWebKit/537.36 (KHTML, like Gecko) Chrome/122.0.0.0 Safari/537.36"
79.143.181.185 - - [25/Aug/2026:06:19:46 +0900] "GET /ty-le-keo-malaysia/ HTTP/1.1" 200 49287 "https://fixmyspeakersin.com/" "Mozilla/5.0 (Macintosh; Intel Mac OS X 10_15_7) AppleWebKit/537.36 (KHTML, like Gecko) Chrome/123.0.0.0 Safari/537.36"
45.141.22.113 - - [25/Aug/2026:06:19:44 +0900] "GET /link-8xbet-cap-nhat/ HTTP/1.1" 200 54080 "https://fixmyspeakersin.com/" "Mozilla/5.0 (Windows NT 10.0; Win64; x64) AppleWebKit/537.36 (KHTML, like Gecko) Chrome/121.0.0.0 Safari/537.36"
45.141.22.29 - - [25/Aug/2026:06:19:46 +0900] "GET /category/blog/page/4/ HTTP/1.1" 200 48664 "https://fixmyspeakersin.com/" "Mozilla/5.0 (Macintosh; Intel Mac OS X 10_15_7) AppleWebKit/537.36 (KHTML, like Gecko) Chrome/124.0.0.0 Safari/537.36"
38.242.225.52 - - [25/Aug/2026:06:19:47 +0900] "GET /baccarat-hitclub/ HTTP/1.1" 200 53351 "https://fixmyspeakersin.com/" "Mozilla/5.0 (Windows NT 10.0; Win64; x64) AppleWebKit/537.36 (KHTML, like Gecko) Chrome/125.0.0.0 Safari/537.36"
2a02:c207:2326:678::1 - - [25/Aug/2026:06:19:48 +0900] "GET /category/blog/page/5/ HTTP/1.1" 200 48652 "https://fixmyspeakersin.com/" "Mozilla/5.0 (Macintosh; Intel Mac OS X 10_15_7) AppleWebKit/537.36 (KHTML, like Gecko) Chrome/123.0.0.0 Safari/537.36"
89.117.56.136 - - [25/Aug/2026:06:19:48 +0900] "GET /sutbong-tv-hd-experience/ HTTP/1.1" 200 53665 "https://fixmyspeakersin.com/" "Mozilla/5.0 (Macintosh; Intel Mac OS X 10_15_7) AppleWebKit/537.36 (KHTML, like Gecko) Chrome/123.0.0.0 Safari/537.36"
80.241.216.219 - - [25/Aug/2026:06:19:51 +0900] "GET /bongdalu-odds/ HTTP/1.1" 200 52239 "https://fixmyspeakersin.com/" "Mozilla/5.0 (Windows NT 10.0; Win64; x64) AppleWebKit/537.36 (KHTML, like Gecko) Chrome/125.0.0.0 Safari/537.36"
161.97.171.128 - - [25/Aug/2026:06:19:49 +0900] "GET /what-is-the-kick-off-betting/ HTTP/1.1" 200 52448 "https://fixmyspeakersin.com/" "Mozilla/5.0 (Macintosh; Intel Mac OS X 10_15_7) AppleWebKit/537.36 (KHTML, like Gecko) Chrome/125.0.0.0 Safari/537.36"
178.238.236.131 - - [25/Aug/2026:06:19:48 +0900] "GET /rut-tien-lo-de/ HTTP/1.1" 200 52607 "https://fixmyspeakersin.com/" "Mozilla/5.0 (Macintosh; Intel Mac OS X 10_15_7) AppleWebKit/537.36 (KHTML, like Gecko) Chrome/124.0.0.0 Safari/537.36"
2a02:c207:2313:436::1 - - [25/Aug/2026:06:19:50 +0900] "GET /accurate-betting-tips-from-bookmakers/ HTTP/1.1" 200 53232 "https://fixmyspeakersin.com/" "Mozilla/5.0 (Windows NT 10.0; Win64; x64) AppleWebKit/537.36 (KHTML, like Gecko) Chrome/125.0.0.0 Safari/537.36"
178.238.236.13 - - [25/Aug/2026:06:19:50 +0900] "GET /go88-a-modern/ HTTP/1.1" 200 51399 "https://fixmyspeakersin.com/" "Mozilla/5.0 (Macintosh; Intel Mac OS X 10_15_7) AppleWebKit/537.36 (KHTML, like Gecko) Chrome/124.0.0.0 Safari/537.36"
213.136.64.102 - - [25/Aug/2026:06:19:50 +0900] "GET /bookmaker-odds-rankings/ HTTP/1.1" 200 53648 "https://fixmyspeakersin.com/" "Mozilla/5.0 (Windows NT 10.0; Win64; x64) AppleWebKit/537.36 (KHTML, like Gecko) Chrome/123.0.0.0 Safari/537.36"
2a02:c207:2326:678::1 - - [25/Aug/2026:06:19:56 +0900] "GET /keo-phan-luoi-nha/ HTTP/1.1" 200 53292 "https://fixmyspeakersin.com/" "Mozilla/5.0 (Windows NT 10.0; Win64; x64) AppleWebKit/537.36 (KHTML, like Gecko) Chrome/124.0.0.0 Safari/537.36"
45.141.22.113 - - [25/Aug/2026:06:19:53 +0900] "GET /zowin-baccarat/ HTTP/1.1" 200 51916 "https://fixmyspeakersin.com/" "Mozilla/5.0 (Windows NT 10.0; Win64; x64) AppleWebKit/537.36 (KHTML, like Gecko) Chrome/125.0.0.0 Safari/537.36"
38.242.225.52 - - [25/Aug/2026:06:19:55 +0900] "GET /category/blog/page/6/ HTTP/1.1" 200 48831 "https://fixmyspeakersin.com/" "Mozilla/5.0 (Windows NT 10.0; Win64; x64) AppleWebKit/537.36 (KHTML, like Gecko) Chrome/125.0.0.0 Safari/537.36"
89.117.56.136 - - [25/Aug/2026:06:19:56 +0900] "GET /category/blog/page/7/ HTTP/1.1" 200 48051 "https://fixmyspeakersin.com/" "Mozilla/5.0 (Macintosh; Intel Mac OS X 10_15_7) AppleWebKit/537.36 (KHTML, like Gecko) Chrome/125.0.0.0 Safari/537.36"
161.97.88.183 - - [25/Aug/2026:06:19:52 +0900] "GET /mm88-withdrawals-how-to-process/ HTTP/1.1" 200 53448 "https://fixmyspeakersin.com/" "Mozilla/5.0 (Windows NT 10.0; Win64; x64) AppleWebKit/537.36 (KHTML, like Gecko) Chrome/123.0.0.0 Safari/537.36"
2a02:c207:2317:3785::1 - - [25/Aug/2026:06:19:52 +0900] "GET /fly88-discover-a-diverse/ HTTP/1.1" 200 54938 "https://fixmyspeakersin.com/" "Mozilla/5.0 (Windows NT 10.0; Win64; x64) AppleWebKit/537.36 (KHTML, like Gecko) Chrome/124.0.0.0 Safari/537.36"
79.143.181.185 - - [25/Aug/2026:06:19:53 +0900] "GET /game-bai-iwin/ HTTP/1.1" 200 53368 "https://fixmyspeakersin.com/" "Mozilla/5.0 (Windows NT 10.0; Win64; x64) AppleWebKit/537.36 (KHTML, like Gecko) Chrome/121.0.0.0 Safari/537.36"
45.141.22.29 - - [25/Aug/2026:06:19:54 +0900] "GET /top-tier-entertainment/ HTTP/1.1" 200 52610 "https://fixmyspeakersin.com/" "Mozilla/5.0 (Windows NT 10.0; Win64; x64) AppleWebKit/537.36 (KHTML, like Gecko) Chrome/124.0.0.0 Safari/537.36"
2a02:c207:2326:927::1 - - [25/Aug/2026:06:19:51 +0900] "GET /a-stable-channel-for-watching/ HTTP/1.1" 200 53594 "https://fixmyspeakersin.com/" "Mozilla/5.0 (Macintosh; Intel Mac OS X 10_15_7) AppleWebKit/537.36 (KHTML, like Gecko) Chrome/124.0.0.0 Safari/537.36"
185.222.242.77 - - [25/Aug/2026:06:19:54 +0900] "GET /rikvip-cockfighting/ HTTP/1.1" 200 54174 "https://fixmyspeakersin.com/" "Mozilla/5.0 (Windows NT 10.0; Win64; x64) AppleWebKit/537.36 (KHTML, like Gecko) Chrome/121.0.0.0 Safari/537.36"
38.242.225.52 - - [25/Aug/2026:06:20:02 +0900] "GET /sunwin-trai-nghiem-do-den/ HTTP/1.1" 200 49937 "https://fixmyspeakersin.com/" "Mozilla/5.0 (Windows NT 10.0; Win64; x64) AppleWebKit/537.36 (KHTML, like Gecko) Chrome/122.0.0.0 Safari/537.36"
161.97.171.128 - - [25/Aug/2026:06:19:58 +0900] "GET /98win-card-games/ HTTP/1.1" 200 53186 "https://fixmyspeakersin.com/" "Mozilla/5.0 (Windows NT 10.0; Win64; x64) AppleWebKit/537.36 (KHTML, like Gecko) Chrome/122.0.0.0 Safari/537.36"
2a02:c207:2313:436::1 - - [25/Aug/2026:06:19:59 +0900] "GET /xocdia88-cockfighting/ HTTP/1.1" 200 51394 "https://fixmyspeakersin.com/" "Mozilla/5.0 (Macintosh; Intel Mac OS X 10_15_7) AppleWebKit/537.36 (KHTML, like Gecko) Chrome/123.0.0.0 Safari/537.36"
80.241.216.219 - - [25/Aug/2026:06:19:57 +0900] "GET /thang-tu-cao-thu/ HTTP/1.1" 200 52614 "https://fixmyspeakersin.com/" "Mozilla/5.0 (Windows NT 10.0; Win64; x64) AppleWebKit/537.36 (KHTML, like Gecko) Chrome/125.0.0.0 Safari/537.36"
178.238.236.131 - - [25/Aug/2026:06:19:58 +0900] "GET /may88-machine-a-journey/ HTTP/1.1" 200 52673 "https://fixmyspeakersin.com/" "Mozilla/5.0 (Windows NT 10.0; Win64; x64) AppleWebKit/537.36 (KHTML, like Gecko) Chrome/121.0.0.0 Safari/537.36"
213.136.64.102 - - [25/Aug/2026:06:20:00 +0900] "GET /choi-baccarat/ HTTP/1.1" 200 53845 "https://fixmyspeakersin.com/" "Mozilla/5.0 (Windows NT 10.0; Win64; x64) AppleWebKit/537.36 (KHTML, like Gecko) Chrome/122.0.0.0 Safari/537.36"
79.143.181.185 - - [25/Aug/2026:06:20:06 +0900] "GET /cach-choi-bai-xi-dach/ HTTP/1.1" 200 50500 "https://fixmyspeakersin.com/" "Mozilla/5.0 (Macintosh; Intel Mac OS X 10_15_7) AppleWebKit/537.36 (KHTML, like Gecko) Chrome/124.0.0.0 Safari/537.36"
178.238.236.13 - - [25/Aug/2026:06:19:59 +0900] "GET /vip66-the-ultimate-asian-style/ HTTP/1.1" 200 53855 "https://fixmyspeakersin.com/" "Mozilla/5.0 (Windows NT 10.0; Win64; x64) AppleWebKit/537.36 (KHTML, like Gecko) Chrome/123.0.0.0 Safari/537.36"
161.97.171.128 - - [25/Aug/2026:06:20:07 +0900] "GET /guide-to-a-quick-and-secure/ HTTP/1.1" 200 53168 "https://fixmyspeakersin.com/" "Mozilla/5.0 (Windows NT 10.0; Win64; x64) AppleWebKit/537.36 (KHTML, like Gecko) Chrome/125.0.0.0 Safari/537.36"
2a02:c207:2326:678::1 - - [25/Aug/2026:06:20:00 +0900] "GET /cach-san-ca-bingo/ HTTP/1.1" 200 53358 "https://fixmyspeakersin.com/" "Mozilla/5.0 (Windows NT 10.0; Win64; x64) AppleWebKit/537.36 (KHTML, like Gecko) Chrome/124.0.0.0 Safari/537.36"
79.143.181.185 - - [25/Aug/2026:06:20:09 +0900] "GET /blog-posts/page/12/ HTTP/1.1" 200 46223 "https://fixmyspeakersin.com/" "Mozilla/5.0 (Macintosh; Intel Mac OS X 10_15_7) AppleWebKit/537.36 (KHTML, like Gecko) Chrome/125.0.0.0 Safari/537.36"
80.241.216.219 - - [25/Aug/2026:06:20:08 +0900] "GET /blog-posts/page/2/ HTTP/1.1" 200 48044 "https://fixmyspeakersin.com/" "Mozilla/5.0 (Macintosh; Intel Mac OS X 10_15_7) AppleWebKit/537.36 (KHTML, like Gecko) Chrome/124.0.0.0 Safari/537.36"
161.97.88.183 - - [25/Aug/2026:06:20:04 +0900] "GET /category/blog/page/8/ HTTP/1.1" 200 48283 "https://fixmyspeakersin.com/" "Mozilla/5.0 (Windows NT 10.0; Win64; x64) AppleWebKit/537.36 (KHTML, like Gecko) Chrome/123.0.0.0 Safari/537.36"
2a02:c207:2317:3785::1 - - [25/Aug/2026:06:20:04 +0900] "GET /category/blog/page/9/ HTTP/1.1" 200 48805 "https://fixmyspeakersin.com/" "Mozilla/5.0 (Windows NT 10.0; Win64; x64) AppleWebKit/537.36 (KHTML, like Gecko) Chrome/123.0.0.0 Safari/537.36"
89.117.56.136 - - [25/Aug/2026:06:20:03 +0900] "GET /betting-odds-detailed-analysis/ HTTP/1.1" 200 52632 "https://fixmyspeakersin.com/" "Mozilla/5.0 (Macintosh; Intel Mac OS X 10_15_7) AppleWebKit/537.36 (KHTML, like Gecko) Chrome/124.0.0.0 Safari/537.36"
178.238.236.131 - - [25/Aug/2026:06:20:08 +0900] "GET /how-to-test-if-your-phone-speaker-is-working-properly/ HTTP/1.1" 200 59096 "https://fixmyspeakersin.com/" "Mozilla/5.0 (Macintosh; Intel Mac OS X 10_15_7) AppleWebKit/537.36 (KHTML, like Gecko) Chrome/123.0.0.0 Safari/537.36"
45.141.22.29 - - [25/Aug/2026:06:20:05 +0900] "GET /79win-hieu-qua/ HTTP/1.1" 200 53016 "https://fixmyspeakersin.com/" "Mozilla/5.0 (Windows NT 10.0; Win64; x64) AppleWebKit/537.36 (KHTML, like Gecko) Chrome/122.0.0.0 Safari/537.36"
185.222.242.77 - - [25/Aug/2026:06:20:06 +0900] "GET /keotructuyen/ HTTP/1.1" 200 54063 "https://fixmyspeakersin.com/" "Mozilla/5.0 (Macintosh; Intel Mac OS X 10_15_7) AppleWebKit/537.36 (KHTML, like Gecko) Chrome/125.0.0.0 Safari/537.36"
45.141.22.113 - - [25/Aug/2026:06:20:02 +0900] "GET /lo-xien-la-gi/ HTTP/1.1" 200 0 "https://fixmyspeakersin.com/" "Mozilla/5.0 (Macintosh; Intel Mac OS X 10_15_7) AppleWebKit/537.36 (KHTML, like Gecko) Chrome/124.0.0.0 Safari/537.36"
38.242.225.52 - - [25/Aug/2026:06:20:06 +0900] "GET /poker-hitclub/ HTTP/1.1" 200 53606 "https://fixmyspeakersin.com/" "Mozilla/5.0 (Windows NT 10.0; Win64; x64) AppleWebKit/537.36 (KHTML, like Gecko) Chrome/123.0.0.0 Safari/537.36"
2a02:c207:2313:436::1 - - [25/Aug/2026:06:20:07 +0900] "GET /safe-sunwin-deposit/ HTTP/1.1" 200 53635 "https://fixmyspeakersin.com/" "Mozilla/5.0 (Macintosh; Intel Mac OS X 10_15_7) AppleWebKit/537.36 (KHTML, like Gecko) Chrome/123.0.0.0 Safari/537.36"
213.136.64.102 - - [25/Aug/2026:06:20:09 +0900] "GET /blog-posts/page/3/ HTTP/1.1" 200 48562 "https://fixmyspeakersin.com/" "Mozilla/5.0 (Windows NT 10.0; Win64; x64) AppleWebKit/537.36 (KHTML, like Gecko) Chrome/125.0.0.0 Safari/537.36"
2a02:c207:2326:678::1 - - [25/Aug/2026:06:20:14 +0900] "GET /blog-posts/page/4/ HTTP/1.1" 200 48573 "https://fixmyspeakersin.com/" "Mozilla/5.0 (Windows NT 10.0; Win64; x64) AppleWebKit/537.36 (KHTML, like Gecko) Chrome/121.0.0.0 Safari/537.36"
178.238.236.13 - - [25/Aug/2026:06:20:10 +0900] "GET /blog-posts/page/11/ HTTP/1.1" 200 49288 "https://fixmyspeakersin.com/" "Mozilla/5.0 (Macintosh; Intel Mac OS X 10_15_7) AppleWebKit/537.36 (KHTML, like Gecko) Chrome/125.0.0.0 Safari/537.36"
161.97.171.128 - - [25/Aug/2026:06:20:10 +0900] "GET /blog-posts/page/10/ HTTP/1.1" 200 48523 "https://fixmyspeakersin.com/" "Mozilla/5.0 (Windows NT 10.0; Win64; x64) AppleWebKit/537.36 (KHTML, like Gecko) Chrome/124.0.0.0 Safari/537.36"
79.143.181.185 - - [25/Aug/2026:06:20:15 +0900] "GET /category/blog/page/10/ HTTP/1.1" 200 49361 "https://fixmyspeakersin.com/" "Mozilla/5.0 (Windows NT 10.0; Win64; x64) AppleWebKit/537.36 (KHTML, like Gecko) Chrome/125.0.0.0 Safari/537.36"
80.241.216.219 - - [25/Aug/2026:06:20:17 +0900] "GET /blog-posts/page/5/ HTTP/1.1" 200 48498 "https://fixmyspeakersin.com/" "Mozilla/5.0 (Macintosh; Intel Mac OS X 10_15_7) AppleWebKit/537.36 (KHTML, like Gecko) Chrome/125.0.0.0 Safari/537.36"
161.97.88.183 - - [25/Aug/2026:06:20:17 +0900] "GET /blog-posts/page/6/ HTTP/1.1" 200 48696 "https://fixmyspeakersin.com/" "Mozilla/5.0 (Windows NT 10.0; Win64; x64) AppleWebKit/537.36 (KHTML, like Gecko) Chrome/125.0.0.0 Safari/537.36"
185.222.242.77 - - [25/Aug/2026:06:20:18 +0900] "GET /blog-posts/page/8/ HTTP/1.1" 200 48128 "https://fixmyspeakersin.com/" "Mozilla/5.0 (Macintosh; Intel Mac OS X 10_15_7) AppleWebKit/537.36 (KHTML, like Gecko) Chrome/124.0.0.0 Safari/537.36"
2a02:c207:2317:3785::1 - - [25/Aug/2026:06:20:18 +0900] "GET /blog-posts/page/9/ HTTP/1.1" 200 48248 "https://fixmyspeakersin.com/" "Mozilla/5.0 (Macintosh; Intel Mac OS X 10_15_7) AppleWebKit/537.36 (KHTML, like Gecko) Chrome/125.0.0.0 Safari/537.36"
178.238.236.131 - - [25/Aug/2026:06:20:20 +0900] "GET /blog-posts/page/7/ HTTP/1.1" 200 47862 "https://fixmyspeakersin.com/" "Mozilla/5.0 (Macintosh; Intel Mac OS X 10_15_7) AppleWebKit/537.36 (KHTML, like Gecko) Chrome/123.0.0.0 Safari/537.36"
172.233.79.144 - - [25/Aug/2026:06:22:52 +0900] "POST /wp-cron.php?doing_wp_cron=1787606572.5876550674438476562500 HTTP/1.1" 200 20 "-" "WordPress/7.1; https://fixmyspeakersin.com"
45.225.195.166 - - [25/Aug/2026:06:22:50 +0900] "GET /blog-posts/page/9/ HTTP/1.1" 200 48253 "-" "Mozilla/5.0 (Macintosh; Intel Mac OS X 10_15_7) AppleWebKit/537.36 (KHTML, like Gecko) Chrome/150.0.0.0 Safari/537.36"
198.144.30.143 - - [25/Aug/2026:06:24:38 +0900] "GET /wp-content/uploads/2026/08/image-2.jpeg HTTP/1.1" 200 63609 "-" "Mozilla/5.0 (Linux; Android 6.0) AppleWebKit/532.1 (KHTML, like Gecko) Chrome/20.0.841.0 Safari/532.1"
172.233.79.144 - - [25/Aug/2026:06:28:32 +0900] "POST /wp-cron.php?doing_wp_cron=1787606912.1201488971710205078125 HTTP/1.1" 200 20 "-" "WordPress/7.1; https://fixmyspeakersin.com"
51.81.170.9 - - [25/Aug/2026:06:28:29 +0900] "GET /sitemap_index.xml HTTP/1.1" 200 316 "-" "Mozilla/5.0 (compatible; AhrefsBot/7.0; +http://ahrefs.com/robot/)"
51.81.163.69 - - [25/Aug/2026:06:28:34 +0900] "GET /post-sitemap.xml HTTP/1.1" 200 3835 "-" "Mozilla/5.0 (compatible; AhrefsBot/7.0; +http://ahrefs.com/robot/)"
51.81.163.65 - - [25/Aug/2026:06:28:37 +0900] "GET /page-sitemap.xml HTTP/1.1" 200 4029 "-" "Mozilla/5.0 (compatible; AhrefsBot/7.0; +http://ahrefs.com/robot/)"
51.81.165.222 - - [25/Aug/2026:06:28:41 +0900] "GET /category-sitemap.xml HTTP/1.1" 200 393 "-" "Mozilla/5.0 (compatible; AhrefsBot/7.0; +http://ahrefs.com/robot/)"
216.73.216.159 - - [25/Aug/2026:06:32:45 +0900] "GET /robots.txt HTTP/1.1" 301 1 "-" "Mozilla/5.0 AppleWebKit/537.36 (KHTML, like Gecko; compatible; Claude-SearchBot/1.0; +searchbot@anthropic.com)"
172.233.79.144 - - [25/Aug/2026:06:32:48 +0900] "POST /wp-cron.php?doing_wp_cron=1787607168.3549120426177978515625 HTTP/1.1" 200 20 "-" "WordPress/7.1; https://fixmyspeakersin.com"
216.73.216.159 - - [25/Aug/2026:06:32:46 +0900] "GET /sitemap.xml HTTP/1.1" 404 42804 "-" "Mozilla/5.0 AppleWebKit/537.36 (KHTML, like Gecko; compatible; Claude-SearchBot/1.0; +searchbot@anthropic.com)"
173.255.228.202 - - [25/Aug/2026:06:33:42 +0900] "GET /robots.txt HTTP/1.1" 200 103 "-" "PoweredByBot/1.0 (+https://poweredby.keywordseverywhere.com/bot)"
172.233.79.144 - - [25/Aug/2026:06:33:43 +0900] "POST /wp-cron.php?doing_wp_cron=1787607223.3681509494781494140625 HTTP/1.1" 200 20 "-" "WordPress/7.1; https://fixmyspeakersin.com"
173.255.228.202 - - [25/Aug/2026:06:33:42 +0900] "GET /llms.txt HTTP/1.1" 404 43528 "-" "PoweredByBot/1.0 (+https://poweredby.keywordseverywhere.com/bot)"
173.255.228.202 - - [25/Aug/2026:06:33:43 +0900] "GET /llms-full.txt HTTP/1.1" 404 43528 "-" "PoweredByBot/1.0 (+https://poweredby.keywordseverywhere.com/bot)"
173.255.228.202 - - [25/Aug/2026:06:33:45 +0900] "GET /ai.txt HTTP/1.1" 404 43528 "-" "PoweredByBot/1.0 (+https://poweredby.keywordseverywhere.com/bot)"
172.233.79.144 - - [25/Aug/2026:06:34:28 +0900] "POST /wp-cron.php?doing_wp_cron=1787607268.3634550571441650390625 HTTP/1.1" 200 20 "-" "WordPress/7.1; https://fixmyspeakersin.com"
185.191.171.3 - - [25/Aug/2026:06:34:24 +0900] "GET /a-promising-young-coach-worth/ HTTP/1.1" 200 50726 "-" "Mozilla/5.0 (compatible; SemrushBot/7~bl; +http://www.semrush.com/bot.html)"
2a03:2880:f806:45:: - - [25/Aug/2026:06:37:14 +0900] "GET /7mcn-stands-out-with/ HTTP/1.1" 200 51313 "-" "Mozilla/5.0 (Windows NT 10.0; Win64; x64) AppleWebKit/537.36 (KHTML, like Gecko) Chrome/145.0.0.0 Safari/537.36 (compatible; meta-webindexer/1.1 (+https://developers.facebook.com/docs/sharing/webmasters/crawler))"
2a03:2880:f806:3d:: - - [25/Aug/2026:06:40:55 +0900] "GET /reputable-bookmaker/ HTTP/1.1" 200 51786 "-" "Mozilla/5.0 (Macintosh; Intel Mac OS X 10_15_7) AppleWebKit/537.36 (KHTML, like Gecko) Chrome/145.0.0.0 Safari/537.36 (compatible; meta-webindexer/1.1 (+https://developers.facebook.com/docs/sharing/webmasters/crawler))"
2.51.40.73 - - [25/Aug/2026:06:45:56 +0900] "GET / HTTP/1.1" 200 74759 "https://www.google.com/" "Mozilla/5.0 (X11; Linux x86_64) AppleWebKit/537.36 (KHTML, like Gecko) Chrome/145.0.0.0 Safari/537.36"
2a03:2880:f806:2d:: - - [25/Aug/2026:06:48:19 +0900] "GET /keo-phan-luoi-nha/ HTTP/1.1" 200 50686 "-" "Mozilla/5.0 (Macintosh; Intel Mac OS X 10_15_7) AppleWebKit/537.36 (KHTML, like Gecko) Chrome/145.0.0.0 Safari/537.36 (compatible; meta-webindexer/1.1 (+https://developers.facebook.com/docs/sharing/webmasters/crawler))"
2a03:2880:f806:1c:: - - [25/Aug/2026:06:52:11 +0900] "GET /five88-sports-the-meeting/ HTTP/1.1" 200 49498 "-" "Mozilla/5.0 (X11; Linux x86_64) AppleWebKit/537.36 (KHTML, like Gecko) Chrome/145.0.0.0 Safari/537.36 (compatible; meta-webindexer/1.1 (+https://developers.facebook.com/docs/sharing/webmasters/crawler))"
154.203.130.142 - - [25/Aug/2026:06:53:04 +0900] "GET / HTTP/1.1" 200 74759 "-" "Mozilla/5.0 (Windows NT 10.0; Win64; x64) AppleWebKit/537.36 (KHTML, like Gecko) Chrome/131.0.0.0 Safari/537.36"
154.203.130.142 - - [25/Aug/2026:06:53:04 +0900] "GET /wp-content/litespeed/css/ed91253a159b81d32c80aa65fadbb5ac.css?ver=b14da HTTP/1.1" 200 23845 "https://fixmyspeakersin.com/" "Mozilla/5.0 (Windows NT 10.0; Win64; x64) AppleWebKit/537.36 (KHTML, like Gecko) Chrome/131.0.0.0 Safari/537.36"
154.203.130.142 - - [25/Aug/2026:06:53:04 +0900] "GET /wp-content/uploads/omgf/kadence-fonts-gfonts-mod-66c3w/montserrat-normal-latin-ext-400.woff2?ver=1772045549 HTTP/1.1" 200 32272 "https://fixmyspeakersin.com/" "Mozilla/5.0 (Windows NT 10.0; Win64; x64) AppleWebKit/537.36 (KHTML, like Gecko) Chrome/131.0.0.0 Safari/537.36"
154.203.130.142 - - [25/Aug/2026:06:53:04 +0900] "GET /wp-content/uploads/omgf/kadence-fonts-gfonts-mod-66c3w/montserrat-normal-latin-400.woff2?ver=1772045549 HTTP/1.1" 200 18780 "https://fixmyspeakersin.com/" "Mozilla/5.0 (Windows NT 10.0; Win64; x64) AppleWebKit/537.36 (KHTML, like Gecko) Chrome/131.0.0.0 Safari/537.36"
154.203.130.142 - - [25/Aug/2026:06:53:05 +0900] "POST /wp-content/plugins/litespeed-cache/guest.vary.php HTTP/1.1" 200 36 "https://fixmyspeakersin.com/" "Mozilla/5.0 (Windows NT 10.0; Win64; x64) AppleWebKit/537.36 (KHTML, like Gecko) Chrome/131.0.0.0 Safari/537.36"
154.203.130.142 - - [25/Aug/2026:06:53:05 +0900] "GET /wp-content/uploads/2026/02/cropped-fix-my-speaker-logo.webp.webp HTTP/1.1" 200 88154 "https://fixmyspeakersin.com/" "Mozilla/5.0 (Windows NT 10.0; Win64; x64) AppleWebKit/537.36 (KHTML, like Gecko) Chrome/131.0.0.0 Safari/537.36"
154.203.130.142 - - [25/Aug/2026:06:53:06 +0900] "GET / HTTP/1.1" 200 0 "https://fixmyspeakersin.com/" "Mozilla/5.0 (Windows NT 10.0; Win64; x64) AppleWebKit/537.36 (KHTML, like Gecko) Chrome/131.0.0.0 Safari/537.36"
172.233.79.144 - - [25/Aug/2026:06:53:11 +0900] "POST /wp-cron.php?doing_wp_cron=1787608390.9361350536346435546875 HTTP/1.1" 200 20 "-" "WordPress/7.1; https://fixmyspeakersin.com"
217.113.194.54 - - [25/Aug/2026:06:54:26 +0900] "GET / HTTP/1.1" 200 74769 "-" "Mozilla/5.0 (compatible; Barkrowler/0.9; +https://babbar.tech/crawler)"
172.233.79.144 - - [25/Aug/2026:06:55:22 +0900] "POST /wp-cron.php?doing_wp_cron=1787608522.0572950839996337890625 HTTP/1.1" 200 20 "-" "WordPress/7.1; https://fixmyspeakersin.com"
2a03:2880:f806:7:: - - [25/Aug/2026:06:55:17 +0900] "GET /the-thao-rikvip/ HTTP/1.1" 200 48745 "-" "Mozilla/5.0 (Windows NT 10.0; Win64; x64) AppleWebKit/537.36 (KHTML, like Gecko) Chrome/145.0.0.0 Safari/537.36 (compatible; meta-webindexer/1.1 (+https://developers.facebook.com/docs/sharing/webmasters/crawler))"
172.233.79.144 - - [25/Aug/2026:06:56:33 +0900] "POST /wp-cron.php?doing_wp_cron=1787608593.3314208984375000000000 HTTP/1.1" 200 20 "-" "WordPress/7.1; https://fixmyspeakersin.com"
