172.233.79.144 - - [25/Aug/2026:04:09:21 +0900] "GET /%E0%A4%AA%E0%A5%8B%E0%A4%B0%E0%A5%8D%E0%A4%9F%E0%A4%B2-%E0%A4%95%E0%A4%BE/ HTTP/1.1" 200 33003 "-" "WP Rocket/Preload"
172.233.79.144 - - [25/Aug/2026:04:09:22 +0900] "GET /%E0%A4%AE%E0%A5%87%E0%A4%82-%E0%A4%A1%E0%A4%BF%E0%A4%9C%E0%A4%BF%E0%A4%9F%E0%A4%B2/ HTTP/1.1" 200 35464 "-" "WP Rocket/Preload"
172.233.79.144 - - [25/Aug/2026:04:09:23 +0900] "GET /author/savaiba/ HTTP/1.1" 200 21489 "-" "WP Rocket/Preload"
172.233.79.144 - - [25/Aug/2026:04:09:24 +0900] "GET /vong-quay-may-man/ HTTP/1.1" 200 25148 "-" "WP Rocket/Preload"
172.233.79.144 - - [25/Aug/2026:04:09:25 +0900] "GET /ban-ca-iwin/ HTTP/1.1" 200 26759 "-" "WP Rocket/Preload"
172.233.79.144 - - [25/Aug/2026:04:09:26 +0900] "GET /nha-cai-saoketv/ HTTP/1.1" 200 26102 "-" "WP Rocket/Preload"
172.233.79.144 - - [25/Aug/2026:04:36:32 +0900] "POST /wp-cron.php?doing_wp_cron=1787600192.0054130554199218750000 HTTP/1.1" 200 20 "-" "WordPress/6.9.4; https://jansochnaportal.net"
2a06:98c0:3600::103 - - [25/Aug/2026:04:36:31 +0900] "GET /wp-admin/install.php?step=1 HTTP/1.1" 200 513 "-" "http://jansochnaportal.net/wp-admin/install.php?step=1"
172.233.79.144 - - [25/Aug/2026:04:59:35 +0900] "POST /wp-cron.php?doing_wp_cron=1787601575.6181309223175048828125 HTTP/1.1" 200 20 "-" "WordPress/6.9.4; https://jansochnaportal.net"
2a03:d9c0:3000::a21d - - [25/Aug/2026:04:59:31 +0900] "GET /wp-json/wp/v2/pages/53 HTTP/1.1" 200 52118 "-" "python-httpx/0.28.1"
2a03:d9c0:3000::a21d - - [25/Aug/2026:04:59:39 +0900] "GET /wp-json/wp/v2/pages/53 HTTP/1.1" 200 52118 "-" "python-httpx/0.28.1"
2a03:d9c0:3000::a21d - - [25/Aug/2026:04:59:47 +0900] "GET /wp-json/wp/v2/pages/53 HTTP/1.1" 200 52118 "-" "python-httpx/0.28.1"
2a03:d9c0:3000::a21d - - [25/Aug/2026:04:59:52 +0900] "GET /wp-json/wp/v2/pages/53 HTTP/1.1" 200 52118 "-" "python-httpx/0.28.1"
172.233.79.144 - - [25/Aug/2026:05:08:43 +0900] "POST /wp-cron.php?doing_wp_cron=1787602123.0497930049896240234375 HTTP/1.1" 200 20 "-" "WordPress/6.9.4; https://jansochnaportal.net"
216.73.216.73 - - [25/Aug/2026:05:08:40 +0900] "GET /robots.txt HTTP/1.1" 200 118 "-" "Mozilla/5.0 AppleWebKit/537.36 (KHTML, like Gecko; compatible; ClaudeBot/1.0; +claudebot@anthropic.com)"
216.73.216.73 - - [25/Aug/2026:05:08:43 +0900] "GET /sitemap_index.xml HTTP/1.1" 200 322 "-" "Mozilla/5.0 AppleWebKit/537.36 (KHTML, like Gecko; compatible; ClaudeBot/1.0; +claudebot@anthropic.com)"
172.233.79.144 - - [25/Aug/2026:05:08:43 +0900] "GET /89bet/ HTTP/1.1" 200 26994 "-" "WP Rocket/Preload"
172.233.79.144 - - [25/Aug/2026:05:08:45 +0900] "GET /keo-malaysia/ HTTP/1.1" 200 27449 "-" "WP Rocket/Preload"
172.233.79.144 - - [25/Aug/2026:05:08:46 +0900] "GET /khuyen-mai-goal123/ HTTP/1.1" 200 22273 "-" "WP Rocket/Preload"
172.233.79.144 - - [25/Aug/2026:05:08:47 +0900] "GET /casino-five88/ HTTP/1.1" 200 22453 "-" "WP Rocket/Preload"
172.233.79.144 - - [25/Aug/2026:05:12:15 +0900] "POST /wp-cron.php?doing_wp_cron=1787602335.6635169982910156250000 HTTP/1.1" 200 20 "-" "WordPress/6.9.4; https://jansochnaportal.net"
43.173.132.97 - - [25/Aug/2026:05:12:13 +0900] "GET /robots.txt HTTP/1.1" 200 118 "-" "Mozilla/5.0 (Macintosh; Intel Mac OS X 10_15_7) AppleWebKit/537.36 (KHTML, like Gecko) Chrome/129.0.0.0 Safari/537.36"
172.233.79.144 - - [25/Aug/2026:05:12:16 +0900] "GET /%E0%A4%A6%E0%A5%87%E0%A4%96%E0%A5%87%E0%A4%82-%E0%A4%AA%E0%A5%82%E0%A4%B0%E0%A5%80/ HTTP/1.1" 200 33030 "-" "WP Rocket/Preload"
157.230.187.20 - - [25/Aug/2026:05:12:22 +0900] "GET /wp-content/uploads/2026/03/Add-a-subheading-14.webp HTTP/1.1" 200 47356 "https://jansochnaportal.com/" "Mozilla/5.0 (Windows NT 10.0; Win64; x64) AppleWebKit/537.36 (KHTML, like Gecko) Chrome/131.0.0.0 Safari/537.36"
172.233.79.144 - - [25/Aug/2026:05:40:11 +0900] "POST /wp-cron.php?doing_wp_cron=1787604011.4755620956420898437500 HTTP/1.1" 200 20 "-" "WordPress/6.9.4; https://jansochnaportal.net"
2a02:6ea0:d509:1::a09d - - [25/Aug/2026:05:40:08 +0900] "POST /wp-json/wp/v2/pages/53 HTTP/1.1" 401 111 "-" "python-httpx/0.28.1"
2a02:6ea0:d509:1::a09d - - [25/Aug/2026:05:40:15 +0900] "POST /wp-json/wp/v2/pages/53 HTTP/1.1" 401 111 "-" "python-httpx/0.28.1"
2a02:6ea0:d509:1::a09d - - [25/Aug/2026:05:40:19 +0900] "POST /wp-json/wp/v2/pages/53 HTTP/1.1" 401 111 "-" "python-httpx/0.28.1"
2a02:6ea0:d509:1::a09d - - [25/Aug/2026:05:40:24 +0900] "POST /wp-json/wp/v2/pages/53 HTTP/1.1" 401 111 "-" "python-httpx/0.28.1"
74.7.242.22 - - [25/Aug/2026:06:01:03 +0900] "GET / HTTP/1.1" 200 64363 "https://daechul.co.com" "Mozilla/5.0 AppleWebKit/537.36 (KHTML, like Gecko; compatible; GPTBot/1.4; +https://openai.com/gptbot)"
74.7.242.22 - - [25/Aug/2026:06:01:08 +0900] "GET /category/blog/ HTTP/1.1" 200 22314 "https://jansochnaportal.net/" "Mozilla/5.0 AppleWebKit/537.36 (KHTML, like Gecko; compatible; GPTBot/1.4; +https://openai.com/gptbot)"
74.7.242.22 - - [25/Aug/2026:06:01:10 +0900] "GET /wp-content/themes/kadence/assets/css/global.min.css?ver=1.4.5 HTTP/1.1" 200 5026 "https://jansochnaportal.net/" "Mozilla/5.0 AppleWebKit/537.36 (KHTML, like Gecko; compatible; GPTBot/1.4; +https://openai.com/gptbot)"
74.7.242.22 - - [25/Aug/2026:06:01:12 +0900] "GET /wp-content/themes/kadence/assets/css/footer.min.css?ver=1.4.5 HTTP/1.1" 200 1675 "https://jansochnaportal.net/" "Mozilla/5.0 AppleWebKit/537.36 (KHTML, like Gecko; compatible; GPTBot/1.4; +https://openai.com/gptbot)"
74.7.242.22 - - [25/Aug/2026:06:01:13 +0900] "GET /wp-content/cache/min/1/wp-content/plugins/kadence-blocks/dist/style-blocks-column.css?ver=1776222477 HTTP/1.1" 200 424 "https://jansochnaportal.net/" "Mozilla/5.0 AppleWebKit/537.36 (KHTML, like Gecko; compatible; GPTBot/1.4; +https://openai.com/gptbot)"
74.7.242.22 - - [25/Aug/2026:06:01:14 +0900] "GET /wp-content/cache/min/1/wp-content/plugins/kadence-blocks/dist/style-blocks-accordion.css?ver=1776222477 HTTP/1.1" 200 1272 "https://jansochnaportal.net/" "Mozilla/5.0 AppleWebKit/537.36 (KHTML, like Gecko; compatible; GPTBot/1.4; +https://openai.com/gptbot)"
74.7.242.22 - - [25/Aug/2026:06:01:15 +0900] "GET /wp-content/cache/min/1/wp-content/plugins/kadence-blocks/dist/style-blocks-tableofcontents.css?ver=1776222477 HTTP/1.1" 200 1066 "https://jansochnaportal.net/" "Mozilla/5.0 AppleWebKit/537.36 (KHTML, like Gecko; compatible; GPTBot/1.4; +https://openai.com/gptbot)"
74.7.242.22 - - [25/Aug/2026:06:01:16 +0900] "GET /wp-content/plugins/kadence-blocks-pro/includes/assets/css/aos.min.css?ver=2.8.14 HTTP/1.1" 200 1835 "https://jansochnaportal.net/" "Mozilla/5.0 AppleWebKit/537.36 (KHTML, like Gecko; compatible; GPTBot/1.4; +https://openai.com/gptbot)"
74.7.242.22 - - [25/Aug/2026:06:01:17 +0900] "GET /wp-content/plugins/wp-rocket/assets/js/lazyload/17.8.3/lazyload.min.js HTTP/1.1" 200 2902 "https://jansochnaportal.net/" "Mozilla/5.0 AppleWebKit/537.36 (KHTML, like Gecko; compatible; GPTBot/1.4; +https://openai.com/gptbot)"
74.7.242.22 - - [25/Aug/2026:06:01:17 +0900] "GET /wp-content/themes/kadence/assets/css/header.min.css?ver=1.4.5 HTTP/1.1" 200 4240 "https://jansochnaportal.net/" "Mozilla/5.0 AppleWebKit/537.36 (KHTML, like Gecko; compatible; GPTBot/1.4; +https://openai.com/gptbot)"
74.7.242.22 - - [25/Aug/2026:06:01:18 +0900] "GET /wp-includes/js/wp-emoji-release.min.js?ver=6.9.4 HTTP/1.1" 200 4949 "https://jansochnaportal.net/" "Mozilla/5.0 AppleWebKit/537.36 (KHTML, like Gecko; compatible; GPTBot/1.4; +https://openai.com/gptbot)"
74.7.242.22 - - [25/Aug/2026:06:01:19 +0900] "GET /wp-content/themes/kadence/assets/css/content.min.css?ver=1.4.5 HTTP/1.1" 200 5818 "https://jansochnaportal.net/" "Mozilla/5.0 AppleWebKit/537.36 (KHTML, like Gecko; compatible; GPTBot/1.4; +https://openai.com/gptbot)"
74.7.242.22 - - [25/Aug/2026:06:01:19 +0900] "GET /wp-content/themes/kadence/assets/css/rankmath.min.css?ver=1.4.5 HTTP/1.1" 200 39 "https://jansochnaportal.net/" "Mozilla/5.0 AppleWebKit/537.36 (KHTML, like Gecko; compatible; GPTBot/1.4; +https://openai.com/gptbot)"
74.7.242.22 - - [25/Aug/2026:06:01:20 +0900] "GET /wp-content/cache/min/1/wp-content/plugins/kadence-blocks/dist/style-blocks-rowlayout.css?ver=1776222477 HTTP/1.1" 200 1756 "https://jansochnaportal.net/" "Mozilla/5.0 AppleWebKit/537.36 (KHTML, like Gecko; compatible; GPTBot/1.4; +https://openai.com/gptbot)"
74.7.242.22 - - [25/Aug/2026:06:01:21 +0900] "GET /wp-content/cache/min/1/wp-content/plugins/kadence-blocks/dist/style-blocks-advancedbtn.css?ver=1776222477 HTTP/1.1" 200 695 "https://jansochnaportal.net/" "Mozilla/5.0 AppleWebKit/537.36 (KHTML, like Gecko; compatible; GPTBot/1.4; +https://openai.com/gptbot)"
74.7.242.22 - - [25/Aug/2026:06:01:22 +0900] "GET /wp-content/cache/min/1/wp-content/plugins/kadence-blocks/dist/style-blocks-infobox.css?ver=1776222477 HTTP/1.1" 200 1322 "https://jansochnaportal.net/" "Mozilla/5.0 AppleWebKit/537.36 (KHTML, like Gecko; compatible; GPTBot/1.4; +https://openai.com/gptbot)"
172.233.79.144 - - [25/Aug/2026:06:10:15 +0900] "POST /wp-cron.php?doing_wp_cron=1787605815.3491261005401611328125 HTTP/1.1" 200 20 "-" "WordPress/6.9.4; https://jansochnaportal.net"
2a00:1d35:1bdd:4301:21b4:eec9:b207:9f46 - - [25/Aug/2026:06:10:10 +0900] "POST /xmlrpc.php HTTP/1.1" 200 206 "-" "Mozilla/5.0 (Linux; Android 10; x64) AppleWebKit/537.36 (KHTML, like Gecko) Edge/93.0.0.0 Safari/537.36"
172.233.79.144 - - [25/Aug/2026:06:11:08 +0900] "POST /wp-cron.php?doing_wp_cron=1787605868.4580891132354736328125 HTTP/1.1" 200 20 "-" "WordPress/6.9.4; https://jansochnaportal.net"
2a00:1d35:1bdd:4301:21b4:eec9:b207:9f46 - - [25/Aug/2026:06:11:08 +0900] "GET /wp-json/wp/v2/users HTTP/1.1" 200 529 "-" "Mozilla/4.0 (compatible; Win32; WinHttp.WinHttpRequest.5)"
172.233.79.144 - - [25/Aug/2026:06:11:38 +0900] "POST /wp-cron.php?doing_wp_cron=1787605898.1966750621795654296875 HTTP/1.1" 200 20 "-" "WordPress/6.9.4; https://jansochnaportal.net"
2a00:1d35:1bdd:4301:21b4:eec9:b207:9f46 - - [25/Aug/2026:06:11:37 +0900] "POST /xmlrpc.php HTTP/1.1" 200 206 "-" "Mozilla/5.0 (Linux; Android 10; arm64) AppleWebKit/537.36 (KHTML, like Gecko) Edge/95.0.0.0 Safari/537.36"
172.233.79.144 - - [25/Aug/2026:06:12:00 +0900] "POST /wp-cron.php?doing_wp_cron=1787605920.7044649124145507812500 HTTP/1.1" 200 20 "-" "WordPress/6.9.4; https://jansochnaportal.net"
2a00:1d35:1bdd:4301:21b4:eec9:b207:9f46 - - [25/Aug/2026:06:12:00 +0900] "POST /xmlrpc.php HTTP/1.1" 200 206 "-" "Mozilla/5.0 (X11; Ubuntu; Linux x86_64; x64) AppleWebKit/537.36 (KHTML, like Gecko) Firefox/88.0.0.0 Safari/537.36"
2a00:1d35:1bdd:4301:21b4:eec9:b207:9f46 - - [25/Aug/2026:06:12:29 +0900] "POST /xmlrpc.php HTTP/1.1" 200 206 "-" "Mozilla/5.0 (Linux; Android 10; x64) AppleWebKit/537.36 (KHTML, like Gecko) Safari/10.0.0.0 Safari/537.36"
172.233.79.144 - - [25/Aug/2026:06:12:57 +0900] "POST /wp-cron.php?doing_wp_cron=1787605977.6731340885162353515625 HTTP/1.1" 200 20 "-" "WordPress/6.9.4; https://jansochnaportal.net"
2a00:1d35:1bdd:4301:21b4:eec9:b207:9f46 - - [25/Aug/2026:06:12:57 +0900] "POST /xmlrpc.php HTTP/1.1" 200 206 "-" "Mozilla/5.0 (Windows NT 10.0; x64) AppleWebKit/537.36 (KHTML, like Gecko) Opera/68.0.0.0 Safari/537.36"
2a00:1d35:1bdd:4301:21b4:eec9:b207:9f46 - - [25/Aug/2026:06:13:25 +0900] "POST /xmlrpc.php HTTP/1.1" 200 206 "-" "Mozilla/5.0 (Windows NT 6.3; x86) AppleWebKit/537.36 (KHTML, like Gecko) Edge/94.0.0.0 Safari/537.36"
172.233.79.144 - - [25/Aug/2026:06:13:49 +0900] "POST /wp-cron.php?doing_wp_cron=1787606029.7945020198822021484375 HTTP/1.1" 200 20 "-" "WordPress/6.9.4; https://jansochnaportal.net"
2a00:1d35:1bdd:4301:21b4:eec9:b207:9f46 - - [25/Aug/2026:06:13:49 +0900] "POST /xmlrpc.php HTTP/1.1" 200 206 "-" "Mozilla/5.0 (Windows NT 10.0; x86) AppleWebKit/537.36 (KHTML, like Gecko) Safari/11.0.0.0 Safari/537.36"
2a00:1d35:1bdd:4301:21b4:eec9:b207:9f46 - - [25/Aug/2026:06:14:16 +0900] "POST /xmlrpc.php HTTP/1.1" 200 206 "-" "Mozilla/5.0 (Macintosh; Intel Mac OS X 10_15_7; x86) AppleWebKit/537.36 (KHTML, like Gecko) Safari/13.0.0.0 Safari/537.36"
172.233.79.144 - - [25/Aug/2026:06:14:40 +0900] "POST /wp-cron.php?doing_wp_cron=1787606080.4933269023895263671875 HTTP/1.1" 200 20 "-" "WordPress/6.9.4; https://jansochnaportal.net"
2a00:1d35:1bdd:4301:21b4:eec9:b207:9f46 - - [25/Aug/2026:06:14:40 +0900] "POST /xmlrpc.php HTTP/1.1" 200 206 "-" "Mozilla/5.0 (X11; Ubuntu; Linux x86_64; x64) AppleWebKit/537.36 (KHTML, like Gecko) Safari/11.0.0.0 Safari/537.36"
172.233.79.144 - - [25/Aug/2026:06:15:08 +0900] "POST /wp-cron.php?doing_wp_cron=1787606108.4709999561309814453125 HTTP/1.1" 200 20 "-" "WordPress/6.9.4; https://jansochnaportal.net"
2a00:1d35:1bdd:4301:21b4:eec9:b207:9f46 - - [25/Aug/2026:06:15:08 +0900] "POST /xmlrpc.php HTTP/1.1" 200 206 "-" "Mozilla/5.0 (Windows NT 6.2; x64) AppleWebKit/537.36 (KHTML, like Gecko) Chrome/109.0.0.0 Safari/537.36"
172.233.79.144 - - [25/Aug/2026:06:15:36 +0900] "POST /wp-cron.php?doing_wp_cron=1787606136.4861030578613281250000 HTTP/1.1" 200 20 "-" "WordPress/6.9.4; https://jansochnaportal.net"
2a00:1d35:1bdd:4301:21b4:eec9:b207:9f46 - - [25/Aug/2026:06:15:36 +0900] "POST /xmlrpc.php HTTP/1.1" 200 206 "-" "Mozilla/5.0 (Linux; Android 10; arm64) AppleWebKit/537.36 (KHTML, like Gecko) Edge/87.0.0.0 Safari/537.36"
172.233.79.144 - - [25/Aug/2026:06:16:04 +0900] "POST /wp-cron.php?doing_wp_cron=1787606164.4495139122009277343750 HTTP/1.1" 200 20 "-" "WordPress/6.9.4; https://jansochnaportal.net"
2a00:1d35:1bdd:4301:21b4:eec9:b207:9f46 - - [25/Aug/2026:06:16:04 +0900] "POST /xmlrpc.php HTTP/1.1" 200 206 "-" "Mozilla/5.0 (Macintosh; Intel Mac OS X 10_15_7; arm64) AppleWebKit/537.36 (KHTML, like Gecko) Edge/94.0.0.0 Safari/537.36"
2a00:1d35:1bdd:4301:21b4:eec9:b207:9f46 - - [25/Aug/2026:06:16:32 +0900] "POST /xmlrpc.php HTTP/1.1" 200 206 "-" "Mozilla/5.0 (Windows NT 6.3; arm64) AppleWebKit/537.36 (KHTML, like Gecko) Opera/64.0.0.0 Safari/537.36"
172.233.79.144 - - [25/Aug/2026:06:16:56 +0900] "POST /wp-cron.php?doing_wp_cron=1787606216.4641849994659423828125 HTTP/1.1" 200 20 "-" "WordPress/6.9.4; https://jansochnaportal.net"
2a00:1d35:1bdd:4301:21b4:eec9:b207:9f46 - - [25/Aug/2026:06:16:56 +0900] "POST /xmlrpc.php HTTP/1.1" 200 206 "-" "Mozilla/5.0 (Windows NT 6.2; x64) AppleWebKit/537.36 (KHTML, like Gecko) Chrome/95.0.0.0 Safari/537.36"
2a00:1d35:1bdd:4301:21b4:eec9:b207:9f46 - - [25/Aug/2026:06:17:24 +0900] "POST /xmlrpc.php HTTP/1.1" 200 206 "-" "Mozilla/5.0 (Windows NT 6.2; arm64) AppleWebKit/537.36 (KHTML, like Gecko) Firefox/73.0.0.0 Safari/537.36"
172.233.79.144 - - [25/Aug/2026:06:17:48 +0900] "POST /wp-cron.php?doing_wp_cron=1787606268.3926119804382324218750 HTTP/1.1" 200 20 "-" "WordPress/6.9.4; https://jansochnaportal.net"
2a00:1d35:1bdd:4301:21b4:eec9:b207:9f46 - - [25/Aug/2026:06:17:48 +0900] "POST /xmlrpc.php HTTP/1.1" 200 206 "-" "Mozilla/5.0 (Linux; Android 10; x86) AppleWebKit/537.36 (KHTML, like Gecko) Safari/11.0.0.0 Safari/537.36"
2a00:1d35:1bdd:4301:21b4:eec9:b207:9f46 - - [25/Aug/2026:06:18:12 +0900] "POST /xmlrpc.php HTTP/1.1" 200 206 "-" "Mozilla/5.0 (X11; Ubuntu; Linux x86_64; x64) AppleWebKit/537.36 (KHTML, like Gecko) Safari/14.0.0.0 Safari/537.36"
172.233.79.144 - - [25/Aug/2026:06:18:36 +0900] "POST /wp-cron.php?doing_wp_cron=1787606316.4688050746917724609375 HTTP/1.1" 200 20 "-" "WordPress/6.9.4; https://jansochnaportal.net"
2a00:1d35:1bdd:4301:21b4:eec9:b207:9f46 - - [25/Aug/2026:06:18:36 +0900] "POST /xmlrpc.php HTTP/1.1" 200 206 "-" "Mozilla/5.0 (Windows NT 6.3; x86) AppleWebKit/537.36 (KHTML, like Gecko) Edge/83.0.0.0 Safari/537.36"
172.233.79.144 - - [25/Aug/2026:06:18:59 +0900] "POST /wp-cron.php?doing_wp_cron=1787606339.8902480602264404296875 HTTP/1.1" 200 20 "-" "WordPress/6.9.4; https://jansochnaportal.net"
2a00:1d35:1bdd:4301:21b4:eec9:b207:9f46 - - [25/Aug/2026:06:18:59 +0900] "POST /xmlrpc.php HTTP/1.1" 200 206 "-" "Mozilla/5.0 (Windows NT 6.3; x64) AppleWebKit/537.36 (KHTML, like Gecko) Firefox/78.0.0.0 Safari/537.36"
2a03:1b20:5:f011:7::d001 - - [25/Aug/2026:06:19:22 +0900] "GET /wp-json/oembed/1.0/embed?url=https%3A%2F%2Fjansochnaportal.net%2F%27 HTTP/1.1" 404 89 "-" "python-httpx/0.28.1"
2a00:1d35:1bdd:4301:21b4:eec9:b207:9f46 - - [25/Aug/2026:06:19:19 +0900] "POST /xmlrpc.php HTTP/1.1" 200 206 "-" "Mozilla/5.0 (Windows NT 6.2; x86) AppleWebKit/537.36 (KHTML, like Gecko) Safari/14.0.0.0 Safari/537.36"
172.233.79.144 - - [25/Aug/2026:06:19:39 +0900] "POST /wp-cron.php?doing_wp_cron=1787606379.7656939029693603515625 HTTP/1.1" 200 20 "-" "WordPress/6.9.4; https://jansochnaportal.net"
2a03:1b20:5:f011:7::d001 - - [25/Aug/2026:06:19:36 +0900] "GET /wp-json/oembed/1.0/embed?url=https%3A%2F%2Fjansochnaportal.net%2F%27+UNION+SELECT+%27qjx7vm2k9%27--+- HTTP/1.1" 404 89 "-" "python-httpx/0.28.1"
2a03:1b20:5:f011:7::d001 - - [25/Aug/2026:06:19:42 +0900] "GET /wp-json/oembed/1.0/embed?url=https%3A%2F%2Fjansochnaportal.net%2F%27+UNION+SELECT+NULL%2C%27qjx7vm2k9%27--+- HTTP/1.1" 404 89 "-" "python-httpx/0.28.1"
2a03:1b20:5:f011:7::d001 - - [25/Aug/2026:06:19:46 +0900] "GET /wp-json/oembed/1.0/embed?url=https%3A%2F%2Fjansochnaportal.net%2F+UNION+SELECT+%27qjx7vm2k9%27--+- HTTP/1.1" 404 89 "-" "python-httpx/0.28.1"
172.233.79.144 - - [25/Aug/2026:06:19:47 +0900] "POST /wp-cron.php?doing_wp_cron=1787606387.6024329662322998046875 HTTP/1.1" 200 20 "-" "WordPress/6.9.4; https://jansochnaportal.net"
2a00:1d35:1bdd:4301:21b4:eec9:b207:9f46 - - [25/Aug/2026:06:19:47 +0900] "POST /xmlrpc.php HTTP/1.1" 200 206 "-" "Mozilla/5.0 (Windows NT 6.3; arm64) AppleWebKit/537.36 (KHTML, like Gecko) Edge/89.0.0.0 Safari/537.36"
2a00:1d35:1bdd:4301:21b4:eec9:b207:9f46 - - [25/Aug/2026:06:20:15 +0900] "POST /xmlrpc.php HTTP/1.1" 200 206 "-" "Mozilla/5.0 (Windows NT 10.0; arm64) AppleWebKit/537.36 (KHTML, like Gecko) Firefox/89.0.0.0 Safari/537.36"
172.233.79.144 - - [25/Aug/2026:06:20:36 +0900] "POST /wp-cron.php?doing_wp_cron=1787606436.8415830135345458984375 HTTP/1.1" 200 20 "-" "WordPress/6.9.4; https://jansochnaportal.net"
2a00:1d35:1bdd:4301:21b4:eec9:b207:9f46 - - [25/Aug/2026:06:20:36 +0900] "POST /xmlrpc.php HTTP/1.1" 200 206 "-" "Mozilla/5.0 (Windows NT 10.0; x64) AppleWebKit/537.36 (KHTML, like Gecko) Edge/82.0.0.0 Safari/537.36"
172.233.79.144 - - [25/Aug/2026:06:20:52 +0900] "POST /wp-cron.php?doing_wp_cron=1787606452.3306620121002197265625 HTTP/1.1" 200 20 "-" "WordPress/6.9.4; https://jansochnaportal.net"
2a00:1d35:1bdd:4301:21b4:eec9:b207:9f46 - - [25/Aug/2026:06:20:52 +0900] "POST /xmlrpc.php HTTP/1.1" 200 206 "-" "Mozilla/5.0 (Windows NT 10.0; arm64) AppleWebKit/537.36 (KHTML, like Gecko) Opera/70.0.0.0 Safari/537.36"
2a00:1d35:1bdd:4301:21b4:eec9:b207:9f46 - - [25/Aug/2026:06:21:08 +0900] "POST /xmlrpc.php HTTP/1.1" 200 206 "-" "Mozilla/5.0 (Macintosh; Intel Mac OS X 10_15_7; x64) AppleWebKit/537.36 (KHTML, like Gecko) Safari/12.0.0.0 Safari/537.36"
2a00:1d35:1bdd:4301:21b4:eec9:b207:9f46 - - [25/Aug/2026:06:21:26 +0900] "POST /xmlrpc.php HTTP/1.1" 200 206 "-" "Mozilla/5.0 (Macintosh; Intel Mac OS X 10_15_7; x86) AppleWebKit/537.36 (KHTML, like Gecko) Safari/11.0.0.0 Safari/537.36"
172.233.79.144 - - [25/Aug/2026:06:21:42 +0900] "POST /wp-cron.php?doing_wp_cron=1787606501.9601750373840332031250 HTTP/1.1" 200 20 "-" "WordPress/6.9.4; https://jansochnaportal.net"
2a00:1d35:1bdd:4301:21b4:eec9:b207:9f46 - - [25/Aug/2026:06:21:41 +0900] "POST /xmlrpc.php HTTP/1.1" 200 206 "-" "Mozilla/5.0 (Windows NT 6.2; x86) AppleWebKit/537.36 (KHTML, like Gecko) Opera/67.0.0.0 Safari/537.36"
172.233.79.144 - - [25/Aug/2026:06:21:58 +0900] "POST /wp-cron.php?doing_wp_cron=1787606518.4300260543823242187500 HTTP/1.1" 200 20 "-" "WordPress/6.9.4; https://jansochnaportal.net"
2a00:1d35:1bdd:4301:21b4:eec9:b207:9f46 - - [25/Aug/2026:06:21:58 +0900] "POST /xmlrpc.php HTTP/1.1" 200 206 "-" "Mozilla/5.0 (Windows NT 6.2; x86) AppleWebKit/537.36 (KHTML, like Gecko) Opera/80.0.0.0 Safari/537.36"
2a00:1d35:1bdd:4301:21b4:eec9:b207:9f46 - - [25/Aug/2026:06:22:15 +0900] "POST /xmlrpc.php HTTP/1.1" 200 206 "-" "Mozilla/5.0 (Macintosh; Intel Mac OS X 10_15_7; arm64) AppleWebKit/537.36 (KHTML, like Gecko) Chrome/83.0.0.0 Safari/537.36"
2a00:1d35:1bdd:4301:21b4:eec9:b207:9f46 - - [25/Aug/2026:06:22:31 +0900] "POST /xmlrpc.php HTTP/1.1" 200 206 "-" "Mozilla/5.0 (Windows NT 6.2; x86) AppleWebKit/537.36 (KHTML, like Gecko) Firefox/84.0.0.0 Safari/537.36"
172.233.79.144 - - [25/Aug/2026:06:22:47 +0900] "POST /wp-cron.php?doing_wp_cron=1787606567.4274289608001708984375 HTTP/1.1" 200 20 "-" "WordPress/6.9.4; https://jansochnaportal.net"
2a00:1d35:1bdd:4301:21b4:eec9:b207:9f46 - - [25/Aug/2026:06:22:47 +0900] "POST /xmlrpc.php HTTP/1.1" 200 206 "-" "Mozilla/5.0 (Windows NT 6.3; x86) AppleWebKit/537.36 (KHTML, like Gecko) Firefox/79.0.0.0 Safari/537.36"
2a00:1d35:1bdd:4301:21b4:eec9:b207:9f46 - - [25/Aug/2026:06:23:01 +0900] "POST /xmlrpc.php HTTP/1.1" 200 206 "-" "Mozilla/5.0 (Windows NT 6.2; arm64) AppleWebKit/537.36 (KHTML, like Gecko) Safari/11.0.0.0 Safari/537.36"
2a00:1d35:1bdd:4301:21b4:eec9:b207:9f46 - - [25/Aug/2026:06:23:15 +0900] "POST /xmlrpc.php HTTP/1.1" 200 206 "-" "Mozilla/5.0 (Windows NT 6.2; arm64) AppleWebKit/537.36 (KHTML, like Gecko) Opera/63.0.0.0 Safari/537.36"
2a00:1d35:1bdd:4301:21b4:eec9:b207:9f46 - - [25/Aug/2026:06:23:32 +0900] "POST /xmlrpc.php HTTP/1.1" 200 206 "-" "Mozilla/5.0 (Macintosh; Intel Mac OS X 10_15_7; x64) AppleWebKit/537.36 (KHTML, like Gecko) Edge/96.0.0.0 Safari/537.36"
172.233.79.144 - - [25/Aug/2026:06:27:15 +0900] "POST /wp-cron.php?doing_wp_cron=1787606835.7231459617614746093750 HTTP/1.1" 200 20 "-" "WordPress/6.9.4; https://jansochnaportal.net"
2a03:1b20:5:f011:7::d001 - - [25/Aug/2026:06:27:13 +0900] "POST /wp-json/wp/v2/pages/53 HTTP/1.1" 401 111 "-" "python-httpx/0.28.1"
2a03:1b20:5:f011:7::d001 - - [25/Aug/2026:06:27:18 +0900] "POST /wp-json/wp/v2/pages/53 HTTP/1.1" 401 111 "-" "python-httpx/0.28.1"
2a03:1b20:5:f011:7::d001 - - [25/Aug/2026:06:27:24 +0900] "POST /wp-json/wp/v2/pages/53 HTTP/1.1" 401 111 "-" "python-httpx/0.28.1"
2a03:1b20:5:f011:7::d001 - - [25/Aug/2026:06:27:28 +0900] "POST /wp-json/wp/v2/pages/53 HTTP/1.1" 401 111 "-" "python-httpx/0.28.1"
172.233.79.144 - - [25/Aug/2026:06:34:44 +0900] "POST /wp-cron.php?doing_wp_cron=1787607284.0242071151733398437500 HTTP/1.1" 200 20 "-" "WordPress/6.9.4; https://jansochnaportal.net"
54.86.188.160 - - [25/Aug/2026:06:34:41 +0900] "GET /robots.txt HTTP/1.1" 200 118 "-" "Mozilla/5.0 (Macintosh; Intel Mac OS X 10_10_1) AppleWebKit/600.2.5 (KHTML, like Gecko) Version/8.0.2 Safari/600.2.5 (Gort)"
172.233.79.144 - - [25/Aug/2026:06:40:17 +0900] "POST /wp-cron.php?doing_wp_cron=1787607617.0184700489044189453125 HTTP/1.1" 200 20 "-" "WordPress/6.9.4; https://jansochnaportal.net"
2a06:98c0:3600::103 - - [25/Aug/2026:06:40:15 +0900] "GET /wp-admin/install.php?step=1 HTTP/1.1" 200 513 "-" "http://jansochnaportal.net/wp-admin/install.php?step=1"
172.233.79.144 - - [25/Aug/2026:06:43:52 +0900] "POST /wp-cron.php?doing_wp_cron=1787607832.1704559326171875000000 HTTP/1.1" 200 20 "-" "WordPress/6.9.4; https://jansochnaportal.net"
2a06:98c0:3600::103 - - [25/Aug/2026:06:43:51 +0900] "GET /wp-admin/install.php?step=1 HTTP/1.1" 200 513 "-" "http://jansochnaportal.net/wp-admin/install.php?step=1"
68.183.105.252 - - [25/Aug/2026:07:01:30 +0900] "GET / HTTP/1.1" 200 64363 "-" "Mozilla/5.0 (X11; Linux x86_64) AppleWebKit/537.36 (KHTML, like Gecko) Chrome/142.0.0.0 Safari/537.36"
68.183.105.252 - - [25/Aug/2026:07:01:32 +0900] "GET /favicon.ico HTTP/1.1" 404 1251 "https://jansochnaportal.net/" "Mozilla/5.0 (X11; Linux x86_64) AppleWebKit/537.36 (KHTML, like Gecko) Chrome/142.0.0.0 Safari/537.36"
172.233.79.144 - - [25/Aug/2026:07:27:50 +0900] "POST /wp-cron.php?doing_wp_cron=1787610470.5123848915100097656250 HTTP/1.1" 200 20 "-" "WordPress/6.9.4; https://jansochnaportal.net"
216.73.216.111 - - [25/Aug/2026:07:27:45 +0900] "GET /robots.txt HTTP/1.1" 200 118 "-" "Mozilla/5.0 AppleWebKit/537.36 (KHTML, like Gecko; compatible; ClaudeBot/1.0; +claudebot@anthropic.com)"
216.73.216.111 - - [25/Aug/2026:07:27:51 +0900] "GET /sitemap_index.xml HTTP/1.1" 200 322 "-" "Mozilla/5.0 AppleWebKit/537.36 (KHTML, like Gecko; compatible; ClaudeBot/1.0; +claudebot@anthropic.com)"
40.88.21.235 - - [25/Aug/2026:08:41:44 +0900] "GET / HTTP/1.1" 200 64363 "http://jansochnaportal.net" "DuckDuckBot/1.1; (+http://duckduckgo.com/duckduckbot.html)"
40.88.21.235 - - [25/Aug/2026:08:41:46 +0900] "GET /wp-content/uploads/2026/02/cropped-images__4_-removebg-preview-32x32.png HTTP/1.1" 200 1343 "-" "DuckDuckBot/1.1; (+http://duckduckgo.com/duckduckbot.html)"
172.233.79.144 - - [25/Aug/2026:08:43:16 +0900] "POST /wp-cron.php?doing_wp_cron=1787614996.5739760398864746093750 HTTP/1.1" 200 20 "-" "WordPress/6.9.4; https://jansochnaportal.net"
2a06:98c0:3600::103 - - [25/Aug/2026:08:43:15 +0900] "GET /wp-admin/install.php?step=1 HTTP/1.1" 200 513 "-" "http://jansochnaportal.net/wp-admin/install.php?step=1"
52.5.176.194 - - [25/Aug/2026:08:53:37 +0900] "GET / HTTP/1.1" 200 64363 "-" "Mozilla/5.0 (Windows NT 6.3; Win64; x64) AppleWebKit/537.36 (KHTML, like Gecko) Chrome/100.0.4896.60 Safari/537.36"
172.233.79.144 - - [25/Aug/2026:09:18:46 +0900] "POST /wp-cron.php?doing_wp_cron=1787617126.0335090160369873046875 HTTP/1.1" 200 20 "-" "WordPress/6.9.4; https://jansochnaportal.net"
216.73.216.111 - - [25/Aug/2026:09:18:42 +0900] "GET /sitemap_index.xml HTTP/1.1" 200 322 "-" "Mozilla/5.0 AppleWebKit/537.36 (KHTML, like Gecko; compatible; ClaudeBot/1.0; +claudebot@anthropic.com)"
40.77.167.255 - - [25/Aug/2026:09:48:41 +0900] "GET /%E0%A4%AF%E0%A5%8B%E0%A4%9C%E0%A4%A8%E0%A4%BE%E0%A4%93%E0%A4%82/ HTTP/1.1" 200 36414 "-" "Mozilla/5.0 AppleWebKit/537.36 (KHTML, like Gecko; compatible; bingbot/2.0; +http://www.bing.com/bingbot.htm) Chrome/116.0.1938.76 Safari/537.36"
172.233.79.144 - - [25/Aug/2026:09:50:39 +0900] "POST /wp-cron.php?doing_wp_cron=1787619039.2368009090423583984375 HTTP/1.1" 200 20 "-" "WordPress/6.9.4; https://jansochnaportal.net"
45.228.51.107 - - [25/Aug/2026:09:50:37 +0900] "POST /xmlrpc.php HTTP/1.1" 200 206 "-" "WordPress.com; https://wordpress.com"
43.159.152.184 - - [25/Aug/2026:09:57:51 +0900] "GET / HTTP/1.1" 200 64363 "http://jansochnaportal.net" "Mozilla/5.0 (iPhone; CPU iPhone OS 13_2_3 like Mac OS X) AppleWebKit/605.1.15 (KHTML, like Gecko) Version/13.0.3 Mobile/15E148 Safari/604.1"
2a06:3040:2:210::d001 - - [25/Aug/2026:10:00:37 +0900] "GET / HTTP/1.1" 200 64363 "-" "Mozilla/5.0 (Windows NT 10.0; Win64; x64) AppleWebKit/537.36 (KHTML, like Gecko) Chrome/120.0.0.0 Safari/537.36'"
2a06:3040:2:210::d001 - - [25/Aug/2026:10:00:43 +0900] "GET / HTTP/1.1" 200 64363 "-" "Mozilla/5.0 (Windows NT 10.0; Win64; x64) AppleWebKit/537.36 (KHTML, like Gecko) Chrome/120.0.0.0 Safari/537.36' UNION SELECT 'qjx7vm2k9'-- -"
2a06:3040:2:210::d001 - - [25/Aug/2026:10:00:50 +0900] "GET / HTTP/1.1" 200 64363 "-" "Mozilla/5.0 (Windows NT 10.0; Win64; x64) AppleWebKit/537.36 (KHTML, like Gecko) Chrome/120.0.0.0 Safari/537.36' UNION SELECT NULL,'qjx7vm2k9'-- -"
2a01:4740:2::d201 - - [25/Aug/2026:10:06:11 +0900] "GET /wp-content/cache/min/1/wp-content/plugins/kadence-blocks/dist/style-blocks-rowlayout.css?ver=1776222477 HTTP/1.1" 200 1756 "-" "python-httpx/0.28.1"
172.233.79.144 - - [25/Aug/2026:10:07:38 +0900] "POST /wp-cron.php?doing_wp_cron=1787620058.5298380851745605468750 HTTP/1.1" 200 20 "-" "WordPress/6.9.4; https://jansochnaportal.net"
2a02:598:96:8a00::b00:30b - - [25/Aug/2026:10:07:35 +0900] "GET /page-sitemap.xml HTTP/1.1" 200 1065 "-" "Mozilla/5.0 (compatible; SeznamBot/4.0; +https://o-seznam.cz/napoveda/vyhledavani/en/seznambot-crawler/)"
172.233.79.144 - - [25/Aug/2026:10:07:39 +0900] "GET /author/tanzeel/ HTTP/1.1" 200 27237 "-" "WP Rocket/Preload"
172.233.79.144 - - [25/Aug/2026:10:07:41 +0900] "GET /premier-league-betting-odds/ HTTP/1.1" 200 28443 "-" "WP Rocket/Preload"
172.233.79.144 - - [25/Aug/2026:10:07:42 +0900] "GET /mm99/ HTTP/1.1" 200 25805 "-" "WP Rocket/Preload"
172.233.79.144 - - [25/Aug/2026:10:07:44 +0900] "GET /fb88-jackpot-slots-review-why-its-trending-in-2026/ HTTP/1.1" 200 24445 "-" "WP Rocket/Preload"
172.233.79.144 - - [25/Aug/2026:10:07:45 +0900] "GET /%E0%A4%AB%E0%A4%BC%E0%A4%BF%E0%A4%B2%E0%A5%8D%E0%A4%9F%E0%A4%B0/ HTTP/1.1" 200 33159 "-" "WP Rocket/Preload"
172.233.79.144 - - [25/Aug/2026:10:07:47 +0900] "GET /online-submit-%E0%A4%95%E0%A5%88%E0%A4%B8%E0%A5%87-%E0%A4%95%E0%A4%B0%E0%A5%87%E0%A4%82/ HTTP/1.1" 200 38254 "-" "WP Rocket/Preload"
172.233.79.144 - - [25/Aug/2026:10:07:48 +0900] "GET /%E0%A4%AA%E0%A5%8D%E0%A4%B0%E0%A4%95%E0%A5%8D%E0%A4%B0%E0%A4%BF%E0%A4%AF%E0%A4%BE-%E0%A4%AA%E0%A5%82%E0%A4%B0%E0%A5%80/ HTTP/1.1" 200 34341 "-" "WP Rocket/Preload"
172.233.79.144 - - [25/Aug/2026:10:07:50 +0900] "GET /%E0%A4%A4%E0%A4%B0%E0%A5%80%E0%A4%95%E0%A4%BE/ HTTP/1.1" 200 34573 "-" "WP Rocket/Preload"
172.233.79.144 - - [25/Aug/2026:10:07:51 +0900] "GET /%E0%A4%9C%E0%A4%B5%E0%A4%BE%E0%A4%AC%E0%A4%A6%E0%A5%87%E0%A4%B9%E0%A5%80/ HTTP/1.1" 200 32992 "-" "WP Rocket/Preload"
172.233.79.144 - - [25/Aug/2026:10:07:53 +0900] "GET /author/hassanqli02gmail-com/ HTTP/1.1" 200 17657 "-" "WP Rocket/Preload"
172.233.79.144 - - [25/Aug/2026:10:07:54 +0900] "GET /%E0%A4%95%E0%A4%BE%E0%A4%AE-%E0%A4%95%E0%A4%B0%E0%A4%A4%E0%A4%BE/ HTTP/1.1" 200 33884 "-" "WP Rocket/Preload"
172.233.79.144 - - [25/Aug/2026:10:07:56 +0900] "GET /rojgar-sangam-yojana/ HTTP/1.1" 200 38268 "-" "WP Rocket/Preload"
172.233.79.144 - - [25/Aug/2026:10:07:57 +0900] "GET /one-stop-centre-scheme/ HTTP/1.1" 200 37078 "-" "WP Rocket/Preload"
172.233.79.144 - - [25/Aug/2026:10:07:59 +0900] "GET /e-dharti-%E0%A4%A6%E0%A4%BF%E0%A4%B2%E0%A5%8D%E0%A4%B2%E0%A5%80-%E0%A4%B8%E0%A4%BF%E0%A4%B8%E0%A5%8D%E0%A4%9F%E0%A4%AE/ HTTP/1.1" 200 40182 "-" "WP Rocket/Preload"
172.233.79.144 - - [25/Aug/2026:10:08:00 +0900] "GET /%E0%A4%9C%E0%A4%A8-%E0%A4%B8%E0%A5%82%E0%A4%9A%E0%A4%A8%E0%A4%BE-%E0%A4%AA%E0%A5%8B%E0%A4%B0%E0%A5%8D%E0%A4%9F%E0%A4%B2/ HTTP/1.1" 200 36006 "-" "WP Rocket/Preload"
172.233.79.144 - - [25/Aug/2026:10:08:02 +0900] "GET /%E0%A4%9F%E0%A5%8B%E0%A4%B2-%E0%A4%AB%E0%A5%8D%E0%A4%B0%E0%A5%80-%E0%A4%A8%E0%A4%82%E0%A4%AC%E0%A4%B0/ HTTP/1.1" 200 33154 "-" "WP Rocket/Preload"
172.233.79.144 - - [25/Aug/2026:10:08:04 +0900] "GET /%E0%A4%B0%E0%A4%BE%E0%A4%9C%E0%A4%B8%E0%A5%8D%E0%A4%A5%E0%A4%BE%E0%A4%A8-%E0%A4%95%E0%A4%BE-%E0%A4%89%E0%A4%A6%E0%A5%8D%E0%A4%A6%E0%A5%87%E0%A4%B6%E0%A5%8D%E0%A4%AF/ HTTP/1.1" 200 37427 "-" "WP Rocket/Preload"
172.233.79.144 - - [25/Aug/2026:10:09:51 +0900] "POST /wp-cron.php?doing_wp_cron=1787620190.9890050888061523437500 HTTP/1.1" 200 20 "-" "WordPress/6.9.4; https://jansochnaportal.net"
2607:9000:c00:34::d001 - - [25/Aug/2026:10:09:50 +0900] "POST /wp-json/wp/v2/pages/53 HTTP/1.1" 401 111 "-" "python-httpx/0.28.1"
172.233.79.144 - - [25/Aug/2026:10:09:51 +0900] "GET /category/blog/ HTTP/1.1" 200 22339 "-" "WP Rocket/Preload"
2607:9000:c00:34::d001 - - [25/Aug/2026:10:09:56 +0900] "POST /wp-json/wp/v2/pages/53 HTTP/1.1" 401 111 "-" "python-httpx/0.28.1"
2607:9000:c00:34::d001 - - [25/Aug/2026:10:10:03 +0900] "POST /wp-json/wp/v2/pages/53 HTTP/1.1" 401 111 "-" "python-httpx/0.28.1"
2607:9000:c00:34::d001 - - [25/Aug/2026:10:10:08 +0900] "POST /wp-json/wp/v2/pages/53 HTTP/1.1" 401 111 "-" "python-httpx/0.28.1"
2607:9000:300:31::d001 - - [25/Aug/2026:10:11:12 +0900] "GET /wp-content/cache/min/1/wp-content/plugins/kadence-blocks/dist/style-blocks-column.css?ver=1776222477 HTTP/1.1" 200 424 "-" "python-httpx/0.28.1"
2607:9000:300:31::d001 - - [25/Aug/2026:10:11:20 +0900] "GET /wp-content/cache/min/1/wp-content/plugins/kadence-blocks/dist/style-blocks-column.css?ver=1776222477 HTTP/1.1" 200 424 "-" "python-httpx/0.28.1"
172.233.79.144 - - [25/Aug/2026:10:15:05 +0900] "POST /wp-cron.php?doing_wp_cron=1787620505.2538290023803710937500 HTTP/1.1" 200 20 "-" "WordPress/6.9.4; https://jansochnaportal.net"
104.210.140.131 - - [25/Aug/2026:10:15:02 +0900] "GET /robots.txt HTTP/1.1" 200 118 "-" "Mozilla/5.0 (Macintosh; Intel Mac OS X 10_15_7) AppleWebKit/537.36 (KHTML, like Gecko) Chrome/131.0.0.0 Safari/537.36; compatible; OAI-SearchBot/1.0; +https://openai.com/searchbot"
172.233.79.144 - - [25/Aug/2026:10:18:32 +0900] "POST /wp-cron.php?doing_wp_cron=1787620712.1570711135864257812500 HTTP/1.1" 200 20 "-" "WordPress/6.9.4; https://jansochnaportal.net"
185.191.171.9 - - [25/Aug/2026:10:18:31 +0900] "GET /robots.txt HTTP/1.1" 200 118 "-" "Mozilla/5.0 (compatible; SemrushBot/7~bl; +http://www.semrush.com/bot.html)"
185.191.171.8 - - [25/Aug/2026:10:18:33 +0900] "GET /depositing-money-into-pg88/ HTTP/1.1" 200 26090 "-" "Mozilla/5.0 (compatible; SemrushBot/7~bl; +http://www.semrush.com/bot.html)"
172.233.79.144 - - [25/Aug/2026:10:20:31 +0900] "POST /wp-cron.php?doing_wp_cron=1787620831.8387529850006103515625 HTTP/1.1" 200 20 "-" "WordPress/6.9.4; https://jansochnaportal.net"
2a0d:5600:24:1377::d001 - - [25/Aug/2026:10:20:31 +0900] "DELETE /wp-json/wp/v2/pages/53 HTTP/1.1" 401 112 "-" "python-httpx/0.28.1"
172.233.79.144 - - [25/Aug/2026:10:20:42 +0900] "POST /wp-cron.php?doing_wp_cron=1787620842.0918190479278564453125 HTTP/1.1" 200 20 "-" "WordPress/6.9.4; https://jansochnaportal.net"
2a0d:5600:24:1377::d001 - - [25/Aug/2026:10:20:41 +0900] "DELETE /wp-json/wp/v2/pages/53 HTTP/1.1" 401 112 "-" "python-httpx/0.28.1"
172.233.79.144 - - [25/Aug/2026:10:20:47 +0900] "POST /wp-cron.php?doing_wp_cron=1787620847.5286169052124023437500 HTTP/1.1" 200 20 "-" "WordPress/6.9.4; https://jansochnaportal.net"
2a0d:5600:24:1377::d001 - - [25/Aug/2026:10:20:46 +0900] "DELETE /wp-json/wp/v2/pages/53 HTTP/1.1" 401 112 "-" "python-httpx/0.28.1"
2a0d:5600:24:1377::d001 - - [25/Aug/2026:10:20:51 +0900] "DELETE /wp-json/wp/v2/pages/53 HTTP/1.1" 401 112 "-" "python-httpx/0.28.1"
172.233.79.144 - - [25/Aug/2026:10:43:02 +0900] "POST /wp-cron.php?doing_wp_cron=1787622182.3869209289550781250000 HTTP/1.1" 200 20 "-" "WordPress/6.9.4; https://jansochnaportal.net"
2a06:98c0:3600::103 - - [25/Aug/2026:10:43:01 +0900] "GET /wp-admin/install.php?step=1 HTTP/1.1" 200 513 "-" "http://jansochnaportal.net/wp-admin/install.php?step=1"
40.77.167.130 - - [25/Aug/2026:10:43:39 +0900] "GET / HTTP/1.1" 200 64363 "-" "Mozilla/5.0 AppleWebKit/537.36 (KHTML, like Gecko; compatible; bingbot/2.0; +http://www.bing.com/bingbot.htm) Chrome/116.0.1938.76 Safari/537.36"
128.14.194.11 - - [25/Aug/2026:10:53:56 +0900] "GET /wp-content/uploads/2026/02/Jan-soochna-Schemes-Information-1024x512-1.webp HTTP/1.1" 200 38548 "-" "Mozilla/5.0 (Windows NT 10.0; Win64; x64) AppleWebKit/537.36 (KHTML, like Gecko) Chrome/149.0.0.0 Safari/537.36"
128.14.194.11 - - [25/Aug/2026:10:54:13 +0900] "GET /wp-content/uploads/2026/02/Quick-Guide-to-Bhoomi-Mutation-Extracts-and-Status-Checks-1-1024x538.webp HTTP/1.1" 200 27328 "-" "Mozilla/5.0 (Windows NT 10.0; Win64; x64) AppleWebKit/537.36 (KHTML, like Gecko) Chrome/149.0.0.0 Safari/537.36"
128.14.194.11 - - [25/Aug/2026:10:54:25 +0900] "GET /wp-content/uploads/2026/02/jan-soochna-portal-departments-1-1024x632.webp HTTP/1.1" 200 37882 "-" "Mozilla/5.0 (Windows NT 10.0; Win64; x64) AppleWebKit/537.36 (KHTML, like Gecko) Chrome/149.0.0.0 Safari/537.36"
128.14.194.11 - - [25/Aug/2026:10:54:56 +0900] "GET /wp-content/uploads/2026/02/hrt-1024x583.webp HTTP/1.1" 200 36254 "-" "Mozilla/5.0 (Windows NT 10.0; Win64; x64) AppleWebKit/537.36 (KHTML, like Gecko) Chrome/149.0.0.0 Safari/537.36"
185.191.171.18 - - [25/Aug/2026:10:55:01 +0900] "GET /%E0%A4%AA%E0%A5%8D%E0%A4%B0%E0%A4%95%E0%A5%8D%E0%A4%B0%E0%A4%BF%E0%A4%AF%E0%A4%BE-%E0%A4%AA%E0%A5%82%E0%A4%B0%E0%A5%80/ HTTP/1.1" 200 34360 "-" "Mozilla/5.0 (compatible; SemrushBot/7~bl; +http://www.semrush.com/bot.html)"
128.14.194.11 - - [25/Aug/2026:10:55:26 +0900] "GET /wp-content/uploads/2026/02/ioy.webp HTTP/1.1" 200 69282 "-" "Mozilla/5.0 (Windows NT 10.0; Win64; x64) AppleWebKit/537.36 (KHTML, like Gecko) Chrome/149.0.0.0 Safari/537.36"
128.14.194.11 - - [25/Aug/2026:10:55:34 +0900] "GET /wp-content/uploads/2026/02/Jan-Suchna-Port09l-2.webp HTTP/1.1" 200 55470 "-" "Mozilla/5.0 (Windows NT 10.0; Win64; x64) AppleWebKit/537.36 (KHTML, like Gecko) Chrome/149.0.0.0 Safari/537.36"
128.14.194.11 - - [25/Aug/2026:10:55:38 +0900] "GET /wp-content/uploads/2026/02/cropped-images__4_-removebg-preview-1.png HTTP/1.1" 200 25449 "-" "Mozilla/5.0 (Windows NT 10.0; Win64; x64) AppleWebKit/537.36 (KHTML, like Gecko) Chrome/149.0.0.0 Safari/537.36"
2a03:1b20:5:f011::a05d - - [25/Aug/2026:10:55:49 +0900] "GET /wp-content/uploads/2026/02/cropped-images__4_-removebg-preview-192x192.png HTTP/1.1" 200 20574 "-" "python-httpx/0.28.1"
128.14.194.11 - - [25/Aug/2026:10:56:53 +0900] "GET /wp-content/uploads/2026/02/ChatGPT-Image-Feb-9-2026-02_43_05-AM-1024x683.webp HTTP/1.1" 200 151944 "-" "Mozilla/5.0 (Windows NT 10.0; Win64; x64) AppleWebKit/537.36 (KHTML, like Gecko) Chrome/149.0.0.0 Safari/537.36"
128.14.194.11 - - [25/Aug/2026:10:57:58 +0900] "GET /wp-content/uploads/2026/02/ChatGPT-Image-Feb-9-2026-02_30_41-AM-1024x683.webp HTTP/1.1" 200 214946 "-" "Mozilla/5.0 (Windows NT 10.0; Win64; x64) AppleWebKit/537.36 (KHTML, like Gecko) Chrome/149.0.0.0 Safari/537.36"
128.14.194.11 - - [25/Aug/2026:10:58:01 +0900] "GET /wp-content/uploads/2026/02/10.1177_20552076221102255-fig2-1024x731.webp HTTP/1.1" 200 82144 "-" "Mozilla/5.0 (Windows NT 10.0; Win64; x64) AppleWebKit/537.36 (KHTML, like Gecko) Chrome/149.0.0.0 Safari/537.36"
40.77.167.41 - - [25/Aug/2026:11:13:11 +0900] "GET /e-dharti-%E0%A4%A6%E0%A4%BF%E0%A4%B2%E0%A5%8D%E0%A4%B2%E0%A5%80-%E0%A4%B8%E0%A4%BF%E0%A4%B8%E0%A5%8D%E0%A4%9F%E0%A4%AE/ HTTP/1.1" 200 40156 "-" "Mozilla/5.0 AppleWebKit/537.36 (KHTML, like Gecko; compatible; bingbot/2.0; +http://www.bing.com/bingbot.htm) Chrome/116.0.1938.76 Safari/537.36"
172.233.79.144 - - [25/Aug/2026:11:24:18 +0900] "POST /wp-cron.php?doing_wp_cron=1787624658.8352630138397216796875 HTTP/1.1" 200 20 "-" "WordPress/6.9.4; https://jansochnaportal.net"
216.73.216.111 - - [25/Aug/2026:11:24:15 +0900] "GET /robots.txt HTTP/1.1" 200 118 "-" "Mozilla/5.0 AppleWebKit/537.36 (KHTML, like Gecko; compatible; ClaudeBot/1.0; +claudebot@anthropic.com)"
216.73.216.111 - - [25/Aug/2026:11:24:19 +0900] "GET /sitemap_index.xml HTTP/1.1" 200 322 "-" "Mozilla/5.0 AppleWebKit/537.36 (KHTML, like Gecko; compatible; ClaudeBot/1.0; +claudebot@anthropic.com)"