HEX
Server: LiteSpeed
System: Linux osault1.hostarmada.net 4.18.0-553.123.2.lve.el8.x86_64 #1 SMP Thu May 7 23:17:13 UTC 2026 x86_64
User: tucom (1048)
PHP: 8.4.24
Disabled: NONE
Upload Files
File: /home2/tucom/access-logs/jansochnaportal.net.tu1.com-ssl_log
45.248.194.134 - - [24/Aug/2026:21:17:43 +0900] "GET / HTTP/1.1" 200 64372 "https://www.bing.com/" "Mozilla/5.0 (Windows NT 10.0; Win64; x64) AppleWebKit/537.36 (KHTML, like Gecko) Chrome/151.0.0.0 Safari/537.36 Edg/151.0.0.0"
52.167.144.196 - - [24/Aug/2026:21:19:23 +0900] "GET /%E0%A4%95%E0%A4%BE%E0%A4%AE-%E0%A4%95%E0%A4%B0%E0%A4%A4%E0%A4%BE/ HTTP/1.1" 200 34738 "-" "Mozilla/5.0 AppleWebKit/537.36 (KHTML, like Gecko; compatible; bingbot/2.0; +http://www.bing.com/bingbot.htm) Chrome/116.0.1938.76 Safari/537.36"
40.77.179.221 - - [24/Aug/2026:21:19:35 +0900] "GET /wp-includes/js/comment-reply.min.js?ver=6.9.4 HTTP/1.1" 200 1247 "https://jansochnaportal.net/%E0%A4%95%E0%A4%BE%E0%A4%AE-%E0%A4%95%E0%A4%B0%E0%A4%A4%E0%A4%BE/" "Mozilla/5.0 (Windows NT 10.0; Win64; x64) AppleWebKit/537.36 (KHTML, like Gecko) HeadlessChrome/146.0.7680.165 Safari/537.36"
40.77.179.221 - - [24/Aug/2026:21:19:35 +0900] "GET /wp-content/plugins/kadence-blocks-pro/includes/assets/js/splide.min.js?ver=2.8.14 HTTP/1.1" 200 12593 "https://jansochnaportal.net/%E0%A4%95%E0%A4%BE%E0%A4%AE-%E0%A4%95%E0%A4%B0%E0%A4%A4%E0%A4%BE/" "Mozilla/5.0 (Windows NT 10.0; Win64; x64) AppleWebKit/537.36 (KHTML, like Gecko) HeadlessChrome/146.0.7680.165 Safari/537.36"
49.51.166.228 - - [24/Aug/2026:22:08:47 +0900] "GET / HTTP/1.1" 200 64372 "http://jansochnaportal.net" "Mozilla/5.0 (iPhone; CPU iPhone OS 13_2_3 like Mac OS X) AppleWebKit/605.1.15 (KHTML, like Gecko) Version/13.0.3 Mobile/15E148 Safari/604.1"
202.141.82.178 - - [24/Aug/2026:22:11:17 +0900] "GET / HTTP/1.1" 200 64372 "https://in.search.yahoo.com/" "Mozilla/5.0 (Windows NT 10.0; Win64; x64) AppleWebKit/537.36 (KHTML, like Gecko) Chrome/151.0.0.0 Safari/537.36"
172.233.79.144 - - [24/Aug/2026:22:11:23 +0900] "POST /wp-cron.php?doing_wp_cron=1787577083.2787840366363525390625 HTTP/1.1" 200 20 "-" "WordPress/6.9.4; https://jansochnaportal.net"
167.114.139.74 - - [24/Aug/2026:22:11:20 +0900] "GET /sitemap_index.xml HTTP/1.1" 200 322 "-" "Mozilla/5.0 (compatible; AhrefsBot/7.0; +http://ahrefs.com/robot/)"
142.44.220.56 - - [24/Aug/2026:22:11:25 +0900] "GET /post-sitemap.xml HTTP/1.1" 200 1937 "-" "Mozilla/5.0 (compatible; AhrefsBot/7.0; +http://ahrefs.com/robot/)"
54.39.136.205 - - [24/Aug/2026:22:11:27 +0900] "GET /page-sitemap.xml HTTP/1.1" 200 1065 "-" "Mozilla/5.0 (compatible; AhrefsBot/7.0; +http://ahrefs.com/robot/)"
51.222.168.38 - - [24/Aug/2026:22:11:29 +0900] "GET /category-sitemap.xml HTTP/1.1" 200 397 "-" "Mozilla/5.0 (compatible; AhrefsBot/7.0; +http://ahrefs.com/robot/)"
172.233.79.144 - - [24/Aug/2026:22:13:32 +0900] "POST /wp-cron.php?doing_wp_cron=1787577212.8199861049652099609375 HTTP/1.1" 200 20 "-" "WordPress/6.9.4; https://jansochnaportal.net"
2a06:98c0:3600::103 - - [24/Aug/2026:22:13:32 +0900] "GET /wp-admin/install.php?step=1 HTTP/1.1" 200 513 "-" "http://jansochnaportal.net/wp-admin/install.php?step=1"
52.167.144.16 - - [24/Aug/2026:22:49:46 +0900] "GET /%E0%A4%B8%E0%A5%81%E0%A4%B5%E0%A4%BF%E0%A4%A7%E0%A4%BE/ HTTP/1.1" 200 34996 "-" "Mozilla/5.0 AppleWebKit/537.36 (KHTML, like Gecko; compatible; bingbot/2.0; +http://www.bing.com/bingbot.htm) Chrome/116.0.1938.76 Safari/537.36"
172.233.79.144 - - [24/Aug/2026:23:02:01 +0900] "POST /wp-cron.php?doing_wp_cron=1787580121.0600380897521972656250 HTTP/1.1" 200 20 "-" "WordPress/6.9.4; https://jansochnaportal.net"
40.77.167.76 - - [24/Aug/2026:23:01:57 +0900] "GET /wp-json/wp/v2/posts/172 HTTP/1.1" 200 10338 "-" "Mozilla/5.0 AppleWebKit/537.36 (KHTML, like Gecko; compatible; bingbot/2.0; +http://www.bing.com/bingbot.htm) Chrome/116.0.1938.76 Safari/537.36"
117.245.57.22 - - [24/Aug/2026:23:10:46 +0900] "GET / HTTP/1.1" 200 64372 "https://www.bing.com/" "Mozilla/5.0 (Windows NT 10.0; Win64; x64) AppleWebKit/537.36 (KHTML, like Gecko) Chrome/151.0.0.0 Safari/537.36 Edg/151.0.0.0"
117.245.57.22 - - [24/Aug/2026:23:10:48 +0900] "GET /wp-content/uploads/2026/02/Quick-Guide-to-Bhoomi-Mutation-Extracts-and-Status-Checks-1.webp HTTP/1.1" 200 53572 "https://jansochnaportal.net/" "Mozilla/5.0 (Windows NT 10.0; Win64; x64) AppleWebKit/537.36 (KHTML, like Gecko) Chrome/151.0.0.0 Safari/537.36 Edg/151.0.0.0"
172.233.79.144 - - [24/Aug/2026:23:24:32 +0900] "POST /wp-cron.php?doing_wp_cron=1787581472.1205890178680419921875 HTTP/1.1" 200 20 "-" "WordPress/6.9.4; https://jansochnaportal.net"
170.124.101.235 - - [24/Aug/2026:23:24:29 +0900] "GET /robots.txt HTTP/1.1" 200 118 "-" "Mozilla/5.0 (Windows NT 10.0; Win64; x64) AppleWebKit/537.36 (KHTML, like Gecko) Edg/126.0.2592.68 Safari/537.36"
47.128.35.61 - - [24/Aug/2026:23:31:02 +0900] "GET /robots.txt HTTP/1.1" 403 1242 "-" "Mozilla/5.0 (Linux; Android 5.0) AppleWebKit/537.36 (KHTML, like Gecko) Mobile Safari/537.36 (compatible; Bytespider; https://bytedance.sg.larkoffice.com/docx/K5bxdypulop3IIxrJb0lOjLVgFe)"
172.233.79.144 - - [24/Aug/2026:23:55:55 +0900] "POST /wp-cron.php?doing_wp_cron=1787583354.9645450115203857421875 HTTP/1.1" 200 20 "-" "WordPress/6.9.4; https://jansochnaportal.net"
216.73.216.73 - - [24/Aug/2026:23:55:52 +0900] "GET /robots.txt HTTP/1.1" 200 118 "-" "Mozilla/5.0 AppleWebKit/537.36 (KHTML, like Gecko; compatible; ClaudeBot/1.0; +claudebot@anthropic.com)"
216.73.216.73 - - [24/Aug/2026:23:55:55 +0900] "GET /sitemap_index.xml HTTP/1.1" 200 322 "-" "Mozilla/5.0 AppleWebKit/537.36 (KHTML, like Gecko; compatible; ClaudeBot/1.0; +claudebot@anthropic.com)"
172.233.79.144 - - [25/Aug/2026:00:21:58 +0900] "POST /wp-cron.php?doing_wp_cron=1787584918.2873370647430419921875 HTTP/1.1" 200 20 "-" "WordPress/6.9.4; https://jansochnaportal.net"
2a01:9700:85a0:c700:b80c:9ddf:dd0a:35f5 - - [25/Aug/2026:00:21:55 +0900] "POST /xmlrpc.php HTTP/1.1" 200 206 "-" "WordPress.com; https://wordpress.com"
2a01:9700:85a0:c700:b80c:9ddf:dd0a:35f5 - - [25/Aug/2026:00:22:05 +0900] "POST /xmlrpc.php HTTP/1.1" 200 206 "-" "WordPress.com; https://wordpress.com"
2a01:9700:85a0:c700:b80c:9ddf:dd0a:35f5 - - [25/Aug/2026:00:22:17 +0900] "POST /xmlrpc.php HTTP/1.1" 200 206 "-" "Jetpack/13.0; WordPress/6.3; http://site68483012.com"
2a01:9700:85a0:c700:b80c:9ddf:dd0a:35f5 - - [25/Aug/2026:00:22:29 +0900] "POST /xmlrpc.php HTTP/1.1" 200 206 "-" "WordPress.com; https://wordpress.com"
172.233.79.144 - - [25/Aug/2026:00:22:40 +0900] "POST /wp-cron.php?doing_wp_cron=1787584960.6200840473175048828125 HTTP/1.1" 200 20 "-" "WordPress/6.9.4; https://jansochnaportal.net"
2a01:9700:85a0:c700:b80c:9ddf:dd0a:35f5 - - [25/Aug/2026:00:22:39 +0900] "POST /xmlrpc.php HTTP/1.1" 200 206 "-" "Jetpack/12.1; WordPress/6.3; http://site15377721.com"
172.233.79.144 - - [25/Aug/2026:00:22:51 +0900] "POST /wp-cron.php?doing_wp_cron=1787584971.5672199726104736328125 HTTP/1.1" 200 20 "-" "WordPress/6.9.4; https://jansochnaportal.net"
2a01:9700:85a0:c700:b80c:9ddf:dd0a:35f5 - - [25/Aug/2026:00:22:50 +0900] "POST /xmlrpc.php HTTP/1.1" 200 206 "-" "WordPress.com; https://wordpress.com"
172.233.79.144 - - [25/Aug/2026:00:22:52 +0900] "GET /%E0%A4%87%E0%A4%B8%E0%A4%95%E0%A5%87-%E0%A4%B5%E0%A4%BF%E0%A4%AD%E0%A4%BE%E0%A4%97%E0%A5%8B%E0%A4%82-%E0%A4%95%E0%A4%BE-%E0%A4%85%E0%A4%B5%E0%A4%B2%E0%A5%8B%E0%A4%95%E0%A4%A8/ HTTP/1.1" 200 34278 "-" "WP Rocket/Preload"
172.233.79.144 - - [25/Aug/2026:00:22:54 +0900] "GET /%E0%A4%9C%E0%A4%A8-%E0%A4%B8%E0%A5%82%E0%A4%9A%E0%A4%A8%E0%A4%BE-%E0%A4%AA%E0%A5%8B%E0%A4%B0%E0%A5%8D%E0%A4%9F%E0%A4%B2-%E0%A4%B0%E0%A4%BE%E0%A4%9C%E0%A4%B8%E0%A5%8D%E0%A4%A5%E0%A4%BE%E0%A4%A8/ HTTP/1.1" 200 36327 "-" "WP Rocket/Preload"
172.233.79.144 - - [25/Aug/2026:00:22:55 +0900] "GET /%E0%A4%B0%E0%A4%BE%E0%A4%9C%E0%A4%B8%E0%A5%8D%E0%A4%A5%E0%A4%BE%E0%A4%A8-%E0%A4%9C%E0%A4%A8-%E0%A4%B8%E0%A5%82%E0%A4%9A%E0%A4%A8%E0%A4%BE-%E0%A4%AA%E0%A5%8B%E0%A4%B0%E0%A5%8D%E0%A4%9F%E0%A4%B2/ HTTP/1.1" 200 36044 "-" "WP Rocket/Preload"
172.233.79.144 - - [25/Aug/2026:00:22:57 +0900] "GET /%E0%A4%9F%E0%A5%8B%E0%A4%B2-%E0%A4%AB%E0%A5%8D%E0%A4%B0%E0%A5%80-%E0%A4%A8%E0%A4%82%E0%A4%AC%E0%A4%B0-%E0%A4%95%E0%A5%88%E0%A4%B8%E0%A5%87/ HTTP/1.1" 200 38408 "-" "WP Rocket/Preload"
172.233.79.144 - - [25/Aug/2026:00:22:58 +0900] "GET /%E0%A4%B2%E0%A5%89%E0%A4%A8%E0%A5%8D%E0%A4%9A-%E0%A4%95%E0%A5%80-%E0%A4%A4%E0%A4%BE%E0%A4%B0%E0%A5%80%E0%A4%96/ HTTP/1.1" 200 37189 "-" "WP Rocket/Preload"
172.233.79.144 - - [25/Aug/2026:00:23:00 +0900] "GET /author/mishal/ HTTP/1.1" 200 28391 "-" "WP Rocket/Preload"
172.233.79.144 - - [25/Aug/2026:00:23:01 +0900] "GET /category/uncategorized/ HTTP/1.1" 200 20680 "-" "WP Rocket/Preload"
2a01:9700:85a0:c700:b80c:9ddf:dd0a:35f5 - - [25/Aug/2026:00:23:02 +0900] "POST /xmlrpc.php HTTP/1.1" 200 206 "-" "Jetpack/12.0; WordPress/6.2; http://site74494577.com"
172.233.79.144 - - [25/Aug/2026:00:23:03 +0900] "GET /%E0%A4%9C%E0%A4%BE%E0%A4%A8%E0%A4%95%E0%A4%BE%E0%A4%B0%E0%A5%80/ HTTP/1.1" 200 34086 "-" "WP Rocket/Preload"
2a01:9700:85a0:c700:b80c:9ddf:dd0a:35f5 - - [25/Aug/2026:00:23:12 +0900] "POST /xmlrpc.php HTTP/1.1" 200 206 "-" "Jetpack/12.0; WordPress/6.1; http://site87325223.com"
2a01:9700:85a0:c700:b80c:9ddf:dd0a:35f5 - - [25/Aug/2026:00:23:23 +0900] "POST /xmlrpc.php HTTP/1.1" 200 206 "-" "WordPress.com; https://wordpress.com"
172.233.79.144 - - [25/Aug/2026:00:23:37 +0900] "POST /wp-cron.php?doing_wp_cron=1787585017.7982358932495117187500 HTTP/1.1" 200 20 "-" "WordPress/6.9.4; https://jansochnaportal.net"
2a01:9700:85a0:c700:b80c:9ddf:dd0a:35f5 - - [25/Aug/2026:00:23:37 +0900] "POST /xmlrpc.php HTTP/1.1" 200 206 "-" "Jetpack/12.5; WordPress/6.1; http://site45666476.com"
172.233.79.144 - - [25/Aug/2026:00:23:50 +0900] "POST /wp-cron.php?doing_wp_cron=1787585030.4748098850250244140625 HTTP/1.1" 200 20 "-" "WordPress/6.9.4; https://jansochnaportal.net"
2a01:9700:85a0:c700:b80c:9ddf:dd0a:35f5 - - [25/Aug/2026:00:23:49 +0900] "POST /xmlrpc.php HTTP/1.1" 200 206 "-" "Jetpack/12.0; WordPress/6.3; http://site76517498.com"
2a01:9700:85a0:c700:b80c:9ddf:dd0a:35f5 - - [25/Aug/2026:00:24:00 +0900] "POST /xmlrpc.php HTTP/1.1" 200 206 "-" "WordPress.com; https://wordpress.com"
2a01:9700:85a0:c700:b80c:9ddf:dd0a:35f5 - - [25/Aug/2026:00:24:11 +0900] "POST /xmlrpc.php HTTP/1.1" 200 206 "-" "Jetpack by WordPress.com"
2a01:9700:85a0:c700:b80c:9ddf:dd0a:35f5 - - [25/Aug/2026:00:24:22 +0900] "POST /xmlrpc.php HTTP/1.1" 200 206 "-" "Jetpack/12.5; WordPress/6.1; http://site46285843.com"
172.233.79.144 - - [25/Aug/2026:00:24:34 +0900] "POST /wp-cron.php?doing_wp_cron=1787585074.4335899353027343750000 HTTP/1.1" 200 20 "-" "WordPress/6.9.4; https://jansochnaportal.net"
2a01:9700:85a0:c700:b80c:9ddf:dd0a:35f5 - - [25/Aug/2026:00:24:33 +0900] "POST /xmlrpc.php HTTP/1.1" 200 206 "-" "WordPress.com; https://wordpress.com"
2a01:9700:85a0:c700:b80c:9ddf:dd0a:35f5 - - [25/Aug/2026:00:24:44 +0900] "POST /xmlrpc.php HTTP/1.1" 200 206 "-" "Jetpack/12.0; WordPress/6.4; http://site87683014.com"
172.233.79.144 - - [25/Aug/2026:00:24:56 +0900] "POST /wp-cron.php?doing_wp_cron=1787585096.0023779869079589843750 HTTP/1.1" 200 20 "-" "WordPress/6.9.4; https://jansochnaportal.net"
2a01:9700:85a0:c700:b80c:9ddf:dd0a:35f5 - - [25/Aug/2026:00:24:55 +0900] "POST /xmlrpc.php HTTP/1.1" 200 206 "-" "Jetpack/13.0; WordPress/6.1; http://site55362894.com"
2a01:9700:85a0:c700:b80c:9ddf:dd0a:35f5 - - [25/Aug/2026:00:25:05 +0900] "POST /xmlrpc.php HTTP/1.1" 200 206 "-" "Jetpack by WordPress.com (Jetpack 12.5; WordPress 6.1)"
74.7.175.186 - - [25/Aug/2026:00:25:09 +0900] "GET /robots.txt HTTP/1.1" 200 118 "-" "Mozilla/5.0 (Macintosh; Intel Mac OS X 10_15_7) AppleWebKit/537.36 (KHTML, like Gecko) Chrome/131.0.0.0 Safari/537.36; compatible; OAI-SearchBot/1.4; robots.txt; +https://openai.com/searchbot"
74.7.242.22 - - [25/Aug/2026:00:25:09 +0900] "GET /sitemap_index.xml HTTP/1.1" 200 322 "-" "Mozilla/5.0 AppleWebKit/537.36 (KHTML, like Gecko; compatible; GPTBot/1.4; +https://openai.com/gptbot)"
2a06:98c0:3600::103 - - [25/Aug/2026:00:25:10 +0900] "GET /wp-admin/install.php?step=1 HTTP/1.1" 200 513 "-" "http://jansochnaportal.net/wp-admin/install.php?step=1"
2a01:9700:85a0:c700:b80c:9ddf:dd0a:35f5 - - [25/Aug/2026:00:25:16 +0900] "POST /xmlrpc.php HTTP/1.1" 200 206 "-" "Jetpack/13.0; WordPress/6.2; http://site61229957.com"
2a01:9700:85a0:c700:b80c:9ddf:dd0a:35f5 - - [25/Aug/2026:00:25:26 +0900] "POST /xmlrpc.php HTTP/1.1" 200 206 "-" "WordPress.com; https://wordpress.com"
172.233.79.144 - - [25/Aug/2026:00:25:39 +0900] "POST /wp-cron.php?doing_wp_cron=1787585139.2933568954467773437500 HTTP/1.1" 200 20 "-" "WordPress/6.9.4; https://jansochnaportal.net"
2a01:9700:85a0:c700:b80c:9ddf:dd0a:35f5 - - [25/Aug/2026:00:25:37 +0900] "POST /xmlrpc.php HTTP/1.1" 200 206 "-" "Jetpack by WordPress.com (Jetpack 12.1; WordPress 6.3)"
172.233.79.144 - - [25/Aug/2026:00:25:49 +0900] "POST /wp-cron.php?doing_wp_cron=1787585149.7564070224761962890625 HTTP/1.1" 200 20 "-" "WordPress/6.9.4; https://jansochnaportal.net"
2a01:9700:85a0:c700:b80c:9ddf:dd0a:35f5 - - [25/Aug/2026:00:25:48 +0900] "POST /xmlrpc.php HTTP/1.1" 200 206 "-" "Jetpack/12.5; WordPress/6.2; http://site80450313.com"
2a01:9700:85a0:c700:b80c:9ddf:dd0a:35f5 - - [25/Aug/2026:00:25:58 +0900] "POST /xmlrpc.php HTTP/1.1" 200 206 "-" "WordPress.com; https://wordpress.com"
2a01:9700:85a0:c700:b80c:9ddf:dd0a:35f5 - - [25/Aug/2026:00:26:09 +0900] "POST /xmlrpc.php HTTP/1.1" 200 206 "-" "Jetpack/12.5; WordPress/6.2; http://site49327480.com"
2401:4900:463e:30d8:145a:6cff:fee7:d3ec - - [25/Aug/2026:00:26:17 +0900] "GET / HTTP/1.1" 200 64372 "https://www.bing.com/" "Mozilla/5.0 (Linux; Android 10; K) AppleWebKit/537.36 (KHTML, like Gecko) Chrome/151.0.0.0 Mobile Safari/537.36"
2a01:9700:85a0:c700:b80c:9ddf:dd0a:35f5 - - [25/Aug/2026:00:26:20 +0900] "POST /xmlrpc.php HTTP/1.1" 200 206 "-" "WordPress.com; https://wordpress.com"
2a01:9700:85a0:c700:b80c:9ddf:dd0a:35f5 - - [25/Aug/2026:00:26:30 +0900] "POST /xmlrpc.php HTTP/1.1" 200 206 "-" "Jetpack/12.0; WordPress/6.4; http://site91471762.com"
172.233.79.144 - - [25/Aug/2026:00:26:45 +0900] "POST /wp-cron.php?doing_wp_cron=1787585205.0392060279846191406250 HTTP/1.1" 200 20 "-" "WordPress/6.9.4; https://jansochnaportal.net"
2a01:9700:85a0:c700:b80c:9ddf:dd0a:35f5 - - [25/Aug/2026:00:26:41 +0900] "POST /xmlrpc.php HTTP/1.1" 200 206 "-" "WordPress.com; https://wordpress.com"
172.233.79.144 - - [25/Aug/2026:00:26:55 +0900] "POST /wp-cron.php?doing_wp_cron=1787585215.6486239433288574218750 HTTP/1.1" 200 20 "-" "WordPress/6.9.4; https://jansochnaportal.net"
2a01:9700:85a0:c700:b80c:9ddf:dd0a:35f5 - - [25/Aug/2026:00:26:52 +0900] "POST /xmlrpc.php HTTP/1.1" 200 206 "-" "Jetpack/13.0; WordPress/6.3; http://site39337714.com"
2a01:9700:85a0:c700:b80c:9ddf:dd0a:35f5 - - [25/Aug/2026:00:27:02 +0900] "POST /xmlrpc.php HTTP/1.1" 200 206 "-" "Jetpack by WordPress.com"
2a01:9700:85a0:c700:b80c:9ddf:dd0a:35f5 - - [25/Aug/2026:00:27:13 +0900] "POST /xmlrpc.php HTTP/1.1" 200 206 "-" "Jetpack by WordPress.com"
2a01:9700:85a0:c700:b80c:9ddf:dd0a:35f5 - - [25/Aug/2026:00:27:23 +0900] "POST /xmlrpc.php HTTP/1.1" 200 206 "-" "Jetpack by WordPress.com"
172.233.79.144 - - [25/Aug/2026:00:27:36 +0900] "POST /wp-cron.php?doing_wp_cron=1787585256.5775361061096191406250 HTTP/1.1" 200 20 "-" "WordPress/6.9.4; https://jansochnaportal.net"
2a06:98c0:3600::103 - - [25/Aug/2026:00:27:36 +0900] "GET /wp-admin/install.php?step=1 HTTP/1.1" 200 513 "-" "http://jansochnaportal.net/wp-admin/install.php?step=1"
172.233.79.144 - - [25/Aug/2026:00:27:38 +0900] "POST /wp-cron.php?doing_wp_cron=1787585258.2888689041137695312500 HTTP/1.1" 200 20 "-" "WordPress/6.9.4; https://jansochnaportal.net"
2a01:9700:85a0:c700:b80c:9ddf:dd0a:35f5 - - [25/Aug/2026:00:27:33 +0900] "POST /xmlrpc.php HTTP/1.1" 200 206 "-" "WordPress.com; https://wordpress.com"
172.233.79.144 - - [25/Aug/2026:00:27:49 +0900] "POST /wp-cron.php?doing_wp_cron=1787585269.8683850765228271484375 HTTP/1.1" 200 20 "-" "WordPress/6.9.4; https://jansochnaportal.net"
2a01:9700:85a0:c700:b80c:9ddf:dd0a:35f5 - - [25/Aug/2026:00:27:45 +0900] "POST /xmlrpc.php HTTP/1.1" 200 206 "-" "Jetpack/13.0; WordPress/6.2; http://site37323213.com"
2a01:9700:85a0:c700:b80c:9ddf:dd0a:35f5 - - [25/Aug/2026:00:27:54 +0900] "POST /xmlrpc.php HTTP/1.1" 200 990 "-" "Jetpack by WordPress.com (Jetpack 12.0; WordPress 6.2)"
2a01:9700:85a0:c700:b80c:9ddf:dd0a:35f5 - - [25/Aug/2026:00:28:06 +0900] "POST /xmlrpc.php HTTP/1.1" 200 990 "-" "Jetpack/13.0; WordPress/6.4; http://site64419531.com"
2a01:9700:85a0:c700:b80c:9ddf:dd0a:35f5 - - [25/Aug/2026:00:28:16 +0900] "POST /xmlrpc.php HTTP/1.1" 200 990 "-" "WordPress.com; https://wordpress.com"
2a01:9700:85a0:c700:b80c:9ddf:dd0a:35f5 - - [25/Aug/2026:00:28:27 +0900] "POST /xmlrpc.php HTTP/1.1" 200 990 "-" "WordPress.com; https://wordpress.com"
2a01:9700:85a0:c700:b80c:9ddf:dd0a:35f5 - - [25/Aug/2026:00:28:38 +0900] "POST /xmlrpc.php HTTP/1.1" 403 0 "-" "Jetpack by WordPress.com (Jetpack 12.0; WordPress 6.4)"
2a01:9700:85a0:c700:b80c:9ddf:dd0a:35f5 - - [25/Aug/2026:00:28:48 +0900] "POST /xmlrpc.php HTTP/1.1" 403 1242 "-" "WordPress.com; https://wordpress.com"
2a01:9700:85a0:c700:b80c:9ddf:dd0a:35f5 - - [25/Aug/2026:00:28:59 +0900] "POST /xmlrpc.php HTTP/1.1" 403 1242 "-" "WordPress.com; https://wordpress.com"
2a01:9700:85a0:c700:b80c:9ddf:dd0a:35f5 - - [25/Aug/2026:00:29:09 +0900] "POST /xmlrpc.php HTTP/1.1" 403 1242 "-" "Jetpack/13.0; WordPress/6.4; http://site83372824.com"
2a01:9700:85a0:c700:b80c:9ddf:dd0a:35f5 - - [25/Aug/2026:00:29:20 +0900] "POST /xmlrpc.php HTTP/1.1" 403 1242 "-" "Jetpack/12.5; WordPress/6.4; http://site96051615.com"
2a01:9700:85a0:c700:b80c:9ddf:dd0a:35f5 - - [25/Aug/2026:00:29:31 +0900] "POST /xmlrpc.php HTTP/1.1" 403 1242 "-" "WordPress.com; https://wordpress.com"
2a01:9700:85a0:c700:b80c:9ddf:dd0a:35f5 - - [25/Aug/2026:00:29:42 +0900] "POST /xmlrpc.php HTTP/1.1" 403 1242 "-" "WordPress.com; https://wordpress.com"
2a01:9700:85a0:c700:b80c:9ddf:dd0a:35f5 - - [25/Aug/2026:00:29:53 +0900] "POST /xmlrpc.php HTTP/1.1" 403 1242 "-" "WordPress.com; https://wordpress.com"
2a01:9700:85a0:c700:b80c:9ddf:dd0a:35f5 - - [25/Aug/2026:00:30:04 +0900] "POST /xmlrpc.php HTTP/1.1" 403 1242 "-" "Jetpack/12.0; WordPress/6.3; http://site45480820.com"
2a01:9700:85a0:c700:b80c:9ddf:dd0a:35f5 - - [25/Aug/2026:00:30:15 +0900] "POST /xmlrpc.php HTTP/1.1" 403 1242 "-" "Jetpack/12.5; WordPress/6.1; http://site97158657.com"
2a01:9700:85a0:c700:b80c:9ddf:dd0a:35f5 - - [25/Aug/2026:00:30:26 +0900] "POST /xmlrpc.php HTTP/1.1" 403 1242 "-" "Jetpack/12.1; WordPress/6.4; http://site10727372.com"
2a01:9700:85a0:c700:b80c:9ddf:dd0a:35f5 - - [25/Aug/2026:00:30:36 +0900] "POST /xmlrpc.php HTTP/1.1" 403 1242 "-" "Jetpack by WordPress.com (Jetpack 12.5; WordPress 6.4)"
2a01:9700:85a0:c700:b80c:9ddf:dd0a:35f5 - - [25/Aug/2026:00:30:48 +0900] "POST /xmlrpc.php HTTP/1.1" 403 1242 "-" "Jetpack/13.0; WordPress/6.4; http://site62948436.com"
2a01:9700:85a0:c700:b80c:9ddf:dd0a:35f5 - - [25/Aug/2026:00:31:00 +0900] "POST /xmlrpc.php HTTP/1.1" 403 1242 "-" "Jetpack/13.0; WordPress/6.1; http://site18951767.com"
2a01:9700:85a0:c700:b80c:9ddf:dd0a:35f5 - - [25/Aug/2026:00:31:11 +0900] "POST /xmlrpc.php HTTP/1.1" 403 1242 "-" "Jetpack by WordPress.com (Jetpack 12.1; WordPress 6.3)"
2a01:9700:85a0:c700:b80c:9ddf:dd0a:35f5 - - [25/Aug/2026:00:31:22 +0900] "POST /xmlrpc.php HTTP/1.1" 403 1242 "-" "Jetpack by WordPress.com"
2a01:9700:85a0:c700:b80c:9ddf:dd0a:35f5 - - [25/Aug/2026:00:31:32 +0900] "POST /xmlrpc.php HTTP/1.1" 403 1242 "-" "Jetpack by WordPress.com (Jetpack 12.0; WordPress 6.4)"
2a01:9700:85a0:c700:b80c:9ddf:dd0a:35f5 - - [25/Aug/2026:00:31:43 +0900] "POST /xmlrpc.php HTTP/1.1" 403 1242 "-" "Jetpack by WordPress.com (Jetpack 12.5; WordPress 6.3)"
2a01:9700:85a0:c700:b80c:9ddf:dd0a:35f5 - - [25/Aug/2026:00:31:54 +0900] "POST /xmlrpc.php HTTP/1.1" 403 1242 "-" "Jetpack by WordPress.com"
2a01:9700:85a0:c700:b80c:9ddf:dd0a:35f5 - - [25/Aug/2026:00:32:05 +0900] "POST /xmlrpc.php HTTP/1.1" 403 1242 "-" "Jetpack/13.0; WordPress/6.3; http://site40644337.com"
2a01:9700:85a0:c700:b80c:9ddf:dd0a:35f5 - - [25/Aug/2026:00:32:15 +0900] "POST /xmlrpc.php HTTP/1.1" 403 1242 "-" "WordPress.com; https://wordpress.com"
2a01:9700:85a0:c700:b80c:9ddf:dd0a:35f5 - - [25/Aug/2026:00:32:26 +0900] "POST /xmlrpc.php HTTP/1.1" 403 1242 "-" "Jetpack by WordPress.com"
2a01:9700:85a0:c700:b80c:9ddf:dd0a:35f5 - - [25/Aug/2026:00:32:36 +0900] "POST /xmlrpc.php HTTP/1.1" 403 1242 "-" "Jetpack by WordPress.com"
2a01:9700:85a0:c700:b80c:9ddf:dd0a:35f5 - - [25/Aug/2026:00:32:47 +0900] "POST /xmlrpc.php HTTP/1.1" 403 1242 "-" "WordPress.com; https://wordpress.com"
2a01:9700:85a0:c700:b80c:9ddf:dd0a:35f5 - - [25/Aug/2026:00:32:58 +0900] "POST /xmlrpc.php HTTP/1.1" 403 1242 "-" "WordPress.com; https://wordpress.com"
2a01:9700:85a0:c700:b80c:9ddf:dd0a:35f5 - - [25/Aug/2026:00:33:09 +0900] "POST /xmlrpc.php HTTP/1.1" 403 1242 "-" "Jetpack by WordPress.com"
2a01:9700:85a0:c700:b80c:9ddf:dd0a:35f5 - - [25/Aug/2026:00:33:19 +0900] "POST /xmlrpc.php HTTP/1.1" 403 1242 "-" "Jetpack/12.1; WordPress/6.1; http://site55283699.com"
2a01:9700:85a0:c700:b80c:9ddf:dd0a:35f5 - - [25/Aug/2026:00:33:30 +0900] "POST /xmlrpc.php HTTP/1.1" 403 1242 "-" "Jetpack/12.5; WordPress/6.2; http://site67242613.com"
172.233.79.144 - - [25/Aug/2026:00:33:42 +0900] "POST /wp-cron.php?doing_wp_cron=1787585622.4585280418395996093750 HTTP/1.1" 200 20 "-" "WordPress/6.9.4; https://jansochnaportal.net"
2a01:9700:85a0:c700:b80c:9ddf:dd0a:35f5 - - [25/Aug/2026:00:33:40 +0900] "POST /xmlrpc.php HTTP/1.1" 200 206 "-" "WordPress.com; https://wordpress.com"
172.233.79.144 - - [25/Aug/2026:00:33:52 +0900] "POST /wp-cron.php?doing_wp_cron=1787585632.0678029060363769531250 HTTP/1.1" 200 20 "-" "WordPress/6.9.4; https://jansochnaportal.net"
2a01:9700:85a0:c700:b80c:9ddf:dd0a:35f5 - - [25/Aug/2026:00:33:51 +0900] "POST /xmlrpc.php HTTP/1.1" 200 206 "-" "Jetpack by WordPress.com (Jetpack 12.0; WordPress 6.3)"
2a01:9700:85a0:c700:b80c:9ddf:dd0a:35f5 - - [25/Aug/2026:00:34:01 +0900] "POST /xmlrpc.php HTTP/1.1" 200 206 "-" "Jetpack by WordPress.com (Jetpack 12.1; WordPress 6.2)"
2a01:9700:85a0:c700:b80c:9ddf:dd0a:35f5 - - [25/Aug/2026:00:34:12 +0900] "POST /xmlrpc.php HTTP/1.1" 200 206 "-" "WordPress.com; https://wordpress.com"
2a01:9700:85a0:c700:b80c:9ddf:dd0a:35f5 - - [25/Aug/2026:00:34:23 +0900] "POST /xmlrpc.php HTTP/1.1" 200 206 "-" "Jetpack/13.0; WordPress/6.2; http://site80358301.com"
172.233.79.144 - - [25/Aug/2026:00:34:35 +0900] "POST /wp-cron.php?doing_wp_cron=1787585675.3869259357452392578125 HTTP/1.1" 200 20 "-" "WordPress/6.9.4; https://jansochnaportal.net"
2a01:9700:85a0:c700:b80c:9ddf:dd0a:35f5 - - [25/Aug/2026:00:34:34 +0900] "POST /xmlrpc.php HTTP/1.1" 200 206 "-" "Jetpack/12.0; WordPress/6.1; http://site17903332.com"
172.233.79.144 - - [25/Aug/2026:00:34:46 +0900] "POST /wp-cron.php?doing_wp_cron=1787585686.0941269397735595703125 HTTP/1.1" 200 20 "-" "WordPress/6.9.4; https://jansochnaportal.net"
2a01:9700:85a0:c700:b80c:9ddf:dd0a:35f5 - - [25/Aug/2026:00:34:45 +0900] "POST /xmlrpc.php HTTP/1.1" 200 206 "-" "Jetpack by WordPress.com (Jetpack 12.0; WordPress 6.4)"
2a01:9700:85a0:c700:b80c:9ddf:dd0a:35f5 - - [25/Aug/2026:00:34:55 +0900] "POST /xmlrpc.php HTTP/1.1" 200 206 "-" "Jetpack/12.5; WordPress/6.3; http://site30877791.com"
2a01:9700:85a0:c700:b80c:9ddf:dd0a:35f5 - - [25/Aug/2026:00:35:06 +0900] "POST /xmlrpc.php HTTP/1.1" 200 206 "-" "Jetpack by WordPress.com"
2a01:9700:85a0:c700:b80c:9ddf:dd0a:35f5 - - [25/Aug/2026:00:35:17 +0900] "POST /xmlrpc.php HTTP/1.1" 200 206 "-" "Jetpack/13.0; WordPress/6.2; http://site50705253.com"
2a01:9700:85a0:c700:b80c:9ddf:dd0a:35f5 - - [25/Aug/2026:00:35:27 +0900] "POST /xmlrpc.php HTTP/1.1" 200 206 "-" "Jetpack/12.1; WordPress/6.2; http://site96198691.com"
172.233.79.144 - - [25/Aug/2026:00:35:39 +0900] "POST /wp-cron.php?doing_wp_cron=1787585739.0447731018066406250000 HTTP/1.1" 200 20 "-" "WordPress/6.9.4; https://jansochnaportal.net"
2a01:9700:85a0:c700:b80c:9ddf:dd0a:35f5 - - [25/Aug/2026:00:35:38 +0900] "POST /xmlrpc.php HTTP/1.1" 200 206 "-" "Jetpack/13.0; WordPress/6.4; http://site48779716.com"
172.233.79.144 - - [25/Aug/2026:00:35:49 +0900] "POST /wp-cron.php?doing_wp_cron=1787585749.5554609298706054687500 HTTP/1.1" 200 20 "-" "WordPress/6.9.4; https://jansochnaportal.net"
2a01:9700:85a0:c700:b80c:9ddf:dd0a:35f5 - - [25/Aug/2026:00:35:48 +0900] "POST /xmlrpc.php HTTP/1.1" 200 206 "-" "Jetpack by WordPress.com (Jetpack 12.5; WordPress 6.2)"
2a01:9700:85a0:c700:b80c:9ddf:dd0a:35f5 - - [25/Aug/2026:00:35:59 +0900] "POST /xmlrpc.php HTTP/1.1" 200 206 "-" "Jetpack/12.5; WordPress/6.4; http://site69281665.com"
2a01:9700:85a0:c700:b80c:9ddf:dd0a:35f5 - - [25/Aug/2026:00:36:10 +0900] "POST /xmlrpc.php HTTP/1.1" 200 206 "-" "Jetpack by WordPress.com"
2a01:9700:85a0:c700:b80c:9ddf:dd0a:35f5 - - [25/Aug/2026:00:36:20 +0900] "POST /xmlrpc.php HTTP/1.1" 200 206 "-" "Jetpack by WordPress.com"
2a01:9700:85a0:c700:b80c:9ddf:dd0a:35f5 - - [25/Aug/2026:00:36:31 +0900] "POST /xmlrpc.php HTTP/1.1" 200 206 "-" "WordPress.com; https://wordpress.com"
172.233.79.144 - - [25/Aug/2026:00:36:44 +0900] "POST /wp-cron.php?doing_wp_cron=1787585804.7819108963012695312500 HTTP/1.1" 200 20 "-" "WordPress/6.9.4; https://jansochnaportal.net"
2a01:9700:85a0:c700:b80c:9ddf:dd0a:35f5 - - [25/Aug/2026:00:36:42 +0900] "POST /xmlrpc.php HTTP/1.1" 200 206 "-" "Jetpack/12.0; WordPress/6.2; http://site42875265.com"
23.236.183.189 - - [25/Aug/2026:00:36:45 +0900] "GET /wp-content/uploads/2026/05/image-7.jpeg HTTP/1.1" 200 53586 "https://jansochnaportal.net/88aa-slots/" "Mozilla/5.0 (Macintosh; Intel Mac OS X 10_15_7) AppleWebKit/537.36 (KHTML, like Gecko) Chrome/131.0.0.0 Safari/537.36"
64.204.198.210 - - [25/Aug/2026:00:36:54 +0900] "GET /wp-content/uploads/2026/05/image-8.jpeg HTTP/1.1" 200 63378 "https://jansochnaportal.net/88aa-slots/" "Mozilla/5.0 (Macintosh; Intel Mac OS X 10_15_7) AppleWebKit/537.36 (KHTML, like Gecko) Chrome/131.0.0.0 Safari/537.36"
172.233.79.144 - - [25/Aug/2026:00:36:55 +0900] "POST /wp-cron.php?doing_wp_cron=1787585815.1968801021575927734375 HTTP/1.1" 200 20 "-" "WordPress/6.9.4; https://jansochnaportal.net"
2a01:9700:85a0:c700:b80c:9ddf:dd0a:35f5 - - [25/Aug/2026:00:36:52 +0900] "POST /xmlrpc.php HTTP/1.1" 200 206 "-" "Jetpack/13.0; WordPress/6.1; http://site73052675.com"
2a01:9700:85a0:c700:b80c:9ddf:dd0a:35f5 - - [25/Aug/2026:00:37:03 +0900] "POST /xmlrpc.php HTTP/1.1" 200 206 "-" "Jetpack by WordPress.com (Jetpack 12.0; WordPress 6.2)"
2a01:9700:85a0:c700:b80c:9ddf:dd0a:35f5 - - [25/Aug/2026:00:37:13 +0900] "POST /xmlrpc.php HTTP/1.1" 200 206 "-" "WordPress.com; https://wordpress.com"
2a01:9700:85a0:c700:b80c:9ddf:dd0a:35f5 - - [25/Aug/2026:00:37:25 +0900] "POST /xmlrpc.php HTTP/1.1" 200 206 "-" "Jetpack by WordPress.com (Jetpack 13.0; WordPress 6.2)"
172.233.79.144 - - [25/Aug/2026:00:37:39 +0900] "POST /wp-cron.php?doing_wp_cron=1787585859.8471019268035888671875 HTTP/1.1" 200 20 "-" "WordPress/6.9.4; https://jansochnaportal.net"
2a01:9700:85a0:c700:b80c:9ddf:dd0a:35f5 - - [25/Aug/2026:00:37:36 +0900] "POST /xmlrpc.php HTTP/1.1" 200 206 "-" "WordPress.com; https://wordpress.com"
172.233.79.144 - - [25/Aug/2026:00:37:50 +0900] "POST /wp-cron.php?doing_wp_cron=1787585870.5297219753265380859375 HTTP/1.1" 200 20 "-" "WordPress/6.9.4; https://jansochnaportal.net"
2a01:9700:85a0:c700:b80c:9ddf:dd0a:35f5 - - [25/Aug/2026:00:37:46 +0900] "POST /xmlrpc.php HTTP/1.1" 200 206 "-" "WordPress.com; https://wordpress.com"
2a01:9700:85a0:c700:b80c:9ddf:dd0a:35f5 - - [25/Aug/2026:00:37:57 +0900] "POST /xmlrpc.php HTTP/1.1" 200 206 "-" "Jetpack by WordPress.com"
85.208.96.197 - - [25/Aug/2026:00:38:11 +0900] "GET /o8-cong-game-uy-tin/ HTTP/1.1" 200 23160 "-" "Mozilla/5.0 (compatible; SemrushBot/7~bl; +http://www.semrush.com/bot.html)"
185.191.171.19 - - [25/Aug/2026:00:38:12 +0900] "GET /sitemap_index.xml HTTP/1.1" 200 322 "-" "Mozilla/5.0 (compatible; SemrushBot/7~bl; +http://www.semrush.com/bot.html)"
2a01:9700:85a0:c700:b80c:9ddf:dd0a:35f5 - - [25/Aug/2026:00:38:08 +0900] "POST /xmlrpc.php HTTP/1.1" 200 206 "-" "WordPress.com; https://wordpress.com"
172.233.79.144 - - [25/Aug/2026:00:38:19 +0900] "POST /wp-cron.php?doing_wp_cron=1787585899.0521140098571777343750 HTTP/1.1" 200 20 "-" "WordPress/6.9.4; https://jansochnaportal.net"
185.191.171.2 - - [25/Aug/2026:00:38:18 +0900] "GET /category-sitemap.xml HTTP/1.1" 200 397 "-" "Mozilla/5.0 (compatible; SemrushBot/7~bl; +http://www.semrush.com/bot.html)"
2a01:9700:85a0:c700:b80c:9ddf:dd0a:35f5 - - [25/Aug/2026:00:38:17 +0900] "POST /xmlrpc.php HTTP/1.1" 200 206 "-" "Jetpack/12.0; WordPress/6.1; http://site38665901.com"
85.208.96.205 - - [25/Aug/2026:00:38:25 +0900] "GET /page-sitemap.xml HTTP/1.1" 200 1065 "-" "Mozilla/5.0 (compatible; SemrushBot/7~bl; +http://www.semrush.com/bot.html)"
185.191.171.2 - - [25/Aug/2026:00:38:29 +0900] "GET /post-sitemap.xml HTTP/1.1" 200 1937 "-" "Mozilla/5.0 (compatible; SemrushBot/7~bl; +http://www.semrush.com/bot.html)"
2a01:9700:85a0:c700:b80c:9ddf:dd0a:35f5 - - [25/Aug/2026:00:38:29 +0900] "POST /xmlrpc.php HTTP/1.1" 200 206 "-" "Jetpack by WordPress.com"
2a01:9700:85a0:c700:b80c:9ddf:dd0a:35f5 - - [25/Aug/2026:00:38:40 +0900] "POST /xmlrpc.php HTTP/1.1" 200 990 "-" "WordPress.com; https://wordpress.com"
2a01:9700:85a0:c700:b80c:9ddf:dd0a:35f5 - - [25/Aug/2026:00:38:51 +0900] "POST /xmlrpc.php HTTP/1.1" 200 990 "-" "Jetpack by WordPress.com (Jetpack 13.0; WordPress 6.2)"
2a01:9700:85a0:c700:b80c:9ddf:dd0a:35f5 - - [25/Aug/2026:00:39:02 +0900] "POST /xmlrpc.php HTTP/1.1" 200 990 "-" "WordPress.com; https://wordpress.com"
2a01:9700:85a0:c700:b80c:9ddf:dd0a:35f5 - - [25/Aug/2026:00:39:12 +0900] "POST /xmlrpc.php HTTP/1.1" 200 990 "-" "Jetpack by WordPress.com (Jetpack 12.0; WordPress 6.1)"
2a01:9700:85a0:c700:b80c:9ddf:dd0a:35f5 - - [25/Aug/2026:00:39:23 +0900] "POST /xmlrpc.php HTTP/1.1" 200 990 "-" "WordPress.com; https://wordpress.com"
2a01:9700:85a0:c700:b80c:9ddf:dd0a:35f5 - - [25/Aug/2026:00:39:33 +0900] "POST /xmlrpc.php HTTP/1.1" 200 990 "-" "Jetpack/12.0; WordPress/6.1; http://site22537361.com"
2a01:9700:85a0:c700:b80c:9ddf:dd0a:35f5 - - [25/Aug/2026:00:39:45 +0900] "POST /xmlrpc.php HTTP/1.1" 200 990 "-" "Jetpack/13.0; WordPress/6.3; http://site93598393.com"
2a01:9700:85a0:c700:b80c:9ddf:dd0a:35f5 - - [25/Aug/2026:00:39:56 +0900] "POST /xmlrpc.php HTTP/1.1" 200 990 "-" "Jetpack by WordPress.com (Jetpack 12.1; WordPress 6.2)"
2a01:9700:85a0:c700:b80c:9ddf:dd0a:35f5 - - [25/Aug/2026:00:40:07 +0900] "POST /xmlrpc.php HTTP/1.1" 403 0 "-" "Jetpack/12.5; WordPress/6.4; http://site86568194.com"
2a01:9700:85a0:c700:b80c:9ddf:dd0a:35f5 - - [25/Aug/2026:00:40:18 +0900] "POST /xmlrpc.php HTTP/1.1" 403 1242 "-" "Jetpack by WordPress.com"
2a01:9700:85a0:c700:b80c:9ddf:dd0a:35f5 - - [25/Aug/2026:00:40:29 +0900] "POST /xmlrpc.php HTTP/1.1" 403 1242 "-" "Jetpack/12.0; WordPress/6.1; http://site61846234.com"
2a01:9700:85a0:c700:b80c:9ddf:dd0a:35f5 - - [25/Aug/2026:00:40:40 +0900] "POST /xmlrpc.php HTTP/1.1" 403 1242 "-" "Jetpack by WordPress.com (Jetpack 13.0; WordPress 6.4)"
2a01:9700:85a0:c700:b80c:9ddf:dd0a:35f5 - - [25/Aug/2026:00:40:50 +0900] "POST /xmlrpc.php HTTP/1.1" 403 1242 "-" "Jetpack by WordPress.com (Jetpack 12.5; WordPress 6.3)"
2a01:9700:85a0:c700:b80c:9ddf:dd0a:35f5 - - [25/Aug/2026:00:41:01 +0900] "POST /xmlrpc.php HTTP/1.1" 403 1242 "-" "Jetpack by WordPress.com"
2a01:9700:85a0:c700:b80c:9ddf:dd0a:35f5 - - [25/Aug/2026:00:41:12 +0900] "POST /xmlrpc.php HTTP/1.1" 403 1242 "-" "Jetpack/12.1; WordPress/6.3; http://site92235354.com"
2a01:9700:85a0:c700:b80c:9ddf:dd0a:35f5 - - [25/Aug/2026:00:41:22 +0900] "POST /xmlrpc.php HTTP/1.1" 403 1242 "-" "Jetpack/12.1; WordPress/6.2; http://site55379727.com"
2a01:9700:85a0:c700:b80c:9ddf:dd0a:35f5 - - [25/Aug/2026:00:41:33 +0900] "POST /xmlrpc.php HTTP/1.1" 403 1242 "-" "Jetpack/12.5; WordPress/6.4; http://site11114226.com"
2a01:9700:85a0:c700:b80c:9ddf:dd0a:35f5 - - [25/Aug/2026:00:41:44 +0900] "POST /xmlrpc.php HTTP/1.1" 403 1242 "-" "Jetpack by WordPress.com"
2a01:9700:85a0:c700:b80c:9ddf:dd0a:35f5 - - [25/Aug/2026:00:41:55 +0900] "POST /xmlrpc.php HTTP/1.1" 403 1242 "-" "WordPress.com; https://wordpress.com"
2a01:9700:85a0:c700:b80c:9ddf:dd0a:35f5 - - [25/Aug/2026:00:42:06 +0900] "POST /xmlrpc.php HTTP/1.1" 403 1242 "-" "Jetpack/12.0; WordPress/6.3; http://site32885414.com"
2a01:9700:85a0:c700:b80c:9ddf:dd0a:35f5 - - [25/Aug/2026:00:42:17 +0900] "POST /xmlrpc.php HTTP/1.1" 403 1242 "-" "Jetpack by WordPress.com"
2a01:9700:85a0:c700:b80c:9ddf:dd0a:35f5 - - [25/Aug/2026:00:42:28 +0900] "POST /xmlrpc.php HTTP/1.1" 403 1242 "-" "Jetpack by WordPress.com (Jetpack 12.5; WordPress 6.3)"
2a01:9700:85a0:c700:b80c:9ddf:dd0a:35f5 - - [25/Aug/2026:00:42:38 +0900] "POST /xmlrpc.php HTTP/1.1" 403 1242 "-" "Jetpack/12.1; WordPress/6.3; http://site57871430.com"
2a01:9700:85a0:c700:b80c:9ddf:dd0a:35f5 - - [25/Aug/2026:00:42:49 +0900] "POST /xmlrpc.php HTTP/1.1" 403 1242 "-" "WordPress.com; https://wordpress.com"
2a01:9700:85a0:c700:b80c:9ddf:dd0a:35f5 - - [25/Aug/2026:00:42:59 +0900] "POST /xmlrpc.php HTTP/1.1" 403 1242 "-" "Jetpack/12.0; WordPress/6.2; http://site66035830.com"
2a01:9700:85a0:c700:b80c:9ddf:dd0a:35f5 - - [25/Aug/2026:00:43:10 +0900] "POST /xmlrpc.php HTTP/1.1" 403 1242 "-" "Jetpack by WordPress.com (Jetpack 13.0; WordPress 6.1)"
2a01:9700:85a0:c700:b80c:9ddf:dd0a:35f5 - - [25/Aug/2026:00:43:20 +0900] "POST /xmlrpc.php HTTP/1.1" 403 1242 "-" "Jetpack/12.5; WordPress/6.4; http://site62530705.com"
2a01:9700:85a0:c700:b80c:9ddf:dd0a:35f5 - - [25/Aug/2026:00:43:31 +0900] "POST /xmlrpc.php HTTP/1.1" 403 1242 "-" "Jetpack by WordPress.com"
2a01:9700:85a0:c700:b80c:9ddf:dd0a:35f5 - - [25/Aug/2026:00:43:41 +0900] "POST /xmlrpc.php HTTP/1.1" 403 1242 "-" "Jetpack/12.0; WordPress/6.1; http://site89004721.com"
2a01:9700:85a0:c700:b80c:9ddf:dd0a:35f5 - - [25/Aug/2026:00:43:52 +0900] "POST /xmlrpc.php HTTP/1.1" 403 1242 "-" "Jetpack/12.5; WordPress/6.1; http://site80893186.com"
2a01:9700:85a0:c700:b80c:9ddf:dd0a:35f5 - - [25/Aug/2026:00:44:03 +0900] "POST /xmlrpc.php HTTP/1.1" 403 1242 "-" "WordPress.com; https://wordpress.com"
2a01:9700:85a0:c700:b80c:9ddf:dd0a:35f5 - - [25/Aug/2026:00:44:13 +0900] "POST /xmlrpc.php HTTP/1.1" 403 1242 "-" "Jetpack/13.0; WordPress/6.4; http://site43305039.com"
2a01:9700:85a0:c700:b80c:9ddf:dd0a:35f5 - - [25/Aug/2026:00:44:24 +0900] "POST /xmlrpc.php HTTP/1.1" 403 1242 "-" "Jetpack by WordPress.com (Jetpack 13.0; WordPress 6.3)"
2a01:9700:85a0:c700:b80c:9ddf:dd0a:35f5 - - [25/Aug/2026:00:44:35 +0900] "POST /xmlrpc.php HTTP/1.1" 403 1242 "-" "Jetpack by WordPress.com"
2a01:9700:85a0:c700:b80c:9ddf:dd0a:35f5 - - [25/Aug/2026:00:44:46 +0900] "POST /xmlrpc.php HTTP/1.1" 403 1242 "-" "WordPress.com; https://wordpress.com"
2a01:9700:85a0:c700:b80c:9ddf:dd0a:35f5 - - [25/Aug/2026:00:44:56 +0900] "POST /xmlrpc.php HTTP/1.1" 403 1242 "-" "WordPress.com; https://wordpress.com"
2a01:9700:85a0:c700:b80c:9ddf:dd0a:35f5 - - [25/Aug/2026:00:45:07 +0900] "POST /xmlrpc.php HTTP/1.1" 403 1242 "-" "WordPress.com; https://wordpress.com"
172.233.79.144 - - [25/Aug/2026:00:45:20 +0900] "POST /wp-cron.php?doing_wp_cron=1787586320.7201280593872070312500 HTTP/1.1" 200 20 "-" "WordPress/6.9.4; https://jansochnaportal.net"
2a01:9700:85a0:c700:b80c:9ddf:dd0a:35f5 - - [25/Aug/2026:00:45:18 +0900] "POST /xmlrpc.php HTTP/1.1" 200 206 "-" "WordPress.com; https://wordpress.com"
2a01:9700:85a0:c700:b80c:9ddf:dd0a:35f5 - - [25/Aug/2026:00:45:30 +0900] "POST /xmlrpc.php HTTP/1.1" 200 206 "-" "Jetpack/12.5; WordPress/6.2; http://site22385705.com"
172.233.79.144 - - [25/Aug/2026:00:45:41 +0900] "POST /wp-cron.php?doing_wp_cron=1787586341.4369680881500244140625 HTTP/1.1" 200 20 "-" "WordPress/6.9.4; https://jansochnaportal.net"
2a01:9700:85a0:c700:b80c:9ddf:dd0a:35f5 - - [25/Aug/2026:00:45:40 +0900] "POST /xmlrpc.php HTTP/1.1" 200 206 "-" "Jetpack by WordPress.com (Jetpack 12.1; WordPress 6.2)"
172.233.79.144 - - [25/Aug/2026:00:45:51 +0900] "POST /wp-cron.php?doing_wp_cron=1787586351.7976651191711425781250 HTTP/1.1" 200 20 "-" "WordPress/6.9.4; https://jansochnaportal.net"
2a01:9700:85a0:c700:b80c:9ddf:dd0a:35f5 - - [25/Aug/2026:00:45:51 +0900] "POST /xmlrpc.php HTTP/1.1" 200 206 "-" "Jetpack/12.5; WordPress/6.4; http://site35715009.com"
2a01:9700:85a0:c700:b80c:9ddf:dd0a:35f5 - - [25/Aug/2026:00:46:01 +0900] "POST /xmlrpc.php HTTP/1.1" 200 206 "-" "Jetpack by WordPress.com"
2a01:9700:85a0:c700:b80c:9ddf:dd0a:35f5 - - [25/Aug/2026:00:46:12 +0900] "POST /xmlrpc.php HTTP/1.1" 200 206 "-" "Jetpack by WordPress.com (Jetpack 12.5; WordPress 6.3)"
54.235.172.108 - - [25/Aug/2026:00:50:10 +0900] "GET / HTTP/1.1" 403 1242 "-" "Mozilla/5.0 AppleWebKit/537.36 (KHTML, like Gecko; compatible; Amazonbot/0.1; +https://developer.amazon.com/support/amazonbot) Chrome/119.0.6045.214 Safari/537.36"
52.167.144.225 - - [25/Aug/2026:01:30:37 +0900] "GET / HTTP/1.1" 200 64372 "-" "Mozilla/5.0 AppleWebKit/537.36 (KHTML, like Gecko; compatible; bingbot/2.0; +http://www.bing.com/bingbot.htm) Chrome/116.0.1938.76 Safari/537.36"
2602:fa45::d001 - - [25/Aug/2026:01:54:47 +0900] "GET / HTTP/1.1" 200 64372 "https://www.google.com/'" "python-httpx/0.28.1"
2602:fa45::d001 - - [25/Aug/2026:01:54:58 +0900] "GET / HTTP/1.1" 200 64372 "https://www.google.com/' UNION SELECT 'qjx7vm2k9'-- -" "python-httpx/0.28.1"
2602:fa45::d001 - - [25/Aug/2026:01:55:03 +0900] "GET / HTTP/1.1" 200 64372 "https://www.google.com/' UNION SELECT NULL,'qjx7vm2k9'-- -" "python-httpx/0.28.1"
2602:fa45::d001 - - [25/Aug/2026:01:55:15 +0900] "GET / HTTP/1.1" 200 64372 "https://www.google.com/ UNION SELECT 'qjx7vm2k9'-- -" "python-httpx/0.28.1"
172.233.79.144 - - [25/Aug/2026:01:55:47 +0900] "POST /wp-cron.php?doing_wp_cron=1787590547.1027059555053710937500 HTTP/1.1" 200 20 "-" "WordPress/6.9.4; https://jansochnaportal.net"
2a02:6ea0:e001:2::b55d - - [25/Aug/2026:01:55:43 +0900] "PUT /wp-json/wp/v2/pages/53 HTTP/1.1" 401 111 "-" "python-httpx/0.28.1"
2a02:6ea0:e001:2::b55d - - [25/Aug/2026:01:55:49 +0900] "PUT /wp-json/wp/v2/pages/53 HTTP/1.1" 401 111 "-" "python-httpx/0.28.1"
2a02:6ea0:e001:2::b55d - - [25/Aug/2026:01:55:53 +0900] "PUT /wp-json/wp/v2/pages/53 HTTP/1.1" 401 111 "-" "python-httpx/0.28.1"
2a02:6ea0:e001:2::b55d - - [25/Aug/2026:01:55:56 +0900] "PUT /wp-json/wp/v2/pages/53 HTTP/1.1" 401 111 "-" "python-httpx/0.28.1"
172.233.79.144 - - [25/Aug/2026:02:04:10 +0900] "POST /wp-cron.php?doing_wp_cron=1787591050.9365251064300537109375 HTTP/1.1" 200 20 "-" "WordPress/6.9.4; https://jansochnaportal.net"
138.246.253.45 - - [25/Aug/2026:02:04:08 +0900] "GET /robots.txt HTTP/1.1" 200 118 "-" "Mozilla/5.0 (Windows NT 10.0; Win64; x64) AppleWebKit/537.36 (KHTML, like Gecko) Chrome/140.0.0.0 Safari/537.36"
172.233.79.144 - - [25/Aug/2026:02:10:05 +0900] "POST /wp-cron.php?doing_wp_cron=1787591405.0809879302978515625000 HTTP/1.1" 200 20 "-" "WordPress/6.9.4; https://jansochnaportal.net"
216.73.216.73 - - [25/Aug/2026:02:10:00 +0900] "GET /robots.txt HTTP/1.1" 200 118 "-" "Mozilla/5.0 AppleWebKit/537.36 (KHTML, like Gecko; compatible; ClaudeBot/1.0; +claudebot@anthropic.com)"
216.73.216.73 - - [25/Aug/2026:02:10:06 +0900] "GET /sitemap_index.xml HTTP/1.1" 200 322 "-" "Mozilla/5.0 AppleWebKit/537.36 (KHTML, like Gecko; compatible; ClaudeBot/1.0; +claudebot@anthropic.com)"
172.233.79.144 - - [25/Aug/2026:02:28:31 +0900] "POST /wp-cron.php?doing_wp_cron=1787592511.6502339839935302734375 HTTP/1.1" 200 20 "-" "WordPress/6.9.4; https://jansochnaportal.net"
2a06:98c0:3600::103 - - [25/Aug/2026:02:28:30 +0900] "GET /wp-admin/install.php?step=1 HTTP/1.1" 200 513 "-" "http://jansochnaportal.net/wp-admin/install.php?step=1"
8.213.215.187 - - [25/Aug/2026:02:34:41 +0900] "GET / HTTP/1.1" 403 1242 "-" "Go-http-client/1.1"
106.75.32.110 - - [25/Aug/2026:02:45:32 +0900] "GET /favicon.ico HTTP/1.1" 404 1251 "-" "Go-http-client/1.1"
106.75.32.110 - - [25/Aug/2026:02:45:34 +0900] "GET /sitemap.xml HTTP/1.1" 403 1242 "-" "Go-http-client/1.1"
106.75.32.110 - - [25/Aug/2026:02:45:34 +0900] "GET /robots.txt HTTP/1.1" 403 1242 "-" "Go-http-client/1.1"
172.233.79.144 - - [25/Aug/2026:02:47:10 +0900] "POST /wp-cron.php?doing_wp_cron=1787593630.3440499305725097656250 HTTP/1.1" 200 20 "-" "WordPress/6.9.4; https://jansochnaportal.net"
106.75.64.65 - - [25/Aug/2026:02:47:06 +0900] "GET / HTTP/1.1" 200 64158 "-" "Mozilla/5.0 (X11; Linux x86_64) AppleWebKit/575.47 (KHTML, like Gecko) Chrome/103.0.1324 Safari/537.36"
106.75.64.65 - - [25/Aug/2026:02:47:15 +0900] "GET /wp-content/uploads/2026/02/cropped-images__4_-removebg-preview-32x32.png HTTP/1.1" 403 1242 "-" "Go-http-client/1.1"
106.75.64.65 - - [25/Aug/2026:02:47:16 +0900] "GET /data:image/svg+xml,%3Csvg%20xmlns='http://www.w3.org/2000/svg'%20viewBox='0%200%20188%20179'%3E%3C/svg%3E HTTP/1.1" 301 20 "-" "Mozilla/5.0 (X11; Linux x86_64) AppleWebKit/547.48 (KHTML, like Gecko) Chrome/70.0.2405 Safari/537.36"
106.75.64.65 - - [25/Aug/2026:02:47:18 +0900] "GET /data:image/svg+xml,%3Csvg%20xmlns=http:/www.w3.org/2000/svg%20viewBox=0%200%20188%20179%3E%3C/svg%3E HTTP/1.1" 404 14295 "https://jansochnaportal.net/data:image/svg+xml,%3Csvg%20xmlns='http://www.w3.org/2000/svg'%20viewBox='0%200%20188%20179'%3E%3C/svg%3E" "Mozilla/5.0 (X11; Linux x86_64) AppleWebKit/547.48 (KHTML, like Gecko) Chrome/70.0.2405 Safari/537.36"
106.75.64.65 - - [25/Aug/2026:02:47:20 +0900] "GET /robots.txt HTTP/1.1" 403 1242 "-" "Go-http-client/1.1"
106.75.64.65 - - [25/Aug/2026:02:47:20 +0900] "GET /sitemap.xml HTTP/1.1" 403 1242 "-" "Go-http-client/1.1"
43.130.40.120 - - [25/Aug/2026:03:12:02 +0900] "GET / HTTP/1.1" 200 64363 "http://jansochnaportal.net" "Mozilla/5.0 (iPhone; CPU iPhone OS 13_2_3 like Mac OS X) AppleWebKit/605.1.15 (KHTML, like Gecko) Version/13.0.3 Mobile/15E148 Safari/604.1"
170.106.180.139 - - [25/Aug/2026:03:16:15 +0900] "GET /wp-content/uploads/2026/02/Quick-Guide-to-Bhoomi-Mutation-Extracts-and-Status-Checks-1.webp HTTP/1.1" 200 53572 "-" "Mozilla/5.0 (iPhone; CPU iPhone OS 13_2_3 like Mac OS X) AppleWebKit/605.1.15 (KHTML, like Gecko) Version/13.0.3 Mobile/15E148 Safari/604.1"
52.167.144.197 - - [25/Aug/2026:03:35:30 +0900] "GET /%E0%A4%B0%E0%A4%BE%E0%A4%9C%E0%A4%B8%E0%A5%8D%E0%A4%A5%E0%A4%BE%E0%A4%A8-%E0%A4%95%E0%A4%BE-%E0%A4%89%E0%A4%A6%E0%A5%8D%E0%A4%A6%E0%A5%87%E0%A4%B6%E0%A5%8D%E0%A4%AF/ HTTP/1.1" 200 36884 "-" "Mozilla/5.0 AppleWebKit/537.36 (KHTML, like Gecko; compatible; bingbot/2.0; +http://www.bing.com/bingbot.htm) Chrome/116.0.1938.76 Safari/537.36"
172.233.79.144 - - [25/Aug/2026:03:36:04 +0900] "POST /wp-cron.php?doing_wp_cron=1787596564.5505330562591552734375 HTTP/1.1" 200 20 "-" "WordPress/6.9.4; https://jansochnaportal.net"
85.208.96.211 - - [25/Aug/2026:03:35:58 +0900] "GET /robots.txt HTTP/1.1" 200 118 "-" "Mozilla/5.0 (compatible; SemrushBot/7~bl; +http://www.semrush.com/bot.html)"
185.191.171.4 - - [25/Aug/2026:03:36:06 +0900] "GET /%E0%A4%9C%E0%A4%BE%E0%A4%A8%E0%A4%95%E0%A4%BE%E0%A4%B0%E0%A5%80-2/ HTTP/1.1" 200 34902 "-" "Mozilla/5.0 (compatible; SemrushBot/7~bl; +http://www.semrush.com/bot.html)"
172.233.79.144 - - [25/Aug/2026:03:37:22 +0900] "POST /wp-cron.php?doing_wp_cron=1787596642.0192809104919433593750 HTTP/1.1" 200 20 "-" "WordPress/6.9.4; https://jansochnaportal.net"
52.167.144.197 - - [25/Aug/2026:03:37:18 +0900] "GET /%E0%A4%89%E0%A4%AA%E0%A4%B2%E0%A4%AC%E0%A5%8D%E0%A4%A7/ HTTP/1.1" 200 33687 "-" "Mozilla/5.0 AppleWebKit/537.36 (KHTML, like Gecko; compatible; bingbot/2.0; +http://www.bing.com/bingbot.htm) Chrome/116.0.1938.76 Safari/537.36"
172.233.79.144 - - [25/Aug/2026:03:45:04 +0900] "POST /wp-cron.php?doing_wp_cron=1787597104.1141591072082519531250 HTTP/1.1" 200 20 "-" "WordPress/6.9.4; https://jansochnaportal.net"
2a02:598:96:8a00::b00:1cb - - [25/Aug/2026:03:44:59 +0900] "GET /category-sitemap.xml HTTP/1.1" 200 397 "-" "Mozilla/5.0 (compatible; SeznamBot/4.0; +https://o-seznam.cz/napoveda/vyhledavani/en/seznambot-crawler/)"
2a02:598:96:8a00::b00:1cb - - [25/Aug/2026:03:44:59 +0900] "GET /robots.txt HTTP/1.1" 200 118 "-" "Mozilla/5.0 (compatible; SeznamBot/4.0; +https://o-seznam.cz/napoveda/vyhledavani/en/seznambot-crawler/)"
2607:9000:d00:5::d001 - - [25/Aug/2026:03:46:25 +0900] "GET /wp-content/uploads/2026/02/cropped-images__4_-removebg-preview-192x192.png HTTP/1.1" 200 20574 "-" "python-httpx/0.28.1"
2607:9000:d00:5::d001 - - [25/Aug/2026:03:46:30 +0900] "GET /wp-content/uploads/2026/02/cropped-images__4_-removebg-preview-192x192.png HTTP/1.1" 200 20574 "-" "python-httpx/0.28.1"
172.233.79.144 - - [25/Aug/2026:04:01:26 +0900] "POST /wp-cron.php?doing_wp_cron=1787598086.6563329696655273437500 HTTP/1.1" 200 20 "-" "WordPress/6.9.4; https://jansochnaportal.net"
2a02:6ea0:c762:2::a36d - - [25/Aug/2026:04:01:23 +0900] "GET /xmlrpc.php?rsd=1%27 HTTP/1.1" 200 307 "-" "python-httpx/0.28.1"
2a02:6ea0:c762:2::a36d - - [25/Aug/2026:04:01:30 +0900] "GET /xmlrpc.php?rsd=1%27+UNION+SELECT+%27qjx7vm2k9%27--+- HTTP/1.1" 200 307 "-" "python-httpx/0.28.1"
172.233.79.144 - - [25/Aug/2026:04:01:41 +0900] "POST /wp-cron.php?doing_wp_cron=1787598101.7389669418334960937500 HTTP/1.1" 200 20 "-" "WordPress/6.9.4; https://jansochnaportal.net"
2a02:6ea0:c762:2::a36d - - [25/Aug/2026:04:01:41 +0900] "GET /xmlrpc.php?rsd=1%27+UNION+SELECT+NULL%2C%27qjx7vm2k9%27--+- HTTP/1.1" 200 307 "-" "python-httpx/0.28.1"
2a02:6ea0:c762:2::a36d - - [25/Aug/2026:04:01:44 +0900] "GET /xmlrpc.php?rsd=1+UNION+SELECT+%27qjx7vm2k9%27--+- HTTP/1.1" 200 307 "-" "python-httpx/0.28.1"
162.244.148.172 - - [25/Aug/2026:04:08:55 +0900] "GET /wp-content/uploads/2026/03/%E0%A4%9C%E0%A4%A8-%E0%A4%B8%E0%A5%82%E0%A4%9A%E0%A4%A8%E0%A4%BE-%E0%A4%AA%E0%A5%8B%E0%A4%B0%E0%A5%8D%E0%A4%9F%E0%A4%B2-%E0%A4%95%E0%A4%BE-%E0%A4%89%E0%A4%A6%E0%A5%8D%E0%A4%A6%E0%A5%87%E0%A4%B6%E0%A5%8D%E0%A4%AF-%E0%A4%94%E0%A4%B0-%E0%A4%AE%E0%A4%B9%E0%A4%A4%E0%A5%8D%E0%A4%B5-%E0%A4%9C%E0%A4%B5%E0%A4%BE%E0%A4%AC%E0%A4%A6%E0%A5%87%E0%A4%B9%E0%A5%80-1-2.webp HTTP/1.1" 200 17156 "https://jansochnaportal.net/%E0%A4%A6%E0%A5%87%E0%A4%96%E0%A5%87%E0%A4%82-%E0%A4%AA%E0%A5%82%E0%A4%B0%E0%A5%80/" "Mozilla/5.0 (Macintosh; Intel Mac OS X 10_15_7) AppleWebKit/537.36 (KHTML, like Gecko) Chrome/131.0.0.0 Safari/537.36"
172.233.79.144 - - [25/Aug/2026:04:08:59 +0900] "POST /wp-cron.php?doing_wp_cron=1787598539.8189229965209960937500 HTTP/1.1" 200 20 "-" "WordPress/6.9.4; https://jansochnaportal.net"
149.20.242.25 - - [25/Aug/2026:04:08:57 +0900] "GET /wp-content/uploads/2026/03/%5Cu091c%5Cu0928-%5Cu0938%5Cu0942%5Cu091a%5Cu0928%5Cu093e-%5Cu092a%5Cu094b%5Cu0930%5Cu094d%5Cu091f%5Cu0932-%5Cu0915%5Cu093e-%5Cu0909%5Cu0926%5Cu094d%5Cu0926%5Cu0947%5Cu0936%5Cu094d%5Cu092f-%5Cu0914%5Cu0930-%5Cu092e%5Cu0939%5Cu0924%5Cu094d%5Cu0935-%5Cu091c%5Cu0935%5Cu093e%5Cu092c%5Cu0926%5Cu0947%5Cu0939%5Cu0940-1-1.webp HTTP/1.1" 404 14295 "https://jansochnaportal.net/%E0%A4%A6%E0%A5%87%E0%A4%96%E0%A5%87%E0%A4%82-%E0%A4%AA%E0%A5%82%E0%A4%B0%E0%A5%80/" "Mozilla/5.0 (Macintosh; Intel Mac OS X 10_15_7) AppleWebKit/537.36 (KHTML, like Gecko) Chrome/131.0.0.0 Safari/537.36"
172.233.79.144 - - [25/Aug/2026:04:09:00 +0900] "GET /bao-mat-ga888/ HTTP/1.1" 200 26771 "-" "WP Rocket/Preload"
172.233.79.144 - - [25/Aug/2026:04:09:01 +0900] "GET /cakhia/ HTTP/1.1" 200 22990 "-" "WP Rocket/Preload"
172.233.79.144 - - [25/Aug/2026:04:09:02 +0900] "GET /bsport-thuong-hieu-giai-tri/ HTTP/1.1" 200 23055 "-" "WP Rocket/Preload"
172.233.79.144 - - [25/Aug/2026:04:09:03 +0900] "GET /jun88/ HTTP/1.1" 200 23170 "-" "WP Rocket/Preload"
172.233.79.144 - - [25/Aug/2026:04:09:04 +0900] "GET /kubet/ HTTP/1.1" 200 23176 "-" "WP Rocket/Preload"
172.233.79.144 - - [25/Aug/2026:04:09:05 +0900] "GET /ae888/ HTTP/1.1" 200 23001 "-" "WP Rocket/Preload"
172.233.79.144 - - [25/Aug/2026:04:09:06 +0900] "GET /sunwin/ HTTP/1.1" 200 23180 "-" "WP Rocket/Preload"
172.233.79.144 - - [25/Aug/2026:04:09:07 +0900] "GET /999bet/ HTTP/1.1" 200 22720 "-" "WP Rocket/Preload"
172.233.79.144 - - [25/Aug/2026:04:09:07 +0900] "GET /o8-cong-game-uy-tin/ HTTP/1.1" 200 23114 "-" "WP Rocket/Preload"
172.233.79.144 - - [25/Aug/2026:04:09:08 +0900] "GET /truc-tiep-bong-da/ HTTP/1.1" 200 23136 "-" "WP Rocket/Preload"
172.233.79.144 - - [25/Aug/2026:04:09:09 +0900] "GET /socolive-tv-ket-noi/ HTTP/1.1" 200 23188 "-" "WP Rocket/Preload"
172.233.79.144 - - [25/Aug/2026:04:09:10 +0900] "GET /depositing-money-into-pg88/ HTTP/1.1" 200 26140 "-" "WP Rocket/Preload"
172.233.79.144 - - [25/Aug/2026:04:09:11 +0900] "GET /moneyline-betting/ HTTP/1.1" 200 22157 "-" "WP Rocket/Preload"
172.233.79.144 - - [25/Aug/2026:04:09:12 +0900] "GET /rikvip-discover/ HTTP/1.1" 200 21848 "-" "WP Rocket/Preload"
172.233.79.144 - - [25/Aug/2026:04:09:13 +0900] "GET /luck8-promo/ HTTP/1.1" 200 23517 "-" "WP Rocket/Preload"
172.233.79.144 - - [25/Aug/2026:04:09:14 +0900] "GET /88aa-slots/ HTTP/1.1" 200 22745 "-" "WP Rocket/Preload"
172.233.79.144 - - [25/Aug/2026:04:09:14 +0900] "GET /bong-da-tong-hop-keo-hot/ HTTP/1.1" 200 27776 "-" "WP Rocket/Preload"
172.233.79.144 - - [25/Aug/2026:04:09:16 +0900] "GET /vn88-dinh-nghia-lai-trai-nghiem/ HTTP/1.1" 200 22792 "-" "WP Rocket/Preload"
172.233.79.144 - - [25/Aug/2026:04:09:16 +0900] "GET /%E0%A4%AF%E0%A5%8B%E0%A4%9C%E0%A4%A8%E0%A4%BE%E0%A4%93%E0%A4%82/ HTTP/1.1" 200 36409 "-" "WP Rocket/Preload"
172.233.79.144 - - [25/Aug/2026:04:09:17 +0900] "GET /%E0%A4%B9%E0%A4%BF%E0%A4%82%E0%A4%A6%E0%A5%80/ HTTP/1.1" 200 35723 "-" "WP Rocket/Preload"
172.233.79.144 - - [25/Aug/2026:04:09:18 +0900] "GET /%E0%A4%AA%E0%A5%8D%E0%A4%B0%E0%A4%95%E0%A5%8D%E0%A4%B0%E0%A4%BF%E0%A4%AF%E0%A4%BE/ HTTP/1.1" 200 34801 "-" "WP Rocket/Preload"
172.233.79.144 - - [25/Aug/2026:04:09:19 +0900] "GET /%E0%A4%B8%E0%A5%81%E0%A4%B5%E0%A4%BF%E0%A4%A7%E0%A4%BE/ HTTP/1.1" 200 35010 "-" "WP Rocket/Preload"
172.233.79.144 - - [25/Aug/2026:04:09:20 +0900] "GET /%E0%A4%B8%E0%A4%B6%E0%A4%95%E0%A5%8D%E0%A4%A4%E0%A4%BF%E0%A4%95%E0%A4%B0%E0%A4%A3/ HTTP/1.1" 200 36617 "-" "WP Rocket/Preload"
