2a02:c207:2326:5741::1 - - [25/Aug/2026:02:01:28 +0900] "GET /who-is-the-chelsea-captain/ HTTP/1.1" 200 27398 "https://minecrftdescargar.mx/" "Mozilla/5.0 (Windows NT 10.0; Win64; x64) AppleWebKit/537.36 (KHTML, like Gecko) Chrome/124.0.0.0 Safari/537.36"
2a02:c207:2317:3420::1 - - [25/Aug/2026:02:01:31 +0900] "GET /standings-sutbong-tv/ HTTP/1.1" 200 25413 "https://minecrftdescargar.mx/" "Mozilla/5.0 (Windows NT 10.0; Win64; x64) AppleWebKit/537.36 (KHTML, like Gecko) Chrome/124.0.0.0 Safari/537.36"
2a02:c207:2326:956::1 - - [25/Aug/2026:02:01:30 +0900] "GET /sutbong-tv-your-daily-destination/ HTTP/1.1" 200 25564 "https://minecrftdescargar.mx/" "Mozilla/5.0 (Windows NT 10.0; Win64; x64) AppleWebKit/537.36 (KHTML, like Gecko) Chrome/122.0.0.0 Safari/537.36"
45.141.22.116 - - [25/Aug/2026:02:01:31 +0900] "GET /lo-de-8live/ HTTP/1.1" 200 25407 "https://minecrftdescargar.mx/" "Mozilla/5.0 (Windows NT 10.0; Win64; x64) AppleWebKit/537.36 (KHTML, like Gecko) Chrome/123.0.0.0 Safari/537.36"
2a02:c207:2326:5726::1 - - [25/Aug/2026:02:01:30 +0900] "GET /monster-hunter-stories/ HTTP/1.1" 200 26938 "https://minecrftdescargar.mx/" "Mozilla/5.0 (Macintosh; Intel Mac OS X 10_15_7) AppleWebKit/537.36 (KHTML, like Gecko) Chrome/123.0.0.0 Safari/537.36"
2a02:c207:2326:177::1 - - [25/Aug/2026:02:01:32 +0900] "GET /sutbong-tv-predictions/ HTTP/1.1" 200 26806 "https://minecrftdescargar.mx/" "Mozilla/5.0 (Windows NT 10.0; Win64; x64) AppleWebKit/537.36 (KHTML, like Gecko) Chrome/122.0.0.0 Safari/537.36"
2a02:c207:2326:5737::1 - - [25/Aug/2026:02:01:32 +0900] "GET /keo-bong-da-hom-nay/ HTTP/1.1" 200 25803 "https://minecrftdescargar.mx/" "Mozilla/5.0 (Windows NT 10.0; Win64; x64) AppleWebKit/537.36 (KHTML, like Gecko) Chrome/123.0.0.0 Safari/537.36"
2a02:c207:2317:3272::1 - - [25/Aug/2026:02:01:32 +0900] "GET /b52club-fish-shooting/ HTTP/1.1" 200 23685 "https://minecrftdescargar.mx/" "Mozilla/5.0 (Windows NT 10.0; Win64; x64) AppleWebKit/537.36 (KHTML, like Gecko) Chrome/122.0.0.0 Safari/537.36"
167.86.79.19 - - [25/Aug/2026:02:01:33 +0900] "GET /kqbd/ HTTP/1.1" 200 26322 "https://minecrftdescargar.mx/" "Mozilla/5.0 (Windows NT 10.0; Win64; x64) AppleWebKit/537.36 (KHTML, like Gecko) Chrome/125.0.0.0 Safari/537.36"
79.143.188.96 - - [25/Aug/2026:02:01:32 +0900] "GET /premier-league/ HTTP/1.1" 200 26080 "https://minecrftdescargar.mx/" "Mozilla/5.0 (Macintosh; Intel Mac OS X 10_15_7) AppleWebKit/537.36 (KHTML, like Gecko) Chrome/123.0.0.0 Safari/537.36"
2a02:c207:2317:3814::1 - - [25/Aug/2026:02:01:33 +0900] "GET /blog/page/3/ HTTP/1.1" 200 24345 "https://minecrftdescargar.mx/" "Mozilla/5.0 (Macintosh; Intel Mac OS X 10_15_7) AppleWebKit/537.36 (KHTML, like Gecko) Chrome/125.0.0.0 Safari/537.36"
45.132.158.5 - - [25/Aug/2026:02:01:33 +0900] "GET /blog/page/2/ HTTP/1.1" 200 24238 "https://minecrftdescargar.mx/" "Mozilla/5.0 (Windows NT 10.0; Win64; x64) AppleWebKit/537.36 (KHTML, like Gecko) Chrome/125.0.0.0 Safari/537.36"
2a02:c207:2326:5631::1 - - [25/Aug/2026:02:01:34 +0900] "GET /da-ga-truc-tiep/ HTTP/1.1" 200 23693 "https://minecrftdescargar.mx/" "Mozilla/5.0 (Windows NT 10.0; Win64; x64) AppleWebKit/537.36 (KHTML, like Gecko) Chrome/124.0.0.0 Safari/537.36"
149.102.139.24 - - [25/Aug/2026:02:01:34 +0900] "GET /casino-sunwin/ HTTP/1.1" 200 26332 "https://minecrftdescargar.mx/" "Mozilla/5.0 (Windows NT 10.0; Win64; x64) AppleWebKit/537.36 (KHTML, like Gecko) Chrome/123.0.0.0 Safari/537.36"
79.143.179.111 - - [25/Aug/2026:02:01:34 +0900] "GET /baccarat-hb88/ HTTP/1.1" 200 24832 "https://minecrftdescargar.mx/" "Mozilla/5.0 (Windows NT 10.0; Win64; x64) AppleWebKit/537.36 (KHTML, like Gecko) Chrome/121.0.0.0 Safari/537.36"
172.233.79.144 - - [25/Aug/2026:02:02:29 +0900] "POST /wp-cron.php?doing_wp_cron=1787590949.1003561019897460937500 HTTP/1.1" 200 20 "-" "WordPress/7.1; https://minecrftdescargar.mx"
9.129.28.33 - - [25/Aug/2026:02:02:27 +0900] "GET / HTTP/1.1" 200 52896 "-" "Mozilla/5.0 AppleWebKit/537.36 (KHTML, like Gecko); compatible; ChatGPT-User/1.0; +https://openai.com/bot"
74.7.229.167 - - [25/Aug/2026:02:02:27 +0900] "GET / HTTP/1.1" 200 52896 "-" "Mozilla/5.0 (Macintosh; Intel Mac OS X 10_15_7) AppleWebKit/537.36 (KHTML, like Gecko) Chrome/131.0.0.0 Safari/537.36; compatible; OAI-SearchBot/1.4; +https://openai.com/searchbot"
74.7.229.207 - - [25/Aug/2026:02:02:43 +0900] "GET /consejos-de-minecraft/ HTTP/1.1" 200 33622 "https://minecrftdescargar.mx/" "Mozilla/5.0 (Macintosh; Intel Mac OS X 10_15_7) AppleWebKit/537.36 (KHTML, like Gecko) Chrome/131.0.0.0 Safari/537.36; compatible; OAI-SearchBot/1.4; +https://openai.com/searchbot"
74.7.229.207 - - [25/Aug/2026:02:02:44 +0900] "GET /contact-us/ HTTP/1.1" 200 19424 "https://minecrftdescargar.mx/" "Mozilla/5.0 (Macintosh; Intel Mac OS X 10_15_7) AppleWebKit/537.36 (KHTML, like Gecko) Chrome/131.0.0.0 Safari/537.36; compatible; OAI-SearchBot/1.4; +https://openai.com/searchbot"
172.233.79.144 - - [25/Aug/2026:02:04:25 +0900] "POST /wp-cron.php?doing_wp_cron=1787591065.3734300136566162109375 HTTP/1.1" 200 20 "-" "WordPress/7.1; https://minecrftdescargar.mx"
2a03:2880:f806:2d:: - - [25/Aug/2026:02:04:24 +0900] "GET /terms-and-conditions/ HTTP/1.1" 200 19106 "-" "Mozilla/5.0 (Windows NT 10.0; Win64; x64) AppleWebKit/537.36 (KHTML, like Gecko) Chrome/145.0.0.0 Safari/537.36 Edg/145.0.0.0 (compatible; meta-externalagent/1.1 (+https://developers.facebook.com/docs/sharing/webmasters/crawler))"
172.233.79.144 - - [25/Aug/2026:02:07:12 +0900] "POST /wp-cron.php?doing_wp_cron=1787591232.2468578815460205078125 HTTP/1.1" 200 20 "-" "WordPress/7.1; https://minecrftdescargar.mx"
2001:4860:7:70a::e7 - - [25/Aug/2026:02:07:11 +0900] "GET / HTTP/1.1" 200 52896 "https://www.google.com/" "Mozilla/5.0 (Linux; Android 10; K) AppleWebKit/537.36 (KHTML, like Gecko) Chrome/151.0.0.0 Mobile Safari/537.36"
172.233.79.144 - - [25/Aug/2026:02:08:13 +0900] "POST /wp-cron.php?doing_wp_cron=1787591293.0933659076690673828125 HTTP/1.1" 200 20 "-" "WordPress/7.1; https://minecrftdescargar.mx"
43.159.152.4 - - [25/Aug/2026:02:08:12 +0900] "GET /where-every-point-can-shift/ HTTP/1.1" 200 25699 "-" "Mozilla/5.0 (iPhone; CPU iPhone OS 13_2_3 like Mac OS X) AppleWebKit/605.1.15 (KHTML, like Gecko) Version/13.0.3 Mobile/15E148 Safari/604.1"
172.233.79.144 - - [25/Aug/2026:02:09:13 +0900] "POST /wp-cron.php?doing_wp_cron=1787591353.2263760566711425781250 HTTP/1.1" 200 20 "-" "WordPress/7.1; https://minecrftdescargar.mx"
2803:d700:958d:d2b0:293f:6dd8:e7dc:9846 - - [25/Aug/2026:02:09:12 +0900] "GET / HTTP/1.1" 200 52896 "https://www.google.com/" "Mozilla/5.0 (Linux; Android 10; K) AppleWebKit/537.36 (KHTML, like Gecko) Chrome/151.0.0.0 Mobile Safari/537.36"
2803:d700:958d:d2b0:293f:6dd8:e7dc:9846 - - [25/Aug/2026:02:09:15 +0900] "GET /wp-content/plugins/kadence-blocks/dist/style-blocks-image.css?ver=3.7.8.2 HTTP/1.1" 304 0 "-" "Mozilla/5.0 (Linux; Android 10; K) AppleWebKit/537.36 (KHTML, like Gecko) Chrome/151.0.0.0 Mobile Safari/537.36"
2803:d700:958d:d2b0:293f:6dd8:e7dc:9846 - - [25/Aug/2026:02:09:14 +0900] "GET / HTTP/1.1" 200 52896 "https://www.google.com/" "Mozilla/5.0 (Linux; Android 10; K) AppleWebKit/537.36 (KHTML, like Gecko) Chrome/151.0.0.0 Mobile Safari/537.36"
2803:d700:958d:d2b0:293f:6dd8:e7dc:9846 - - [25/Aug/2026:02:09:18 +0900] "GET /descargar/ HTTP/1.1" 301 795 "https://minecrftdescargar.mx/" "Mozilla/5.0 (Linux; Android 10; K) AppleWebKit/537.36 (KHTML, like Gecko) Chrome/151.0.0.0 Mobile Safari/537.36"
2803:d700:958d:d2b0:293f:6dd8:e7dc:9846 - - [25/Aug/2026:02:09:18 +0900] "GET /descargar/ HTTP/1.1" 301 795 "https://minecrftdescargar.mx/" "Mozilla/5.0 (Linux; Android 10; K) AppleWebKit/537.36 (KHTML, like Gecko) Chrome/151.0.0.0 Mobile Safari/537.36"
172.233.79.144 - - [25/Aug/2026:02:09:47 +0900] "POST /wp-cron.php?doing_wp_cron=1787591387.7367238998413085937500 HTTP/1.1" 200 20 "-" "WordPress/7.1; https://minecrftdescargar.mx"
52.205.50.5 - - [25/Aug/2026:02:09:47 +0900] "GET / HTTP/1.1" 301 20 "-" "Mozilla/5.0 (Windows NT 10.0; Win64; x64) AppleWebKit/537.36 (KHTML, like Gecko) Chrome/136.0.0.0 Safari/537.36"
50.17.101.143 - - [25/Aug/2026:02:09:48 +0900] "GET / HTTP/1.1" 200 52896 "-" "Mozilla/5.0 (Windows NT 10.0; Win64; x64) AppleWebKit/537.36 (KHTML, like Gecko) Chrome/136.0.0.0 Safari/537.36"
2a03:2880:f806:2e:: - - [25/Aug/2026:02:12:02 +0900] "GET /disclaimer/ HTTP/1.1" 429 0 "-" "Mozilla/5.0 (Windows NT 10.0; Win64; x64) AppleWebKit/537.36 (KHTML, like Gecko) Chrome/145.0.0.0 Safari/537.36 (compatible; meta-externalagent/1.1 (+https://developers.facebook.com/docs/sharing/webmasters/crawler))"
172.233.79.144 - - [25/Aug/2026:02:12:36 +0900] "POST /wp-cron.php?doing_wp_cron=1787591556.5682499408721923828125 HTTP/1.1" 200 20 "-" "WordPress/7.1; https://minecrftdescargar.mx"
2806:1016:1:c8dd:f9be:dbab:98c:8947 - - [25/Aug/2026:02:12:33 +0900] "GET / HTTP/1.1" 200 52896 "https://search.brave.com/" "Mozilla/5.0 (Linux; Android 10; K) AppleWebKit/537.36 (KHTML, like Gecko) Chrome/151.0.0.0 Mobile Safari/537.36"
172.233.79.144 - - [25/Aug/2026:02:16:24 +0900] "POST /wp-cron.php?doing_wp_cron=1787591784.3434510231018066406250 HTTP/1.1" 200 20 "-" "WordPress/7.1; https://minecrftdescargar.mx"
2a03:2880:f806:24:: - - [25/Aug/2026:02:16:21 +0900] "GET /ban-ca-777/ HTTP/1.1" 200 26010 "-" "Mozilla/5.0 (Macintosh; Intel Mac OS X 10_15_7) AppleWebKit/537.36 (KHTML, like Gecko) Chrome/145.0.0.0 Safari/537.36 (compatible; meta-externalagent/1.1 (+https://developers.facebook.com/docs/sharing/webmasters/crawler))"
2806:1016:1:c8dd:f9be:dbab:98c:8947 - - [25/Aug/2026:02:21:02 +0900] "GET /wp-content/uploads/2025/04/34cfe101-4f76-42b4-9694-3c1a1ca33ed5_removalai_preview-3-1.webp HTTP/1.1" 200 17410 "https://minecrftdescargar.mx/" "Mozilla/5.0 (Linux; Android 10; K) AppleWebKit/537.36 (KHTML, like Gecko) Chrome/151.0.0.0 Mobile Safari/537.36"
172.233.79.144 - - [25/Aug/2026:02:27:51 +0900] "POST /wp-cron.php?doing_wp_cron=1787592471.6816079616546630859375 HTTP/1.1" 200 20 "-" "WordPress/7.1; https://minecrftdescargar.mx"
172.233.79.144 - - [25/Aug/2026:02:27:48 +0900] "POST /wp-admin/admin-ajax.php HTTP/1.1" 200 20 "-" "WordPress/7.1; https://minecrftdescargar.mx"
2806:108e:1e:b2bd:1ab:23de:7adc:42ab - - [25/Aug/2026:02:27:45 +0900] "GET / HTTP/1.1" 200 52896 "https://search.brave.com/" "Mozilla/5.0 (Linux; Android 10; K) AppleWebKit/537.36 (KHTML, like Gecko) Chrome/151.0.0.0 Mobile Safari/537.36"
2806:108e:1e:b2bd:1ab:23de:7adc:42ab - - [25/Aug/2026:02:27:59 +0900] "GET /descargar/ HTTP/1.1" 301 795 "https://minecrftdescargar.mx/" "Mozilla/5.0 (Linux; Android 10; K) AppleWebKit/537.36 (KHTML, like Gecko) Chrome/151.0.0.0 Mobile Safari/537.36"
2806:108e:1e:b2bd:1ab:23de:7adc:42ab - - [25/Aug/2026:02:28:03 +0900] "GET /descargar/ HTTP/1.1" 301 795 "https://minecrftdescargar.mx/" "Mozilla/5.0 (Linux; Android 10; K) AppleWebKit/537.36 (KHTML, like Gecko) Chrome/151.0.0.0 Mobile Safari/537.36"
2806:108e:1e:b2bd:1ab:23de:7adc:42ab - - [25/Aug/2026:02:28:08 +0900] "GET /wp-content/uploads/2025/04/b309ba55-75dd-489d-9e9b-5c091d3fbe65_removalai_preview-3-1.webp HTTP/1.1" 200 12500 "https://minecrftdescargar.mx/" "Mozilla/5.0 (Linux; Android 10; K) AppleWebKit/537.36 (KHTML, like Gecko) Chrome/151.0.0.0 Mobile Safari/537.36"
2806:2a0:303:c3a8:1ca0:bebc:be97:f347 - - [25/Aug/2026:02:29:26 +0900] "GET /wp-content/themes/kadence/assets/css/global.min.css?ver=1.4.3 HTTP/1.1" 200 5003 "-" "Mozilla/5.0 (Linux; Android 10; K) AppleWebKit/537.36 (KHTML, like Gecko) Chrome/151.0.0.0 Mobile Safari/537.36"
172.233.79.144 - - [25/Aug/2026:02:29:27 +0900] "POST /wp-cron.php?doing_wp_cron=1787592567.5006148815155029296875 HTTP/1.1" 200 20 "-" "WordPress/7.1; https://minecrftdescargar.mx"
2806:2a0:303:c3a8:1ca0:bebc:be97:f347 - - [25/Aug/2026:02:29:26 +0900] "GET / HTTP/1.1" 200 52896 "https://www.google.com.mx/" "Mozilla/5.0 (Linux; Android 10; K) AppleWebKit/537.36 (KHTML, like Gecko) Chrome/151.0.0.0 Mobile Safari/537.36"
2806:2a0:303:c3a8:1ca0:bebc:be97:f347 - - [25/Aug/2026:02:29:30 +0900] "GET /descargar/ HTTP/1.1" 301 795 "https://minecrftdescargar.mx/" "Mozilla/5.0 (Linux; Android 10; K) AppleWebKit/537.36 (KHTML, like Gecko) Chrome/151.0.0.0 Mobile Safari/537.36"
2806:2a0:303:c3a8:1ca0:bebc:be97:f347 - - [25/Aug/2026:02:29:30 +0900] "GET /descargar/ HTTP/1.1" 301 795 "https://minecrftdescargar.mx/" "Mozilla/5.0 (Linux; Android 10; K) AppleWebKit/537.36 (KHTML, like Gecko) Chrome/151.0.0.0 Mobile Safari/537.36"
172.233.79.144 - - [25/Aug/2026:02:33:25 +0900] "POST /wp-cron.php?doing_wp_cron=1787592805.4224441051483154296875 HTTP/1.1" 200 20 "-" "WordPress/7.1; https://minecrftdescargar.mx"
151.246.1.103 - - [25/Aug/2026:02:33:23 +0900] "GET /?login_required=1&user=mncrft%402552&mainwpsignature=Jm9ijTEn8v3AlKGumIKheP1LeN1MhESlEF0P314Z760rPbBt8VIQljfuO41y0TQuEhVT9Bto1njKjfdULhTxwkT0KmW6QwYecDPTyzFNuaU3XpAvVqeMjkcoXdplM%2FR2mV2zuLqQ8%2FNKWWibcKmn1R%2BVr6PzIQBeC7Edm5hStpCJEgmiSLjk8T846wKadLZUpTai0VrT9%2FyFN8YAqaB4V5ApgvkR5A98ZKXXjIX9%2F9xVD3QzzgDnU6ifwAn6BnLYtNZ8zfdKdA5nyXD4EzilO2ap6qoQG%2FpNVrAfi2aTBLsZj3GIIW5bXmQg9VlXFYQWJ1zbK1j1jJXUnnQgNKEDPw%3D%3D&nonce=7694&where=plugins.php%3F_detect_plugins_updates%3Dyes&sign_algo=7 HTTP/1.1" 302 20 "-" "WordPress/7.1; https://soicauatrungroi.net"
151.246.1.103 - - [25/Aug/2026:02:33:25 +0900] "GET /wp-admin/plugins.php?_detect_plugins_updates=yes HTTP/1.1" 200 24238 "-" "WordPress/7.1; https://soicauatrungroi.net"
151.246.1.103 - - [25/Aug/2026:02:33:29 +0900] "POST /wp-admin/admin-ajax.php HTTP/1.1" 200 7385 "https://soicauatrungroi.net" "Mozilla/5.0 (compatible; MainWP/6.1.1; +http://mainwp.com)"
172.233.79.144 - - [25/Aug/2026:02:37:42 +0900] "POST /wp-cron.php?doing_wp_cron=1787593062.5778501033782958984375 HTTP/1.1" 200 20 "-" "WordPress/7.1; https://minecrftdescargar.mx"
43.167.157.80 - - [25/Aug/2026:02:37:40 +0900] "GET /where-every-point-can-shift/feed/ HTTP/1.1" 200 542 "-" "Mozilla/5.0 (iPhone; CPU iPhone OS 13_2_3 like Mac OS X) AppleWebKit/605.1.15 (KHTML, like Gecko) Version/13.0.3 Mobile/15E148 Safari/604.1"
2a03:2880:f806:37:: - - [25/Aug/2026:02:47:06 +0900] "GET /ket-qua-bong-da-cap-nhat/ HTTP/1.1" 429 0 "-" "Mozilla/5.0 (Macintosh; Intel Mac OS X 10_15_7) AppleWebKit/537.36 (KHTML, like Gecko) Chrome/145.0.0.0 Safari/537.36 (compatible; meta-externalagent/1.1 (+https://developers.facebook.com/docs/sharing/webmasters/crawler))"
172.233.79.144 - - [25/Aug/2026:02:48:45 +0900] "POST /wp-cron.php?doing_wp_cron=1787593725.1112499237060546875000 HTTP/1.1" 200 20 "-" "WordPress/7.1; https://minecrftdescargar.mx"
43.131.253.14 - - [25/Aug/2026:02:48:41 +0900] "GET / HTTP/1.1" 200 52896 "http://minecrftdescargar.mx" "Mozilla/5.0 (iPhone; CPU iPhone OS 13_2_3 like Mac OS X) AppleWebKit/605.1.15 (KHTML, like Gecko) Version/13.0.3 Mobile/15E148 Safari/604.1"
172.233.79.144 - - [25/Aug/2026:02:56:08 +0900] "POST /wp-cron.php?doing_wp_cron=1787594168.4582378864288330078125 HTTP/1.1" 200 20 "-" "WordPress/7.1; https://minecrftdescargar.mx"
43.153.86.78 - - [25/Aug/2026:02:56:06 +0900] "GET /terms-and-conditions/ HTTP/1.1" 200 19106 "-" "Mozilla/5.0 (iPhone; CPU iPhone OS 13_2_3 like Mac OS X) AppleWebKit/605.1.15 (KHTML, like Gecko) Version/13.0.3 Mobile/15E148 Safari/604.1"
172.233.79.144 - - [25/Aug/2026:03:01:01 +0900] "POST /wp-cron.php?doing_wp_cron=1787594461.0914781093597412109375 HTTP/1.1" 200 20 "-" "WordPress/7.1; https://minecrftdescargar.mx"
2a03:2880:f806:39:: - - [25/Aug/2026:03:00:58 +0900] "GET /premier-league/ HTTP/1.1" 200 26782 "-" "Mozilla/5.0 (Windows NT 10.0; Win64; x64) AppleWebKit/537.36 (KHTML, like Gecko) Chrome/145.0.0.0 Safari/537.36 (compatible; meta-externalagent/1.1 (+https://developers.facebook.com/docs/sharing/webmasters/crawler))"
172.233.79.144 - - [25/Aug/2026:03:02:28 +0900] "POST /wp-cron.php?doing_wp_cron=1787594548.5921258926391601562500 HTTP/1.1" 200 20 "-" "WordPress/7.1; https://minecrftdescargar.mx"
2a02:4780:5e:adea::1 - - [25/Aug/2026:03:02:27 +0900] "GET /ads.txt HTTP/1.1" 404 16819 "-" "GuzzleHttp/7"
172.233.79.144 - - [25/Aug/2026:03:04:02 +0900] "POST /wp-cron.php?doing_wp_cron=1787594642.4909811019897460937500 HTTP/1.1" 200 20 "-" "WordPress/7.1; https://minecrftdescargar.mx"
151.246.1.103 - - [25/Aug/2026:03:04:01 +0900] "GET /?login_required=1&user=mncrft%402552&mainwpsignature=ODjNIxtzlv8%2FC7mvMd3SrdI5HwNBGtMbduSBVDyjyDt2HkEPQ%2Fd0Q5S2NOMK%2Bw2rkIyBR1mFlJHkzXR%2BLJ0YMwSLsllnbJ%2FITh9jC%2BrXC1jeVh8HXQu8vM7ziQ0YyyWjy9%2BfMWItO4rE2E3PbFj562NNy%2F%2B06FM50MC0b5T3e%2FdkpXq9ZbjzAdjU75dU6%2Fx3%2BR3EeKwKc7F510S70fwmUaZeHCNn3sFbRAs49d6sH4vz0lzBe2%2BjNj20saNH5eut2K72JcD8Laf3KruDDagjQclUR3k1r4GIzI0ehcYJDwZwjANKdFWL2V%2BOyr8tryFv4LGECxXl%2BE1kluFrynis8Q%3D%3D&nonce=5504&where=plugins.php%3F_detect_plugins_updates%3Dyes&sign_algo=7 HTTP/1.1" 302 20 "-" "WordPress/7.1; https://soicauatrungroi.net"
151.246.1.103 - - [25/Aug/2026:03:04:02 +0900] "GET /wp-admin/plugins.php?_detect_plugins_updates=yes HTTP/1.1" 200 24235 "-" "WordPress/7.1; https://soicauatrungroi.net"
151.246.1.103 - - [25/Aug/2026:03:04:05 +0900] "POST /wp-admin/admin-ajax.php HTTP/1.1" 200 7206 "https://soicauatrungroi.net" "Mozilla/5.0 (compatible; MainWP/6.1.1; +http://mainwp.com)"
151.246.1.103 - - [25/Aug/2026:03:04:06 +0900] "POST /wp-admin/admin-ajax.php HTTP/1.1" 200 168 "https://soicauatrungroi.net" "Mozilla/5.0 (compatible; MainWP/6.1.1; +http://mainwp.com)"
116.179.32.92 - - [25/Aug/2026:03:06:12 +0900] "GET /sutbong-tv-your-daily-destination/ HTTP/1.1" 200 26821 "-" "Mozilla/5.0 (compatible; Baiduspider/2.0; +http://www.baidu.com/search/spider.html)"
172.233.79.144 - - [25/Aug/2026:03:06:14 +0900] "POST /wp-cron.php?doing_wp_cron=1787594773.9494791030883789062500 HTTP/1.1" 200 20 "-" "WordPress/7.1; https://minecrftdescargar.mx"
2a03:2880:f806:41:: - - [25/Aug/2026:03:06:12 +0900] "GET /what-is-the-copa-america/ HTTP/1.1" 200 25989 "-" "Mozilla/5.0 (Macintosh; Intel Mac OS X 10_15_7) AppleWebKit/537.36 (KHTML, like Gecko) Chrome/145.0.0.0 Safari/537.36 (compatible; meta-externalagent/1.1 (+https://developers.facebook.com/docs/sharing/webmasters/crawler))"
35.94.88.50 - - [25/Aug/2026:03:10:55 +0900] "GET /wp-content/uploads/2025/05/Add-a-subheading-8.webp HTTP/1.1" 200 21650 "-" "Mozilla/5.0 (Windows NT 10.0; Win64; x64) AppleWebKit/537.36 (KHTML, like Gecko) Chrome/144.0.0.0 Safari/537.36"
172.233.79.144 - - [25/Aug/2026:03:11:00 +0900] "POST /wp-cron.php?doing_wp_cron=1787595060.4632890224456787109375 HTTP/1.1" 200 20 "-" "WordPress/7.1; https://minecrftdescargar.mx"
2806:10a6:1a:c40e:dbf1:1774:1b2c:a47d - - [25/Aug/2026:03:10:57 +0900] "GET / HTTP/1.1" 200 52896 "https://www.google.com/" "Mozilla/5.0 (Linux; Android 10; K) AppleWebKit/537.36 (KHTML, like Gecko) Chrome/151.0.0.0 Mobile Safari/537.36"
2806:10a6:1a:c40e:dbf1:1774:1b2c:a47d - - [25/Aug/2026:03:11:01 +0900] "GET /wp-content/uploads/2025/04/Minecraft-APK-21-3-768x307.webp HTTP/1.1" 200 20602 "https://minecrftdescargar.mx/" "Mozilla/5.0 (Linux; Android 10; K) AppleWebKit/537.36 (KHTML, like Gecko) Chrome/151.0.0.0 Mobile Safari/537.36"
2806:10a6:1a:c40e:dbf1:1774:1b2c:a47d - - [25/Aug/2026:03:11:03 +0900] "GET /descargar/ HTTP/1.1" 301 795 "https://minecrftdescargar.mx/" "Mozilla/5.0 (Linux; Android 10; K) AppleWebKit/537.36 (KHTML, like Gecko) Chrome/151.0.0.0 Mobile Safari/537.36"
2806:10a6:1a:c40e:dbf1:1774:1b2c:a47d - - [25/Aug/2026:03:11:04 +0900] "GET /wp-content/uploads/2025/04/Add-a-heading-12.webp HTTP/1.1" 200 12508 "https://minecrftdescargar.mx/" "Mozilla/5.0 (Linux; Android 10; K) AppleWebKit/537.36 (KHTML, like Gecko) Chrome/151.0.0.0 Mobile Safari/537.36"
186.41.152.1 - - [25/Aug/2026:03:21:06 +0900] "GET /wp-content/plugins/kadence-blocks/dist/style-blocks-rowlayout.css?ver=3.7.8.2 HTTP/1.1" 200 1770 "-" "Mozilla/5.0 (Linux; Android 10; K) AppleWebKit/537.36 (KHTML, like Gecko) Chrome/150.0.0.0 Mobile Safari/537.36"
186.41.152.1 - - [25/Aug/2026:03:21:07 +0900] "GET /wp-content/plugins/kadence-blocks/dist/style-blocks-column.css?ver=3.7.8.2 HTTP/1.1" 200 427 "-" "Mozilla/5.0 (Linux; Android 10; K) AppleWebKit/537.36 (KHTML, like Gecko) Chrome/150.0.0.0 Mobile Safari/537.36"
172.233.79.144 - - [25/Aug/2026:03:21:09 +0900] "POST /wp-cron.php?doing_wp_cron=1787595669.7932898998260498046875 HTTP/1.1" 200 20 "-" "WordPress/7.1; https://minecrftdescargar.mx"
186.41.152.1 - - [25/Aug/2026:03:21:06 +0900] "GET / HTTP/1.1" 200 52896 "https://www.google.com/" "Mozilla/5.0 (Linux; Android 10; K) AppleWebKit/537.36 (KHTML, like Gecko) Chrome/150.0.0.0 Mobile Safari/537.36"
172.233.79.144 - - [25/Aug/2026:03:24:48 +0900] "POST /wp-cron.php?doing_wp_cron=1787595888.4965600967407226562500 HTTP/1.1" 200 20 "-" "WordPress/7.1; https://minecrftdescargar.mx"
2806:2f0:30e1:f8dd:d2d8:54c:77e9:747e - - [25/Aug/2026:03:24:47 +0900] "GET / HTTP/1.1" 200 52896 "https://search.brave.com/" "Mozilla/5.0 (Linux; Android 10; K) AppleWebKit/537.36 (KHTML, like Gecko) Chrome/151.0.0.0 Mobile Safari/537.36"
2806:2f0:30e1:f8dd:d2d8:54c:77e9:747e - - [25/Aug/2026:03:24:49 +0900] "GET /wp-content/uploads/2025/04/Minecraft-APK-21-3-768x307.webp HTTP/1.1" 200 20602 "https://minecrftdescargar.mx/" "Mozilla/5.0 (Linux; Android 10; K) AppleWebKit/537.36 (KHTML, like Gecko) Chrome/151.0.0.0 Mobile Safari/537.36"
172.233.79.144 - - [25/Aug/2026:03:26:25 +0900] "POST /wp-cron.php?doing_wp_cron=1787595985.5715119838714599609375 HTTP/1.1" 200 20 "-" "WordPress/7.1; https://minecrftdescargar.mx"
2806:2f0:30e1:f8dd:d2d8:54c:77e9:747e - - [25/Aug/2026:03:26:23 +0900] "GET / HTTP/1.1" 200 52896 "https://search.brave.com/" "Mozilla/5.0 (Linux; Android 10; K) AppleWebKit/537.36 (KHTML, like Gecko) Chrome/151.0.0.0 Mobile Safari/537.36"
2806:2f0:30e1:f8dd:d2d8:54c:77e9:747e - - [25/Aug/2026:03:26:28 +0900] "GET /wp-content/uploads/2025/04/Add-a-heading-12.webp HTTP/1.1" 200 12508 "https://minecrftdescargar.mx/" "Mozilla/5.0 (Linux; Android 10; K) AppleWebKit/537.36 (KHTML, like Gecko) Chrome/151.0.0.0 Mobile Safari/537.36"
172.233.79.144 - - [25/Aug/2026:03:27:45 +0900] "POST /wp-cron.php?doing_wp_cron=1787596065.9088380336761474609375 HTTP/1.1" 200 20 "-" "WordPress/7.1; https://minecrftdescargar.mx"
43.130.110.130 - - [25/Aug/2026:03:27:45 +0900] "GET /terms-and-conditions/ HTTP/1.1" 200 19106 "-" "Mozilla/5.0 (iPhone; CPU iPhone OS 13_2_3 like Mac OS X) AppleWebKit/605.1.15 (KHTML, like Gecko) Version/13.0.3 Mobile/15E148 Safari/604.1"
172.233.79.144 - - [25/Aug/2026:03:30:51 +0900] "POST /wp-cron.php?doing_wp_cron=1787596251.0479280948638916015625 HTTP/1.1" 200 20 "-" "WordPress/7.1; https://minecrftdescargar.mx"
170.106.142.54 - - [25/Aug/2026:03:30:48 +0900] "GET /java-edition/ HTTP/1.1" 200 36089 "-" "Mozilla/5.0 (iPhone; CPU iPhone OS 14_4 like Mac OS X) AppleWebKit/605.1.15 (KHTML, like Gecko) Version/15.4 Mobile/15E148 Safari/604.1"
170.106.142.54 - - [25/Aug/2026:03:30:51 +0900] "GET /wp-content/themes/kadence/assets/css/related-posts.min.css?ver=1.4.3 HTTP/1.1" 200 301 "https://minecrftdescargar.mx/java-edition/" "Mozilla/5.0 (iPhone; CPU iPhone OS 14_4 like Mac OS X) AppleWebKit/605.1.15 (KHTML, like Gecko) Version/15.4 Mobile/15E148 Safari/604.1"
170.106.142.54 - - [25/Aug/2026:03:30:51 +0900] "GET /wp-content/themes/kadence/assets/css/kadence-splide.min.css?ver=1.4.3 HTTP/1.1" 200 1630 "https://minecrftdescargar.mx/java-edition/" "Mozilla/5.0 (iPhone; CPU iPhone OS 14_4 like Mac OS X) AppleWebKit/605.1.15 (KHTML, like Gecko) Version/15.4 Mobile/15E148 Safari/604.1"
170.106.142.54 - - [25/Aug/2026:03:30:51 +0900] "GET /wp-content/uploads/2025/04/Add-a-subheading-6-1024x576.webp HTTP/1.1" 200 15948 "https://minecrftdescargar.mx/java-edition/" "Mozilla/5.0 (iPhone; CPU iPhone OS 14_4 like Mac OS X) AppleWebKit/605.1.15 (KHTML, like Gecko) Version/15.4 Mobile/15E148 Safari/604.1"
170.106.142.54 - - [25/Aug/2026:03:30:51 +0900] "GET /wp-content/plugins/kadence-blocks/includes/assets/js/kt-accordion.min.js?ver=3.7.9.1 HTTP/1.1" 200 3546 "https://minecrftdescargar.mx/java-edition/" "Mozilla/5.0 (iPhone; CPU iPhone OS 14_4 like Mac OS X) AppleWebKit/605.1.15 (KHTML, like Gecko) Version/15.4 Mobile/15E148 Safari/604.1"
170.106.142.54 - - [25/Aug/2026:03:30:51 +0900] "GET /wp-content/themes/kadence/assets/js/navigation.min.js?ver=1.4.3 HTTP/1.1" 200 4829 "https://minecrftdescargar.mx/java-edition/" "Mozilla/5.0 (iPhone; CPU iPhone OS 14_4 like Mac OS X) AppleWebKit/605.1.15 (KHTML, like Gecko) Version/15.4 Mobile/15E148 Safari/604.1"
170.106.142.54 - - [25/Aug/2026:03:30:51 +0900] "GET /wp-content/themes/kadence/assets/js/splide-init.min.js?ver=1.4.3 HTTP/1.1" 200 1021 "https://minecrftdescargar.mx/java-edition/" "Mozilla/5.0 (iPhone; CPU iPhone OS 14_4 like Mac OS X) AppleWebKit/605.1.15 (KHTML, like Gecko) Version/15.4 Mobile/15E148 Safari/604.1"
170.106.142.54 - - [25/Aug/2026:03:30:51 +0900] "GET /wp-content/plugins/kadence-blocks-pro/includes/assets/js/aos.min.js?ver=2.8.17 HTTP/1.1" 200 4918 "https://minecrftdescargar.mx/java-edition/" "Mozilla/5.0 (iPhone; CPU iPhone OS 14_4 like Mac OS X) AppleWebKit/605.1.15 (KHTML, like Gecko) Version/15.4 Mobile/15E148 Safari/604.1"
170.106.142.54 - - [25/Aug/2026:03:30:51 +0900] "GET /wp-includes/js/comment-reply.min.js?ver=7.1 HTTP/1.1" 200 1224 "https://minecrftdescargar.mx/java-edition/" "Mozilla/5.0 (iPhone; CPU iPhone OS 14_4 like Mac OS X) AppleWebKit/605.1.15 (KHTML, like Gecko) Version/15.4 Mobile/15E148 Safari/604.1"
170.106.142.54 - - [25/Aug/2026:03:30:51 +0900] "GET /wp-content/plugins/kadence-blocks-pro/includes/assets/js/splide.min.js?ver=2.8.17 HTTP/1.1" 200 12593 "https://minecrftdescargar.mx/java-edition/" "Mozilla/5.0 (iPhone; CPU iPhone OS 14_4 like Mac OS X) AppleWebKit/605.1.15 (KHTML, like Gecko) Version/15.4 Mobile/15E148 Safari/604.1"
170.106.142.54 - - [25/Aug/2026:03:30:52 +0900] "GET /wp-content/uploads/2025/04/updated-1.webp HTTP/1.1" 200 10898 "https://minecrftdescargar.mx/java-edition/" "Mozilla/5.0 (iPhone; CPU iPhone OS 14_4 like Mac OS X) AppleWebKit/605.1.15 (KHTML, like Gecko) Version/15.4 Mobile/15E148 Safari/604.1"
170.106.142.54 - - [25/Aug/2026:03:30:52 +0900] "GET /wp-content/uploads/2025/04/social-care.webp HTTP/1.1" 200 9374 "https://minecrftdescargar.mx/java-edition/" "Mozilla/5.0 (iPhone; CPU iPhone OS 14_4 like Mac OS X) AppleWebKit/605.1.15 (KHTML, like Gecko) Version/15.4 Mobile/15E148 Safari/604.1"
170.106.142.54 - - [25/Aug/2026:03:30:52 +0900] "GET /wp-includes/js/wp-emoji-release.min.js?ver=7.1 HTTP/1.1" 200 4974 "https://minecrftdescargar.mx/java-edition/" "Mozilla/5.0 (iPhone; CPU iPhone OS 14_4 like Mac OS X) AppleWebKit/605.1.15 (KHTML, like Gecko) Version/15.4 Mobile/15E148 Safari/604.1"
172.233.79.144 - - [25/Aug/2026:03:35:30 +0900] "POST /wp-cron.php?doing_wp_cron=1787596530.3385300636291503906250 HTTP/1.1" 200 20 "-" "WordPress/7.1; https://minecrftdescargar.mx"
40.77.167.29 - - [25/Aug/2026:03:35:27 +0900] "GET / HTTP/1.1" 200 52896 "-" "Mozilla/5.0 AppleWebKit/537.36 (KHTML, like Gecko; compatible; bingbot/2.0; +http://www.bing.com/bingbot.htm) Chrome/116.0.1938.76 Safari/537.36"
216.73.217.123 - - [25/Aug/2026:03:36:19 +0900] "GET /robots.txt HTTP/1.1" 403 1242 "-" "Mozilla/5.0 AppleWebKit/537.36 (KHTML, like Gecko; compatible; ClaudeBot/1.0; +claudebot@anthropic.com)"
216.73.217.123 - - [25/Aug/2026:03:36:19 +0900] "GET /laliga-co-bao-nhieu-vong-dau/ HTTP/1.1" 403 1242 "-" "Mozilla/5.0 AppleWebKit/537.36 (KHTML, like Gecko; compatible; ClaudeBot/1.0; +claudebot@anthropic.com)"
172.233.79.144 - - [25/Aug/2026:03:36:42 +0900] "POST /wp-cron.php?doing_wp_cron=1787596602.1519029140472412109375 HTTP/1.1" 200 20 "-" "WordPress/7.1; https://minecrftdescargar.mx"
187.246.19.55 - - [25/Aug/2026:03:36:40 +0900] "GET / HTTP/1.1" 200 52896 "https://www.google.com/" "Mozilla/5.0 (Linux; Android 10; K) AppleWebKit/537.36 (KHTML, like Gecko) Chrome/151.0.0.0 Mobile Safari/537.36"
187.246.19.55 - - [25/Aug/2026:03:36:42 +0900] "GET /wp-content/plugins/kadence-blocks/dist/style-blocks-image.css?ver=3.7.9.1 HTTP/1.1" 200 1065 "https://minecrftdescargar.mx/" "Mozilla/5.0 (Linux; Android 10; K) AppleWebKit/537.36 (KHTML, like Gecko) Chrome/151.0.0.0 Mobile Safari/537.36"
187.246.19.55 - - [25/Aug/2026:03:36:44 +0900] "GET /descargar/ HTTP/1.1" 301 795 "https://minecrftdescargar.mx/" "Mozilla/5.0 (Linux; Android 10; K) AppleWebKit/537.36 (KHTML, like Gecko) Chrome/151.0.0.0 Mobile Safari/537.36"
187.246.19.55 - - [25/Aug/2026:03:36:45 +0900] "GET /descargar/ HTTP/1.1" 301 795 "https://minecrftdescargar.mx/" "Mozilla/5.0 (Linux; Android 10; K) AppleWebKit/537.36 (KHTML, like Gecko) Chrome/151.0.0.0 Mobile Safari/537.36"
216.73.217.123 - - [25/Aug/2026:03:37:13 +0900] "GET /minecraft-ios/feed/ HTTP/1.1" 403 1242 "-" "Mozilla/5.0 AppleWebKit/537.36 (KHTML, like Gecko; compatible; ClaudeBot/1.0; +claudebot@anthropic.com)"
216.73.217.123 - - [25/Aug/2026:03:37:36 +0900] "GET /?p=683 HTTP/1.1" 403 1242 "-" "Mozilla/5.0 AppleWebKit/537.36 (KHTML, like Gecko; compatible; ClaudeBot/1.0; +claudebot@anthropic.com)"
43.159.36.180 - - [25/Aug/2026:03:37:41 +0900] "GET /wp-content/uploads/2025/04/Minecraft-APK-21-3-768x307.webp HTTP/1.1" 304 0 "-" "Mozilla/5.0 (iPhone; CPU iPhone OS 13_2_3 like Mac OS X) AppleWebKit/605.1.15 (KHTML, like Gecko) Version/13.0.3 Mobile/15E148 Safari/604.1"
172.233.79.144 - - [25/Aug/2026:03:38:14 +0900] "POST /wp-cron.php?doing_wp_cron=1787596694.6719219684600830078125 HTTP/1.1" 200 20 "-" "WordPress/7.1; https://minecrftdescargar.mx"
2a03:2880:f806:33:: - - [25/Aug/2026:03:38:10 +0900] "GET /about-us/ HTTP/1.1" 200 19217 "-" "Mozilla/5.0 (Windows NT 10.0; Win64; x64) AppleWebKit/537.36 (KHTML, like Gecko) Chrome/145.0.0.0 Safari/537.36 (compatible; meta-externalagent/1.1 (+https://developers.facebook.com/docs/sharing/webmasters/crawler))"
172.233.79.144 - - [25/Aug/2026:03:40:12 +0900] "POST /wp-cron.php?doing_wp_cron=1787596811.9656610488891601562500 HTTP/1.1" 200 20 "-" "WordPress/7.1; https://minecrftdescargar.mx"
2806:265:34a4:62c:77db:dd1e:a3d4:149d - - [25/Aug/2026:03:40:08 +0900] "GET / HTTP/1.1" 200 52896 "-" "Mozilla/5.0 (Linux; Android 10; K) AppleWebKit/537.36 (KHTML, like Gecko) Chrome/151.0.0.0 Mobile Safari/537.36"
66.249.73.97 - - [25/Aug/2026:03:40:23 +0900] "GET /descargar/ HTTP/1.1" 301 795 "-" "Mozilla/5.0 (compatible; Googlebot/2.1; +http://www.google.com/bot.html)"
66.249.73.96 - - [25/Aug/2026:03:40:27 +0900] "GET /descargar/ HTTP/1.1" 301 795 "-" "Mozilla/5.0 (compatible; Googlebot/2.1; +http://www.google.com/bot.html)"
66.249.73.96 - - [25/Aug/2026:03:40:36 +0900] "GET /descargar/ HTTP/1.1" 301 795 "-" "Mozilla/5.0 (Linux; Android 6.0.1; Nexus 5X Build/MMB29P) AppleWebKit/537.36 (KHTML, like Gecko) Chrome/99.0.4844.84 Mobile Safari/537.36 (compatible; Googlebot/2.1; +http://www.google.com/bot.html)"
66.249.73.96 - - [25/Aug/2026:03:40:56 +0900] "GET /descargar/ HTTP/1.1" 301 795 "-" "Mozilla/5.0 (Linux; Android 6.0.1; Nexus 5X Build/MMB29P) AppleWebKit/537.36 (KHTML, like Gecko) Chrome/151.0.7922.137 Mobile Safari/537.36 (compatible; Googlebot/2.1; +http://www.google.com/bot.html)"
172.233.79.144 - - [25/Aug/2026:03:41:45 +0900] "POST /wp-cron.php?doing_wp_cron=1787596905.5766661167144775390625 HTTP/1.1" 200 20 "-" "WordPress/7.1; https://minecrftdescargar.mx"
2a03:2880:f806:1f:: - - [25/Aug/2026:03:41:43 +0900] "GET /poker/ HTTP/1.1" 200 26193 "-" "Mozilla/5.0 (Macintosh; Intel Mac OS X 10_15_7) AppleWebKit/537.36 (KHTML, like Gecko) Chrome/145.0.0.0 Safari/537.36 (compatible; meta-externalagent/1.1 (+https://developers.facebook.com/docs/sharing/webmasters/crawler))"
172.233.79.144 - - [25/Aug/2026:03:43:02 +0900] "POST /wp-cron.php?doing_wp_cron=1787596982.7212069034576416015625 HTTP/1.1" 200 20 "-" "WordPress/7.1; https://minecrftdescargar.mx"
2806:2f0:a760:c423:48db:a4e0:63aa:58e7 - - [25/Aug/2026:03:43:00 +0900] "GET / HTTP/1.1" 200 52896 "https://search.brave.com/" "Mozilla/5.0 (Linux; Android 10; K) AppleWebKit/537.36 (KHTML, like Gecko) Chrome/151.0.0.0 Mobile Safari/537.36"
2806:2f0:a760:c423:48db:a4e0:63aa:58e7 - - [25/Aug/2026:03:43:11 +0900] "GET /wp-content/uploads/2025/04/b309ba55-75dd-489d-9e9b-5c091d3fbe65_removalai_preview-3-1.webp HTTP/1.1" 200 12500 "https://minecrftdescargar.mx/" "Mozilla/5.0 (Linux; Android 10; K) AppleWebKit/537.36 (KHTML, like Gecko) Chrome/151.0.0.0 Mobile Safari/537.36"
172.233.79.144 - - [25/Aug/2026:03:47:51 +0900] "POST /wp-cron.php?doing_wp_cron=1787597271.3580529689788818359375 HTTP/1.1" 200 20 "-" "WordPress/7.1; https://minecrftdescargar.mx"
38.159.61.239 - - [25/Aug/2026:03:47:48 +0900] "GET / HTTP/1.1" 200 52896 "https://www.google.com/" "Mozilla/5.0 (Linux; Android 10; K) AppleWebKit/537.36 (KHTML, like Gecko) Chrome/151.0.0.0 Safari/537.36"
38.159.61.239 - - [25/Aug/2026:03:47:55 +0900] "GET /descargar/ HTTP/1.1" 301 795 "https://minecrftdescargar.mx/" "Mozilla/5.0 (Linux; Android 10; K) AppleWebKit/537.36 (KHTML, like Gecko) Chrome/151.0.0.0 Safari/537.36"
172.233.79.144 - - [25/Aug/2026:03:48:21 +0900] "POST /wp-cron.php?doing_wp_cron=1787597301.8287739753723144531250 HTTP/1.1" 200 20 "-" "WordPress/7.1; https://minecrftdescargar.mx"
85.208.98.18 - - [25/Aug/2026:03:48:21 +0900] "HEAD / HTTP/1.1" 200 0 "-" "Mozilla/5.0 (compatible; SemrushBot; +http://www.semrush.com/bot.html)"
43.167.239.66 - - [25/Aug/2026:03:48:54 +0900] "GET /wp-content/uploads/2025/04/cropped-Add-a-heading-18-192x192.webp HTTP/1.1" 200 3776 "-" "Mozilla/5.0 (iPhone; CPU iPhone OS 13_2_3 like Mac OS X) AppleWebKit/605.1.15 (KHTML, like Gecko) Version/13.0.3 Mobile/15E148 Safari/604.1"
172.233.79.144 - - [25/Aug/2026:03:53:24 +0900] "POST /wp-cron.php?doing_wp_cron=1787597604.1507849693298339843750 HTTP/1.1" 200 20 "-" "WordPress/7.1; https://minecrftdescargar.mx"
170.106.192.3 - - [25/Aug/2026:03:53:22 +0900] "GET /minecraft-ios/ HTTP/1.1" 200 35696 "-" "Mozilla/5.0 (iPhone; CPU iPhone OS 13_2_3 like Mac OS X) AppleWebKit/605.1.15 (KHTML, like Gecko) Version/13.0.3 Mobile/15E148 Safari/604.1"
38.159.61.226 - - [25/Aug/2026:03:54:15 +0900] "GET / HTTP/1.1" 200 52896 "android-app://com.google.android.googlequicksearchbox/" "Mozilla/5.0 (Linux; Android 10; K) AppleWebKit/537.36 (KHTML, like Gecko) Chrome/151.0.0.0 Safari/537.36"
172.233.79.144 - - [25/Aug/2026:03:58:46 +0900] "POST /wp-cron.php?doing_wp_cron=1787597926.6545569896697998046875 HTTP/1.1" 200 20 "-" "WordPress/7.1; https://minecrftdescargar.mx"
129.153.119.3 - - [25/Aug/2026:03:58:44 +0900] "GET /about-us HTTP/1.1" 301 20 "-" "Mozilla/5.0 (X11; Linux aarch64) AppleWebKit/537.36 (KHTML, like Gecko) Chrome/139.0.0.0 Safari/537.36"
129.153.119.3 - - [25/Aug/2026:03:58:47 +0900] "GET /about-us/ HTTP/1.1" 200 19217 "https://minecrftdescargar.mx/about-us" "Mozilla/5.0 (X11; Linux aarch64) AppleWebKit/537.36 (KHTML, like Gecko) Chrome/139.0.0.0 Safari/537.36"
172.233.79.144 - - [25/Aug/2026:03:59:33 +0900] "POST /wp-cron.php?doing_wp_cron=1787597973.4679739475250244140625 HTTP/1.1" 200 20 "-" "WordPress/7.1; https://minecrftdescargar.mx"
132.248.132.246 - - [25/Aug/2026:03:59:32 +0900] "GET / HTTP/1.1" 200 52896 "-" "Mozilla/5.0 (Linux; Android 12; moto e22i Build/SOWS32.121-66-25) AppleWebKit/537.36 (KHTML, like Gecko) Chrome/151.0.7922.86 Mobile Safari/537.36"
132.248.132.246 - - [25/Aug/2026:03:59:35 +0900] "GET /descargar/ HTTP/1.1" 301 795 "https://minecrftdescargar.mx/" "Mozilla/5.0 (Linux; Android 12; moto e22i Build/SOWS32.121-66-25; wv) AppleWebKit/537.36 (KHTML, like Gecko) Version/4.0 Chrome/151.0.7922.86 Mobile Safari/537.36"
132.248.132.246 - - [25/Aug/2026:03:59:36 +0900] "GET /descargar/ HTTP/1.1" 301 795 "https://minecrftdescargar.mx/" "Mozilla/5.0 (Linux; Android 12; moto e22i Build/SOWS32.121-66-25; wv) AppleWebKit/537.36 (KHTML, like Gecko) Version/4.0 Chrome/151.0.7922.86 Mobile Safari/537.36"
132.248.132.246 - - [25/Aug/2026:03:59:37 +0900] "GET /descargar/ HTTP/1.1" 301 795 "https://minecrftdescargar.mx/" "Mozilla/5.0 (Linux; Android 12; moto e22i Build/SOWS32.121-66-25; wv) AppleWebKit/537.36 (KHTML, like Gecko) Version/4.0 Chrome/151.0.7922.86 Mobile Safari/537.36"
132.248.132.246 - - [25/Aug/2026:03:59:50 +0900] "GET /wp-content/uploads/2025/04/minecraft-300x300.webp HTTP/1.1" 200 2970 "https://minecrftdescargar.mx/" "Mozilla/5.0 (Linux; Android 12; moto e22i Build/SOWS32.121-66-25) AppleWebKit/537.36 (KHTML, like Gecko) Chrome/151.0.7922.86 Mobile Safari/537.36"
132.248.132.246 - - [25/Aug/2026:03:59:57 +0900] "GET /wp-content/uploads/2025/04/gaming-1-300x300.webp HTTP/1.1" 200 5884 "https://minecrftdescargar.mx/" "Mozilla/5.0 (Linux; Android 12; moto e22i Build/SOWS32.121-66-25) AppleWebKit/537.36 (KHTML, like Gecko) Chrome/151.0.7922.86 Mobile Safari/537.36"
132.248.132.246 - - [25/Aug/2026:03:59:57 +0900] "GET /wp-content/uploads/2025/04/video-game-300x300.webp HTTP/1.1" 200 8032 "https://minecrftdescargar.mx/" "Mozilla/5.0 (Linux; Android 12; moto e22i Build/SOWS32.121-66-25) AppleWebKit/537.36 (KHTML, like Gecko) Chrome/151.0.7922.86 Mobile Safari/537.36"
132.248.132.246 - - [25/Aug/2026:03:59:58 +0900] "GET /wp-content/uploads/2025/04/game-300x300.webp HTTP/1.1" 200 4216 "https://minecrftdescargar.mx/" "Mozilla/5.0 (Linux; Android 12; moto e22i Build/SOWS32.121-66-25) AppleWebKit/537.36 (KHTML, like Gecko) Chrome/151.0.7922.86 Mobile Safari/537.36"
132.248.132.246 - - [25/Aug/2026:03:59:58 +0900] "GET /wp-content/uploads/2025/04/adventure-game-2-300x300.webp HTTP/1.1" 200 8992 "https://minecrftdescargar.mx/" "Mozilla/5.0 (Linux; Android 12; moto e22i Build/SOWS32.121-66-25) AppleWebKit/537.36 (KHTML, like Gecko) Chrome/151.0.7922.86 Mobile Safari/537.36"
132.248.132.246 - - [25/Aug/2026:04:00:11 +0900] "GET /wp-content/uploads/2025/04/Add-a-heading-17.webp HTTP/1.1" 200 8454 "https://minecrftdescargar.mx/" "Mozilla/5.0 (Linux; Android 12; moto e22i Build/SOWS32.121-66-25) AppleWebKit/537.36 (KHTML, like Gecko) Chrome/151.0.7922.86 Mobile Safari/537.36"
132.248.132.246 - - [25/Aug/2026:04:00:11 +0900] "GET /wp-content/uploads/2025/04/Add-a-heading-16.webp HTTP/1.1" 200 10956 "https://minecrftdescargar.mx/" "Mozilla/5.0 (Linux; Android 12; moto e22i Build/SOWS32.121-66-25) AppleWebKit/537.36 (KHTML, like Gecko) Chrome/151.0.7922.86 Mobile Safari/537.36"
132.248.132.246 - - [25/Aug/2026:04:00:14 +0900] "GET /wp-content/uploads/2025/04/c82630ab-af64-4b32-bffc-e4418300ebc3_removalai_preview-167x300.webp HTTP/1.1" 200 5650 "https://minecrftdescargar.mx/" "Mozilla/5.0 (Linux; Android 12; moto e22i Build/SOWS32.121-66-25) AppleWebKit/537.36 (KHTML, like Gecko) Chrome/151.0.7922.86 Mobile Safari/537.36"
132.248.132.246 - - [25/Aug/2026:04:00:38 +0900] "GET /wp-content/uploads/2025/04/5c153b48-c66c-4c17-8984-9e18156ea24f_removalai_preview-1-167x300.webp HTTP/1.1" 200 5512 "https://minecrftdescargar.mx/" "Mozilla/5.0 (Linux; Android 12; moto e22i Build/SOWS32.121-66-25) AppleWebKit/537.36 (KHTML, like Gecko) Chrome/151.0.7922.86 Mobile Safari/537.36"
132.248.132.246 - - [25/Aug/2026:04:00:38 +0900] "GET /wp-content/uploads/2025/04/ed848c72-ced4-4d79-9381-91b4c30dc4e7_removalai_preview-5-167x300.webp HTTP/1.1" 200 9470 "https://minecrftdescargar.mx/" "Mozilla/5.0 (Linux; Android 12; moto e22i Build/SOWS32.121-66-25) AppleWebKit/537.36 (KHTML, like Gecko) Chrome/151.0.7922.86 Mobile Safari/537.36"
132.248.132.246 - - [25/Aug/2026:04:00:38 +0900] "GET /wp-content/uploads/2025/04/3d4a8b90-c00c-483d-864a-515f232f6f51_removalai_preview-2-167x300.webp HTTP/1.1" 200 5398 "https://minecrftdescargar.mx/" "Mozilla/5.0 (Linux; Android 12; moto e22i Build/SOWS32.121-66-25) AppleWebKit/537.36 (KHTML, like Gecko) Chrome/151.0.7922.86 Mobile Safari/537.36"
172.233.79.144 - - [25/Aug/2026:04:06:39 +0900] "POST /wp-cron.php?doing_wp_cron=1787598399.0813019275665283203125 HTTP/1.1" 200 20 "-" "WordPress/7.1; https://minecrftdescargar.mx"
43.135.148.92 - - [25/Aug/2026:04:06:36 +0900] "GET /xmlrpc.php?rsd HTTP/1.1" 200 308 "-" "Mozilla/5.0 (iPhone; CPU iPhone OS 13_2_3 like Mac OS X) AppleWebKit/605.1.15 (KHTML, like Gecko) Version/13.0.3 Mobile/15E148 Safari/604.1"
172.233.79.144 - - [25/Aug/2026:04:09:26 +0900] "POST /wp-cron.php?doing_wp_cron=1787598566.5676980018615722656250 HTTP/1.1" 200 20 "-" "WordPress/7.1; https://minecrftdescargar.mx"
2a03:2880:f806:16:: - - [25/Aug/2026:04:09:23 +0900] "GET /game-bai-sao789/ HTTP/1.1" 200 24734 "-" "Mozilla/5.0 (Windows NT 10.0; Win64; x64) AppleWebKit/537.36 (KHTML, like Gecko) Chrome/145.0.0.0 Safari/537.36 (compatible; meta-externalagent/1.1 (+https://developers.facebook.com/docs/sharing/webmasters/crawler))"
127.0.0.1 - - [25/Aug/2026:04:12:09 +0900] "GET /.git/HEAD HTTP/1.1" 403 1242 "-" "Mozilla/5.0 (Macintosh; Intel Mac OS X 10_15_7) AppleWebKit/537.36 (KHTML, like Gecko) Chrome/125.0.0.0 Safari/537.36"
127.0.0.1 - - [25/Aug/2026:04:12:09 +0900] "GET /.git/config HTTP/1.1" 403 1242 "-" "Mozilla/5.0 (Macintosh; Intel Mac OS X 10_15_7) AppleWebKit/537.36 (KHTML, like Gecko) Chrome/125.0.0.0 Safari/537.36"
172.233.79.144 - - [25/Aug/2026:04:16:30 +0900] "POST /wp-cron.php?doing_wp_cron=1787598990.1190600395202636718750 HTTP/1.1" 200 20 "-" "WordPress/7.1; https://minecrftdescargar.mx"
103.4.250.11 - - [25/Aug/2026:04:16:26 +0900] "GET / HTTP/1.1" 200 52896 "-" "Mozilla/5.0 (Macintosh; Intel Mac OS X 10_15_7) AppleWebKit/537.36 (KHTML, like Gecko) Chrome/131.0.0.0 Safari/537.36"
103.4.250.11 - - [25/Aug/2026:04:16:31 +0900] "GET /feed/ HTTP/1.1" 200 3519 "-" "Mozilla/5.0 (Macintosh; Intel Mac OS X 10_15_7) AppleWebKit/537.36 (KHTML, like Gecko) Chrome/131.0.0.0 Safari/537.36"
103.4.250.11 - - [25/Aug/2026:04:16:32 +0900] "GET /wp-includes/js/wp-emoji-release.min.js?ver=7.1 HTTP/1.1" 200 4974 "-" "Mozilla/5.0 (Macintosh; Intel Mac OS X 10_15_7) AppleWebKit/537.36 (KHTML, like Gecko) Chrome/131.0.0.0 Safari/537.36"
103.4.250.11 - - [25/Aug/2026:04:16:33 +0900] "GET /wp-content/plugins/kadence-blocks/includes/assets/js/kt-accordion.min.js?ver=3.7.9.1 HTTP/1.1" 200 3546 "-" "Mozilla/5.0 (Macintosh; Intel Mac OS X 10_15_7) AppleWebKit/537.36 (KHTML, like Gecko) Chrome/131.0.0.0 Safari/537.36"
103.4.250.11 - - [25/Aug/2026:04:16:33 +0900] "GET /wp-content/plugins/kadence-blocks-pro/includes/assets/js/splide.min.js?ver=2.8.17 HTTP/1.1" 200 12593 "-" "Mozilla/5.0 (Macintosh; Intel Mac OS X 10_15_7) AppleWebKit/537.36 (KHTML, like Gecko) Chrome/131.0.0.0 Safari/537.36"
103.4.250.11 - - [25/Aug/2026:04:16:33 +0900] "GET /descargar/ HTTP/1.1" 301 795 "-" "Mozilla/5.0 (Macintosh; Intel Mac OS X 10_15_7) AppleWebKit/537.36 (KHTML, like Gecko) Chrome/131.0.0.0 Safari/537.36"
103.4.250.11 - - [25/Aug/2026:04:16:33 +0900] "GET /wp-content/plugins/kadence-blocks/includes/assets/js/kb-table-of-contents.min.js?ver=3.7.9.1 HTTP/1.1" 200 2329 "-" "Mozilla/5.0 (Macintosh; Intel Mac OS X 10_15_7) AppleWebKit/537.36 (KHTML, like Gecko) Chrome/131.0.0.0 Safari/537.36"
103.4.250.11 - - [25/Aug/2026:04:16:33 +0900] "GET /wp-content/plugins/kadence-blocks-pro/includes/assets/js/kb-splide-slider-init.min.js?ver=2.8.17 HTTP/1.1" 200 1948 "-" "Mozilla/5.0 (Macintosh; Intel Mac OS X 10_15_7) AppleWebKit/537.36 (KHTML, like Gecko) Chrome/131.0.0.0 Safari/537.36"
103.4.250.11 - - [25/Aug/2026:04:16:33 +0900] "GET /wp-content/themes/kadence/assets/js/navigation.min.js?ver=1.4.3 HTTP/1.1" 200 4829 "-" "Mozilla/5.0 (Macintosh; Intel Mac OS X 10_15_7) AppleWebKit/537.36 (KHTML, like Gecko) Chrome/131.0.0.0 Safari/537.36"
103.4.250.11 - - [25/Aug/2026:04:16:33 +0900] "GET /wp-content/plugins/kadence-blocks-pro/includes/assets/js/aos.min.js?ver=2.8.17 HTTP/1.1" 200 4918 "-" "Mozilla/5.0 (Macintosh; Intel Mac OS X 10_15_7) AppleWebKit/537.36 (KHTML, like Gecko) Chrome/131.0.0.0 Safari/537.36"
103.4.250.11 - - [25/Aug/2026:04:16:32 +0900] "GET /contact-us/ HTTP/1.1" 200 19424 "-" "Mozilla/5.0 (Macintosh; Intel Mac OS X 10_15_7) AppleWebKit/537.36 (KHTML, like Gecko) Chrome/131.0.0.0 Safari/537.36"
103.4.250.11 - - [25/Aug/2026:04:16:32 +0900] "GET /about-us/ HTTP/1.1" 200 19217 "-" "Mozilla/5.0 (Macintosh; Intel Mac OS X 10_15_7) AppleWebKit/537.36 (KHTML, like Gecko) Chrome/131.0.0.0 Safari/537.36"
103.4.250.11 - - [25/Aug/2026:04:16:32 +0900] "GET / HTTP/1.1" 200 52896 "-" "Mozilla/5.0 (Macintosh; Intel Mac OS X 10_15_7) AppleWebKit/537.36 (KHTML, like Gecko) Chrome/131.0.0.0 Safari/537.36"
103.4.250.11 - - [25/Aug/2026:04:16:33 +0900] "GET /comments/feed/ HTTP/1.1" 200 477 "-" "Mozilla/5.0 (Macintosh; Intel Mac OS X 10_15_7) AppleWebKit/537.36 (KHTML, like Gecko) Chrome/131.0.0.0 Safari/537.36"
103.4.250.11 - - [25/Aug/2026:04:16:32 +0900] "GET /minecraft-ios/ HTTP/1.1" 200 35944 "-" "Mozilla/5.0 (Macintosh; Intel Mac OS X 10_15_7) AppleWebKit/537.36 (KHTML, like Gecko) Chrome/131.0.0.0 Safari/537.36"
103.4.250.11 - - [25/Aug/2026:04:16:33 +0900] "GET /wp-json/oembed/1.0/embed?url=https://minecrftdescargar.mx/ HTTP/1.1" 200 1105 "-" "Mozilla/5.0 (Macintosh; Intel Mac OS X 10_15_7) AppleWebKit/537.36 (KHTML, like Gecko) Chrome/131.0.0.0 Safari/537.36"
103.4.250.11 - - [25/Aug/2026:04:16:33 +0900] "GET /minecraft-bedrock-apk/ HTTP/1.1" 200 38793 "-" "Mozilla/5.0 (Macintosh; Intel Mac OS X 10_15_7) AppleWebKit/537.36 (KHTML, like Gecko) Chrome/131.0.0.0 Safari/537.36"
103.4.250.11 - - [25/Aug/2026:04:16:33 +0900] "GET / HTTP/1.1" 200 52896 "-" "Mozilla/5.0 (Macintosh; Intel Mac OS X 10_15_7) AppleWebKit/537.36 (KHTML, like Gecko) Chrome/131.0.0.0 Safari/537.36"
103.4.250.11 - - [25/Aug/2026:04:16:32 +0900] "GET / HTTP/1.1" 200 52896 "-" "Mozilla/5.0 (Macintosh; Intel Mac OS X 10_15_7) AppleWebKit/537.36 (KHTML, like Gecko) Chrome/131.0.0.0 Safari/537.36"
103.4.250.11 - - [25/Aug/2026:04:16:33 +0900] "GET / HTTP/1.1" 200 52896 "-" "Mozilla/5.0 (Macintosh; Intel Mac OS X 10_15_7) AppleWebKit/537.36 (KHTML, like Gecko) Chrome/131.0.0.0 Safari/537.36"
103.4.250.11 - - [25/Aug/2026:04:16:33 +0900] "GET / HTTP/1.1" 200 52896 "-" "Mozilla/5.0 (Macintosh; Intel Mac OS X 10_15_7) AppleWebKit/537.36 (KHTML, like Gecko) Chrome/131.0.0.0 Safari/537.36"
103.4.250.11 - - [25/Aug/2026:04:16:33 +0900] "GET /minecraft-pc/ HTTP/1.1" 200 35533 "-" "Mozilla/5.0 (Macintosh; Intel Mac OS X 10_15_7) AppleWebKit/537.36 (KHTML, like Gecko) Chrome/131.0.0.0 Safari/537.36"
103.4.250.11 - - [25/Aug/2026:04:16:33 +0900] "GET /wp-json/oembed/1.0/embed?url=https://minecrftdescargar.mx/&format=xml HTTP/1.1" 200 1143 "-" "Mozilla/5.0 (Macintosh; Intel Mac OS X 10_15_7) AppleWebKit/537.36 (KHTML, like Gecko) Chrome/131.0.0.0 Safari/537.36"
103.4.250.11 - - [25/Aug/2026:04:16:33 +0900] "GET / HTTP/1.1" 200 52896 "-" "Mozilla/5.0 (Macintosh; Intel Mac OS X 10_15_7) AppleWebKit/537.36 (KHTML, like Gecko) Chrome/131.0.0.0 Safari/537.36"
103.4.250.11 - - [25/Aug/2026:04:16:33 +0900] "GET /disclaimer/ HTTP/1.1" 200 19508 "-" "Mozilla/5.0 (Macintosh; Intel Mac OS X 10_15_7) AppleWebKit/537.36 (KHTML, like Gecko) Chrome/131.0.0.0 Safari/537.36"
103.4.250.11 - - [25/Aug/2026:04:16:33 +0900] "GET / HTTP/1.1" 200 52896 "-" "Mozilla/5.0 (Macintosh; Intel Mac OS X 10_15_7) AppleWebKit/537.36 (KHTML, like Gecko) Chrome/131.0.0.0 Safari/537.36"
103.4.250.11 - - [25/Aug/2026:04:16:33 +0900] "GET /wp-json/ HTTP/1.1" 200 42730 "-" "Mozilla/5.0 (Macintosh; Intel Mac OS X 10_15_7) AppleWebKit/537.36 (KHTML, like Gecko) Chrome/131.0.0.0 Safari/537.36"
103.4.250.11 - - [25/Aug/2026:04:16:33 +0900] "GET /privacy-policy/ HTTP/1.1" 200 19473 "-" "Mozilla/5.0 (Macintosh; Intel Mac OS X 10_15_7) AppleWebKit/537.36 (KHTML, like Gecko) Chrome/131.0.0.0 Safari/537.36"
103.4.250.11 - - [25/Aug/2026:04:16:33 +0900] "GET /wp-json/wp/v2/pages/96 HTTP/1.1" 200 34194 "-" "Mozilla/5.0 (Macintosh; Intel Mac OS X 10_15_7) AppleWebKit/537.36 (KHTML, like Gecko) Chrome/131.0.0.0 Safari/537.36"
103.4.250.11 - - [25/Aug/2026:04:16:33 +0900] "GET /terms-and-conditions/ HTTP/1.1" 200 19106 "-" "Mozilla/5.0 (Macintosh; Intel Mac OS X 10_15_7) AppleWebKit/537.36 (KHTML, like Gecko) Chrome/131.0.0.0 Safari/537.36"
103.4.250.11 - - [25/Aug/2026:04:16:33 +0900] "GET /xmlrpc.php?rsd HTTP/1.1" 200 308 "-" "Mozilla/5.0 (Macintosh; Intel Mac OS X 10_15_7) AppleWebKit/537.36 (KHTML, like Gecko) Chrome/131.0.0.0 Safari/537.36"
103.4.250.11 - - [25/Aug/2026:04:16:33 +0900] "GET / HTTP/1.1" 200 52896 "-" "Mozilla/5.0 (Macintosh; Intel Mac OS X 10_15_7) AppleWebKit/537.36 (KHTML, like Gecko) Chrome/131.0.0.0 Safari/537.36"
103.4.250.11 - - [25/Aug/2026:04:16:33 +0900] "GET /?s={search_term_string} HTTP/1.1" 200 16933 "-" "Mozilla/5.0 (Macintosh; Intel Mac OS X 10_15_7) AppleWebKit/537.36 (KHTML, like Gecko) Chrome/131.0.0.0 Safari/537.36"
103.4.250.11 - - [25/Aug/2026:04:16:33 +0900] "GET / HTTP/1.1" 200 52896 "-" "Mozilla/5.0 (Macintosh; Intel Mac OS X 10_15_7) AppleWebKit/537.36 (KHTML, like Gecko) Chrome/131.0.0.0 Safari/537.36"
103.4.250.11 - - [25/Aug/2026:04:16:33 +0900] "GET / HTTP/1.1" 200 52896 "-" "Mozilla/5.0 (Macintosh; Intel Mac OS X 10_15_7) AppleWebKit/537.36 (KHTML, like Gecko) Chrome/131.0.0.0 Safari/537.36"
103.4.250.11 - - [25/Aug/2026:04:16:33 +0900] "GET /consejos-de-minecraft/ HTTP/1.1" 200 33668 "-" "Mozilla/5.0 (Macintosh; Intel Mac OS X 10_15_7) AppleWebKit/537.36 (KHTML, like Gecko) Chrome/131.0.0.0 Safari/537.36"
103.4.250.11 - - [25/Aug/2026:04:16:33 +0900] "GET /blog/ HTTP/1.1" 200 24194 "-" "Mozilla/5.0 (Macintosh; Intel Mac OS X 10_15_7) AppleWebKit/537.36 (KHTML, like Gecko) Chrome/131.0.0.0 Safari/537.36"
103.4.250.11 - - [25/Aug/2026:04:16:33 +0900] "GET /java-edition/ HTTP/1.1" 200 36102 "-" "Mozilla/5.0 (Macintosh; Intel Mac OS X 10_15_7) AppleWebKit/537.36 (KHTML, like Gecko) Chrome/131.0.0.0 Safari/537.36"
172.233.79.144 - - [25/Aug/2026:04:17:41 +0900] "POST /wp-cron.php?doing_wp_cron=1787599061.0695819854736328125000 HTTP/1.1" 200 20 "-" "WordPress/7.1; https://minecrftdescargar.mx"
177.225.72.70 - - [25/Aug/2026:04:17:36 +0900] "GET / HTTP/1.1" 200 52896 "https://search.brave.com/" "Mozilla/5.0 (Windows NT 10.0; Win64; x64) AppleWebKit/537.36 (KHTML, like Gecko) Chrome/151.0.0.0 Safari/537.36"
