46.1.110.191 - - [25/Aug/2026:06:27:26 +0900] "GET /wp-content/plugins/kadence-blocks/dist/style-blocks-infobox.css?ver=3.7.9.1 HTTP/1.1" 200 1339 "https://minecrftdescargar.mx/" "Mozilla/5.0 (Windows NT 10.0; Win64; x64) AppleWebKit/537.36 (KHTML, like Gecko) Chrome/151.0.0.0 Safari/537.36"
46.1.110.191 - - [25/Aug/2026:06:27:27 +0900] "GET /wp-content/uploads/2025/04/Add-a-heading-13-1.webp HTTP/1.1" 200 21524 "https://minecrftdescargar.mx/" "Mozilla/5.0 (Windows NT 10.0; Win64; x64) AppleWebKit/537.36 (KHTML, like Gecko) Chrome/151.0.0.0 Safari/537.36"
46.1.110.191 - - [25/Aug/2026:06:27:27 +0900] "GET /wp-content/plugins/kadence-blocks/includes/assets/js/kb-table-of-contents.min.js?ver=3.7.9.1 HTTP/1.1" 200 2329 "https://minecrftdescargar.mx/" "Mozilla/5.0 (Windows NT 10.0; Win64; x64) AppleWebKit/537.36 (KHTML, like Gecko) Chrome/151.0.0.0 Safari/537.36"
46.1.110.191 - - [25/Aug/2026:06:27:27 +0900] "GET /wp-content/plugins/kadence-blocks/includes/assets/js/kt-accordion.min.js?ver=3.7.9.1 HTTP/1.1" 200 3546 "https://minecrftdescargar.mx/" "Mozilla/5.0 (Windows NT 10.0; Win64; x64) AppleWebKit/537.36 (KHTML, like Gecko) Chrome/151.0.0.0 Safari/537.36"
46.1.110.191 - - [25/Aug/2026:06:27:27 +0900] "GET /wp-content/plugins/kadence-blocks-pro/includes/assets/js/kb-splide-slider-init.min.js?ver=2.8.17 HTTP/1.1" 200 1948 "https://minecrftdescargar.mx/" "Mozilla/5.0 (Windows NT 10.0; Win64; x64) AppleWebKit/537.36 (KHTML, like Gecko) Chrome/151.0.0.0 Safari/537.36"
46.1.110.191 - - [25/Aug/2026:06:27:27 +0900] "GET /wp-content/plugins/kadence-blocks-pro/includes/assets/js/aos.min.js?ver=2.8.17 HTTP/1.1" 200 4918 "https://minecrftdescargar.mx/" "Mozilla/5.0 (Windows NT 10.0; Win64; x64) AppleWebKit/537.36 (KHTML, like Gecko) Chrome/151.0.0.0 Safari/537.36"
46.1.110.191 - - [25/Aug/2026:06:27:27 +0900] "GET /wp-content/uploads/2025/04/Add-a-heading-12-300x300.webp HTTP/1.1" 200 16646 "https://minecrftdescargar.mx/" "Mozilla/5.0 (Windows NT 10.0; Win64; x64) AppleWebKit/537.36 (KHTML, like Gecko) Chrome/151.0.0.0 Safari/537.36"
46.1.110.191 - - [25/Aug/2026:06:27:27 +0900] "GET /wp-content/uploads/2025/04/4c7dbef8-ba5c-4892-bd8f-67c60d6c1bf2_removalai_preview.webp HTTP/1.1" 200 12240 "https://minecrftdescargar.mx/" "Mozilla/5.0 (Windows NT 10.0; Win64; x64) AppleWebKit/537.36 (KHTML, like Gecko) Chrome/151.0.0.0 Safari/537.36"
46.1.110.191 - - [25/Aug/2026:06:27:28 +0900] "GET /wp-includes/js/wp-emoji-release.min.js?ver=7.1 HTTP/1.1" 200 4974 "https://minecrftdescargar.mx/" "Mozilla/5.0 (Windows NT 10.0; Win64; x64) AppleWebKit/537.36 (KHTML, like Gecko) Chrome/151.0.0.0 Safari/537.36"
172.233.79.144 - - [25/Aug/2026:06:38:12 +0900] "POST /wp-cron.php?doing_wp_cron=1787607492.9126288890838623046875 HTTP/1.1" 200 20 "-" "WordPress/7.1; https://minecrftdescargar.mx"
2806:266:2400:696:1935:a759:2925:662b - - [25/Aug/2026:06:38:10 +0900] "GET / HTTP/1.1" 200 52896 "https://www.google.com/" "Mozilla/5.0 (Linux; Android 10; K) AppleWebKit/537.36 (KHTML, like Gecko) Chrome/138.0.0.0 Mobile Safari/537.36"
172.233.79.144 - - [25/Aug/2026:06:42:04 +0900] "POST /wp-cron.php?doing_wp_cron=1787607724.3327970504760742187500 HTTP/1.1" 200 20 "-" "WordPress/7.1; https://minecrftdescargar.mx"
129.28.84.30 - - [25/Aug/2026:06:42:03 +0900] "GET / HTTP/1.1" 301 20 "http://www.minecrftdescargar.mx" "Mozilla/5.0 (iPhone; CPU iPhone OS 13_2_3 like Mac OS X) AppleWebKit/605.1.15 (KHTML, like Gecko) Version/13.0.3 Mobile/15E148 Safari/604.1"
129.28.84.30 - - [25/Aug/2026:06:42:05 +0900] "GET / HTTP/1.1" 200 52896 "https://www.minecrftdescargar.mx/" "Mozilla/5.0 (iPhone; CPU iPhone OS 13_2_3 like Mac OS X) AppleWebKit/605.1.15 (KHTML, like Gecko) Version/13.0.3 Mobile/15E148 Safari/604.1"
2a03:2880:f806:d:: - - [25/Aug/2026:06:51:41 +0900] "GET /ca-cuoc-the-thao-an-tien/ HTTP/1.1" 429 0 "-" "Mozilla/5.0 (Windows NT 10.0; Win64; x64) AppleWebKit/537.36 (KHTML, like Gecko) Chrome/145.0.0.0 Safari/537.36 (compatible; meta-externalagent/1.1 (+https://developers.facebook.com/docs/sharing/webmasters/crawler))"
187.187.203.58 - - [25/Aug/2026:07:01:14 +0900] "GET /wp-content/plugins/kadence-pro/dist/mega-menu/menu-addon.css?ver=1.2.4 HTTP/1.1" 200 1126 "-" "Mozilla/5.0 (Linux; Android 10; K) AppleWebKit/537.36 (KHTML, like Gecko) Chrome/151.0.0.0 Mobile Safari/537.36"
187.187.203.58 - - [25/Aug/2026:07:01:15 +0900] "GET /wp-content/plugins/kadence-blocks/dist/style-blocks-rowlayout.css?ver=3.7.8.2 HTTP/1.1" 200 1770 "-" "Mozilla/5.0 (Linux; Android 10; K) AppleWebKit/537.36 (KHTML, like Gecko) Chrome/151.0.0.0 Mobile Safari/537.36"
187.187.203.58 - - [25/Aug/2026:07:01:15 +0900] "GET /wp-content/plugins/kadence-blocks/dist/style-blocks-column.css?ver=3.7.8.2 HTTP/1.1" 200 427 "-" "Mozilla/5.0 (Linux; Android 10; K) AppleWebKit/537.36 (KHTML, like Gecko) Chrome/151.0.0.0 Mobile Safari/537.36"
187.187.203.58 - - [25/Aug/2026:07:01:16 +0900] "GET /wp-content/plugins/kadence-blocks/dist/style-blocks-image.css?ver=3.7.8.2 HTTP/1.1" 200 1065 "-" "Mozilla/5.0 (Linux; Android 10; K) AppleWebKit/537.36 (KHTML, like Gecko) Chrome/151.0.0.0 Mobile Safari/537.36"
187.187.203.58 - - [25/Aug/2026:07:01:16 +0900] "GET /wp-content/plugins/kadence-blocks/dist/style-blocks-advancedbtn.css?ver=3.7.8.2 HTTP/1.1" 200 704 "-" "Mozilla/5.0 (Linux; Android 10; K) AppleWebKit/537.36 (KHTML, like Gecko) Chrome/151.0.0.0 Mobile Safari/537.36"
187.187.203.58 - - [25/Aug/2026:07:01:17 +0900] "GET /wp-content/plugins/kadence-blocks/dist/style-blocks-tableofcontents.css?ver=3.7.8.2 HTTP/1.1" 200 1072 "-" "Mozilla/5.0 (Linux; Android 10; K) AppleWebKit/537.36 (KHTML, like Gecko) Chrome/151.0.0.0 Mobile Safari/537.36"
172.233.79.144 - - [25/Aug/2026:07:01:18 +0900] "POST /wp-cron.php?doing_wp_cron=1787608878.8858919143676757812500 HTTP/1.1" 200 20 "-" "WordPress/7.1; https://minecrftdescargar.mx"
187.187.203.58 - - [25/Aug/2026:07:01:13 +0900] "GET / HTTP/1.1" 200 52896 "https://www.google.com/" "Mozilla/5.0 (Linux; Android 10; K) AppleWebKit/537.36 (KHTML, like Gecko) Chrome/151.0.0.0 Mobile Safari/537.36"
187.187.203.58 - - [25/Aug/2026:07:01:51 +0900] "GET /descargar/ HTTP/1.1" 301 795 "https://minecrftdescargar.mx/" "Mozilla/5.0 (Linux; Android 10; K) AppleWebKit/537.36 (KHTML, like Gecko) Chrome/151.0.0.0 Mobile Safari/537.36"
187.187.203.58 - - [25/Aug/2026:07:01:51 +0900] "GET /descargar/ HTTP/1.1" 301 795 "https://minecrftdescargar.mx/" "Mozilla/5.0 (Linux; Android 10; K) AppleWebKit/537.36 (KHTML, like Gecko) Chrome/151.0.0.0 Mobile Safari/537.36"
187.187.203.58 - - [25/Aug/2026:07:01:52 +0900] "GET /wp-content/uploads/2025/04/320cf935-5c92-48b2-b94a-961b7d05faea_removalai_preview-3.webp HTTP/1.1" 200 9514 "https://minecrftdescargar.mx/" "Mozilla/5.0 (Linux; Android 10; K) AppleWebKit/537.36 (KHTML, like Gecko) Chrome/151.0.0.0 Mobile Safari/537.36"
172.233.79.144 - - [25/Aug/2026:07:06:13 +0900] "POST /wp-cron.php?doing_wp_cron=1787609173.7124640941619873046875 HTTP/1.1" 200 20 "-" "WordPress/7.1; https://minecrftdescargar.mx"
2803:6240:62:7b3e:9455:228b:93b4:69cc - - [25/Aug/2026:07:06:08 +0900] "GET / HTTP/1.1" 200 52896 "https://www.google.com/" "Mozilla/5.0 (Linux; Android 10; K) AppleWebKit/537.36 (KHTML, like Gecko) Chrome/130.0.0.0 Mobile Safari/537.36"
2803:6240:62:7b3e:9455:228b:93b4:69cc - - [25/Aug/2026:07:06:14 +0900] "GET /wp-content/themes/kadence/assets/css/global.min.css?ver=1.4.3 HTTP/1.1" 304 0 "https://minecrftdescargar.mx/" "Mozilla/5.0 (Linux; Android 10; K) AppleWebKit/537.36 (KHTML, like Gecko) Chrome/130.0.0.0 Mobile Safari/537.36"
2803:6240:62:7b3e:9455:228b:93b4:69cc - - [25/Aug/2026:07:06:14 +0900] "GET /wp-content/themes/kadence/assets/css/header.min.css?ver=1.4.3 HTTP/1.1" 304 0 "https://minecrftdescargar.mx/" "Mozilla/5.0 (Linux; Android 10; K) AppleWebKit/537.36 (KHTML, like Gecko) Chrome/130.0.0.0 Mobile Safari/537.36"
2803:6240:62:7b3e:9455:228b:93b4:69cc - - [25/Aug/2026:07:06:14 +0900] "GET /wp-content/plugins/kadence-blocks-pro/includes/assets/css/aos.min.css?ver=2.8.17 HTTP/1.1" 304 0 "https://minecrftdescargar.mx/" "Mozilla/5.0 (Linux; Android 10; K) AppleWebKit/537.36 (KHTML, like Gecko) Chrome/130.0.0.0 Mobile Safari/537.36"
172.233.79.144 - - [25/Aug/2026:07:06:58 +0900] "POST /wp-cron.php?doing_wp_cron=1787609218.7458870410919189453125 HTTP/1.1" 200 20 "-" "WordPress/7.1; https://minecrftdescargar.mx"
189.204.152.25 - - [25/Aug/2026:07:06:58 +0900] "GET / HTTP/1.1" 200 52896 "https://search.brave.com/" "Mozilla/5.0 (Linux; Android 10; K) AppleWebKit/537.36 (KHTML, like Gecko) Chrome/151.0.0.0 Mobile Safari/537.36"
189.204.152.25 - - [25/Aug/2026:07:07:07 +0900] "GET /descargar/ HTTP/1.1" 301 795 "https://minecrftdescargar.mx/" "Mozilla/5.0 (Linux; Android 10; K) AppleWebKit/537.36 (KHTML, like Gecko) Chrome/151.0.0.0 Mobile Safari/537.36"
189.204.152.25 - - [25/Aug/2026:07:07:12 +0900] "GET /descargar/ HTTP/1.1" 301 795 "https://minecrftdescargar.mx/" "Mozilla/5.0 (Linux; Android 10; K) AppleWebKit/537.36 (KHTML, like Gecko) Chrome/151.0.0.0 Mobile Safari/537.36"
172.233.79.144 - - [25/Aug/2026:07:13:13 +0900] "POST /wp-cron.php?doing_wp_cron=1787609593.0678510665893554687500 HTTP/1.1" 200 20 "-" "WordPress/7.1; https://minecrftdescargar.mx"
38.22.181.105 - - [25/Aug/2026:07:13:10 +0900] "GET / HTTP/1.1" 200 52896 "https://www.google.com/" "Mozilla/5.0 (Linux; Android 9; GTKIDS7) AppleWebKit/537.36 (KHTML, like Gecko) Chrome/77.0.3865.92 Safari/537.36"
38.22.181.105 - - [25/Aug/2026:07:13:34 +0900] "GET /descargar/ HTTP/1.1" 301 795 "https://minecrftdescargar.mx/" "Mozilla/5.0 (Linux; Android 9; GTKIDS7) AppleWebKit/537.36 (KHTML, like Gecko) Chrome/77.0.3865.92 Safari/537.36"
38.22.181.105 - - [25/Aug/2026:07:13:57 +0900] "GET /descargar/ HTTP/1.1" 301 795 "-" "Mozilla/5.0 (Linux; Android 9; GTKIDS7) AppleWebKit/537.36 (KHTML, like Gecko) Chrome/77.0.3865.92 Safari/537.36"
38.22.181.105 - - [25/Aug/2026:07:14:01 +0900] "GET /descargar/ HTTP/1.1" 301 795 "https://minecrftdescargar.mx/" "Mozilla/5.0 (Linux; Android 9; GTKIDS7) AppleWebKit/537.36 (KHTML, like Gecko) Chrome/77.0.3865.92 Safari/537.36"
172.233.79.144 - - [25/Aug/2026:07:15:46 +0900] "POST /wp-cron.php?doing_wp_cron=1787609746.0707509517669677734375 HTTP/1.1" 200 20 "-" "WordPress/7.1; https://minecrftdescargar.mx"
2803:6240:62:7b3e:9455:228b:93b4:69cc - - [25/Aug/2026:07:15:44 +0900] "GET / HTTP/1.1" 200 52896 "https://www.google.com/" "Mozilla/5.0 (Linux; Android 10; K) AppleWebKit/537.36 (KHTML, like Gecko) Chrome/130.0.0.0 Mobile Safari/537.36"
181.123.124.177 - - [25/Aug/2026:07:16:34 +0900] "GET /wp-content/themes/kadence/assets/css/header.min.css?ver=1.4.3 HTTP/1.1" 200 4240 "-" "Mozilla/5.0 (Linux; Android 10; K) AppleWebKit/537.36 (KHTML, like Gecko) Chrome/138.0.0.0 Mobile Safari/537.36"
181.123.124.177 - - [25/Aug/2026:07:16:34 +0900] "GET /wp-content/themes/kadence/assets/css/global.min.css?ver=1.4.3 HTTP/1.1" 200 5003 "-" "Mozilla/5.0 (Linux; Android 10; K) AppleWebKit/537.36 (KHTML, like Gecko) Chrome/138.0.0.0 Mobile Safari/537.36"
172.233.79.144 - - [25/Aug/2026:07:16:35 +0900] "POST /wp-cron.php?doing_wp_cron=1787609795.0777449607849121093750 HTTP/1.1" 200 20 "-" "WordPress/7.1; https://minecrftdescargar.mx"
181.123.124.177 - - [25/Aug/2026:07:16:34 +0900] "GET / HTTP/1.1" 200 52896 "https://www.google.com/" "Mozilla/5.0 (Linux; Android 10; K) AppleWebKit/537.36 (KHTML, like Gecko) Chrome/138.0.0.0 Mobile Safari/537.36"
181.123.124.177 - - [25/Aug/2026:07:16:35 +0900] "GET /wp-content/themes/kadence/assets/css/content.min.css?ver=1.4.3 HTTP/1.1" 200 5818 "-" "Mozilla/5.0 (Linux; Android 10; K) AppleWebKit/537.36 (KHTML, like Gecko) Chrome/138.0.0.0 Mobile Safari/537.36"
181.123.124.177 - - [25/Aug/2026:07:16:35 +0900] "GET /wp-content/themes/kadence/assets/css/footer.min.css?ver=1.4.3 HTTP/1.1" 200 1675 "-" "Mozilla/5.0 (Linux; Android 10; K) AppleWebKit/537.36 (KHTML, like Gecko) Chrome/138.0.0.0 Mobile Safari/537.36"
181.123.124.177 - - [25/Aug/2026:07:16:35 +0900] "GET /wp-content/plugins/kadence-blocks/dist/style-blocks-iconlist.css?ver=3.7.9.1 HTTP/1.1" 200 597 "https://minecrftdescargar.mx/" "Mozilla/5.0 (Linux; Android 10; K) AppleWebKit/537.36 (KHTML, like Gecko) Chrome/138.0.0.0 Mobile Safari/537.36"
181.123.124.177 - - [25/Aug/2026:07:16:35 +0900] "GET /wp-content/plugins/kadence-blocks/dist/style-blocks-tableofcontents.css?ver=3.7.9.1 HTTP/1.1" 200 1072 "https://minecrftdescargar.mx/" "Mozilla/5.0 (Linux; Android 10; K) AppleWebKit/537.36 (KHTML, like Gecko) Chrome/138.0.0.0 Mobile Safari/537.36"
181.123.124.177 - - [25/Aug/2026:07:16:35 +0900] "GET /wp-content/themes/kadence/assets/css/rankmath.min.css?ver=1.4.3 HTTP/1.1" 200 39 "https://minecrftdescargar.mx/" "Mozilla/5.0 (Linux; Android 10; K) AppleWebKit/537.36 (KHTML, like Gecko) Chrome/138.0.0.0 Mobile Safari/537.36"
181.123.124.177 - - [25/Aug/2026:07:16:35 +0900] "GET /wp-content/plugins/kadence-blocks-pro/dist/style-blocks-slider.css?ver=2.8.17 HTTP/1.1" 200 1079 "https://minecrftdescargar.mx/" "Mozilla/5.0 (Linux; Android 10; K) AppleWebKit/537.36 (KHTML, like Gecko) Chrome/138.0.0.0 Mobile Safari/537.36"
181.123.124.177 - - [25/Aug/2026:07:16:35 +0900] "GET /wp-content/plugins/kadence-blocks-pro/includes/assets/css/aos.min.css?ver=2.8.17 HTTP/1.1" 200 1835 "https://minecrftdescargar.mx/" "Mozilla/5.0 (Linux; Android 10; K) AppleWebKit/537.36 (KHTML, like Gecko) Chrome/138.0.0.0 Mobile Safari/537.36"
181.123.124.177 - - [25/Aug/2026:07:16:35 +0900] "GET /wp-content/plugins/kadence-blocks/dist/style-blocks-image.css?ver=3.7.9.1 HTTP/1.1" 200 1065 "https://minecrftdescargar.mx/" "Mozilla/5.0 (Linux; Android 10; K) AppleWebKit/537.36 (KHTML, like Gecko) Chrome/138.0.0.0 Mobile Safari/537.36"
181.123.124.177 - - [25/Aug/2026:07:16:35 +0900] "GET /wp-content/plugins/kadence-blocks/dist/style-blocks-column.css?ver=3.7.9.1 HTTP/1.1" 200 427 "https://minecrftdescargar.mx/" "Mozilla/5.0 (Linux; Android 10; K) AppleWebKit/537.36 (KHTML, like Gecko) Chrome/138.0.0.0 Mobile Safari/537.36"
181.123.124.177 - - [25/Aug/2026:07:16:35 +0900] "GET /wp-content/plugins/kadence-blocks/dist/style-blocks-accordion.css?ver=3.7.9.1 HTTP/1.1" 200 1274 "https://minecrftdescargar.mx/" "Mozilla/5.0 (Linux; Android 10; K) AppleWebKit/537.36 (KHTML, like Gecko) Chrome/138.0.0.0 Mobile Safari/537.36"
181.123.124.177 - - [25/Aug/2026:07:16:35 +0900] "GET /wp-content/plugins/kadence-blocks/dist/style-blocks-rowlayout.css?ver=3.7.9.1 HTTP/1.1" 200 1770 "https://minecrftdescargar.mx/" "Mozilla/5.0 (Linux; Android 10; K) AppleWebKit/537.36 (KHTML, like Gecko) Chrome/138.0.0.0 Mobile Safari/537.36"
181.123.124.177 - - [25/Aug/2026:07:16:35 +0900] "GET /wp-content/plugins/kadence-blocks-pro/includes/assets/css/kadence-splide.min.css?ver=2.8.17 HTTP/1.1" 200 1785 "https://minecrftdescargar.mx/" "Mozilla/5.0 (Linux; Android 10; K) AppleWebKit/537.36 (KHTML, like Gecko) Chrome/138.0.0.0 Mobile Safari/537.36"
181.123.124.177 - - [25/Aug/2026:07:16:35 +0900] "GET /wp-content/plugins/kadence-pro/dist/mega-menu/menu-addon.css?ver=1.2.5 HTTP/1.1" 200 1126 "https://minecrftdescargar.mx/" "Mozilla/5.0 (Linux; Android 10; K) AppleWebKit/537.36 (KHTML, like Gecko) Chrome/138.0.0.0 Mobile Safari/537.36"
181.123.124.177 - - [25/Aug/2026:07:16:35 +0900] "GET /wp-content/plugins/kadence-blocks/dist/style-blocks-advancedbtn.css?ver=3.7.9.1 HTTP/1.1" 200 704 "https://minecrftdescargar.mx/" "Mozilla/5.0 (Linux; Android 10; K) AppleWebKit/537.36 (KHTML, like Gecko) Chrome/138.0.0.0 Mobile Safari/537.36"
181.123.124.177 - - [25/Aug/2026:07:16:36 +0900] "GET /wp-content/uploads/2025/04/Minecraft-APK-21-3-768x307.webp HTTP/1.1" 200 20602 "https://minecrftdescargar.mx/" "Mozilla/5.0 (Linux; Android 10; K) AppleWebKit/537.36 (KHTML, like Gecko) Chrome/138.0.0.0 Mobile Safari/537.36"
181.123.124.177 - - [25/Aug/2026:07:16:36 +0900] "GET /wp-content/uploads/2025/04/Add-a-heading-13-1.webp HTTP/1.1" 200 21524 "https://minecrftdescargar.mx/" "Mozilla/5.0 (Linux; Android 10; K) AppleWebKit/537.36 (KHTML, like Gecko) Chrome/138.0.0.0 Mobile Safari/537.36"
181.123.124.177 - - [25/Aug/2026:07:16:36 +0900] "GET /wp-content/plugins/kadence-blocks/dist/style-blocks-infobox.css?ver=3.7.9.1 HTTP/1.1" 200 1339 "https://minecrftdescargar.mx/" "Mozilla/5.0 (Linux; Android 10; K) AppleWebKit/537.36 (KHTML, like Gecko) Chrome/138.0.0.0 Mobile Safari/537.36"
181.123.124.177 - - [25/Aug/2026:07:16:36 +0900] "GET /wp-content/plugins/kadence-blocks/includes/assets/js/kb-table-of-contents.min.js?ver=3.7.9.1 HTTP/1.1" 200 2329 "https://minecrftdescargar.mx/" "Mozilla/5.0 (Linux; Android 10; K) AppleWebKit/537.36 (KHTML, like Gecko) Chrome/138.0.0.0 Mobile Safari/537.36"
181.123.124.177 - - [25/Aug/2026:07:16:37 +0900] "GET /wp-content/plugins/kadence-blocks/includes/assets/js/kt-accordion.min.js?ver=3.7.9.1 HTTP/1.1" 200 3546 "https://minecrftdescargar.mx/" "Mozilla/5.0 (Linux; Android 10; K) AppleWebKit/537.36 (KHTML, like Gecko) Chrome/138.0.0.0 Mobile Safari/537.36"
181.123.124.177 - - [25/Aug/2026:07:16:37 +0900] "GET /wp-content/plugins/kadence-blocks-pro/includes/assets/js/aos.min.js?ver=2.8.17 HTTP/1.1" 200 4918 "https://minecrftdescargar.mx/" "Mozilla/5.0 (Linux; Android 10; K) AppleWebKit/537.36 (KHTML, like Gecko) Chrome/138.0.0.0 Mobile Safari/537.36"
181.123.124.177 - - [25/Aug/2026:07:16:37 +0900] "GET /wp-content/plugins/kadence-blocks-pro/includes/assets/js/splide.min.js?ver=2.8.17 HTTP/1.1" 200 12593 "https://minecrftdescargar.mx/" "Mozilla/5.0 (Linux; Android 10; K) AppleWebKit/537.36 (KHTML, like Gecko) Chrome/138.0.0.0 Mobile Safari/537.36"
181.123.124.177 - - [25/Aug/2026:07:16:37 +0900] "GET /wp-content/themes/kadence/assets/js/navigation.min.js?ver=1.4.3 HTTP/1.1" 200 4829 "https://minecrftdescargar.mx/" "Mozilla/5.0 (Linux; Android 10; K) AppleWebKit/537.36 (KHTML, like Gecko) Chrome/138.0.0.0 Mobile Safari/537.36"
181.123.124.177 - - [25/Aug/2026:07:16:37 +0900] "GET /wp-content/uploads/2025/04/4c7dbef8-ba5c-4892-bd8f-67c60d6c1bf2_removalai_preview.webp HTTP/1.1" 200 12240 "https://minecrftdescargar.mx/" "Mozilla/5.0 (Linux; Android 10; K) AppleWebKit/537.36 (KHTML, like Gecko) Chrome/138.0.0.0 Mobile Safari/537.36"
181.123.124.177 - - [25/Aug/2026:07:16:37 +0900] "GET /wp-content/plugins/kadence-blocks-pro/includes/assets/js/kb-splide-slider-init.min.js?ver=2.8.17 HTTP/1.1" 200 1948 "https://minecrftdescargar.mx/" "Mozilla/5.0 (Linux; Android 10; K) AppleWebKit/537.36 (KHTML, like Gecko) Chrome/138.0.0.0 Mobile Safari/537.36"
181.123.124.177 - - [25/Aug/2026:07:16:38 +0900] "GET /descargar/ HTTP/1.1" 301 795 "https://minecrftdescargar.mx/" "Mozilla/5.0 (Linux; Android 10; K) AppleWebKit/537.36 (KHTML, like Gecko) Chrome/138.0.0.0 Mobile Safari/537.36"
181.123.124.177 - - [25/Aug/2026:07:16:39 +0900] "GET /descargar/ HTTP/1.1" 301 795 "https://minecrftdescargar.mx/" "Mozilla/5.0 (Linux; Android 10; K) AppleWebKit/537.36 (KHTML, like Gecko) Chrome/138.0.0.0 Mobile Safari/537.36"
181.123.124.177 - - [25/Aug/2026:07:16:40 +0900] "GET /wp-includes/js/wp-emoji-release.min.js?ver=7.1 HTTP/1.1" 200 4974 "https://minecrftdescargar.mx/" "Mozilla/5.0 (Linux; Android 10; K) AppleWebKit/537.36 (KHTML, like Gecko) Chrome/138.0.0.0 Mobile Safari/537.36"
181.123.124.177 - - [25/Aug/2026:07:16:43 +0900] "GET /wp-content/uploads/2025/04/cropped-Add-a-heading-18-180x180.webp HTTP/1.1" 200 3570 "https://minecrftdescargar.mx/" "Mozilla/5.0 (Linux; Android 10; K) AppleWebKit/537.36 (KHTML, like Gecko) Chrome/138.0.0.0 Mobile Safari/537.36"
181.123.124.177 - - [25/Aug/2026:07:16:43 +0900] "GET /wp-content/uploads/2025/04/cropped-Add-a-heading-18-192x192.webp HTTP/1.1" 200 3776 "https://minecrftdescargar.mx/" "Mozilla/5.0 (Linux; Android 10; K) AppleWebKit/537.36 (KHTML, like Gecko) Chrome/138.0.0.0 Mobile Safari/537.36"
181.123.124.177 - - [25/Aug/2026:07:16:44 +0900] "GET /wp-content/uploads/2025/04/Add-a-heading-12.webp HTTP/1.1" 200 12508 "https://minecrftdescargar.mx/" "Mozilla/5.0 (Linux; Android 10; K) AppleWebKit/537.36 (KHTML, like Gecko) Chrome/138.0.0.0 Mobile Safari/537.36"
2a03:2880:f806:24:: - - [25/Aug/2026:07:32:16 +0900] "GET /privacy-policy/ HTTP/1.1" 429 0 "-" "Mozilla/5.0 (Windows NT 10.0; Win64; x64) AppleWebKit/537.36 (KHTML, like Gecko) Chrome/145.0.0.0 Safari/537.36 (compatible; meta-externalagent/1.1 (+https://developers.facebook.com/docs/sharing/webmasters/crawler))"
216.73.217.52 - - [25/Aug/2026:07:45:13 +0900] "GET /robots.txt HTTP/1.1" 403 1242 "-" "Mozilla/5.0 AppleWebKit/537.36 (KHTML, like Gecko; compatible; ClaudeBot/1.0; +claudebot@anthropic.com)"
216.73.217.52 - - [25/Aug/2026:07:45:13 +0900] "GET /sutbong-tv-your-daily-destination/feed/ HTTP/1.1" 403 1242 "-" "Mozilla/5.0 AppleWebKit/537.36 (KHTML, like Gecko; compatible; ClaudeBot/1.0; +claudebot@anthropic.com)"
216.73.217.52 - - [25/Aug/2026:07:46:00 +0900] "GET /ket-qua-bong-da-cap-nhat/ HTTP/1.1" 403 1242 "-" "Mozilla/5.0 AppleWebKit/537.36 (KHTML, like Gecko; compatible; ClaudeBot/1.0; +claudebot@anthropic.com)"
216.73.217.52 - - [25/Aug/2026:07:46:00 +0900] "GET /casino-sunwin/ HTTP/1.1" 403 1242 "-" "Mozilla/5.0 AppleWebKit/537.36 (KHTML, like Gecko; compatible; ClaudeBot/1.0; +claudebot@anthropic.com)"
216.73.217.52 - - [25/Aug/2026:07:46:23 +0900] "GET /7m-bang-xep-hang/ HTTP/1.1" 403 1242 "-" "Mozilla/5.0 AppleWebKit/537.36 (KHTML, like Gecko; compatible; ClaudeBot/1.0; +claudebot@anthropic.com)"
172.233.79.144 - - [25/Aug/2026:07:49:53 +0900] "POST /wp-cron.php?doing_wp_cron=1787611793.1025059223175048828125 HTTP/1.1" 200 20 "-" "WordPress/7.1; https://minecrftdescargar.mx"
38.159.56.152 - - [25/Aug/2026:07:49:49 +0900] "GET / HTTP/1.1" 200 52896 "https://www.google.com/" "Mozilla/5.0 (Linux; Android 10; K) AppleWebKit/537.36 (KHTML, like Gecko) Chrome/151.0.0.0 Mobile Safari/537.36"
38.159.56.152 - - [25/Aug/2026:07:49:54 +0900] "GET /wp-content/plugins/kadence-blocks-pro/includes/assets/js/splide.min.js?ver=2.8.17 HTTP/1.1" 304 0 "https://minecrftdescargar.mx/" "Mozilla/5.0 (Linux; Android 10; K) AppleWebKit/537.36 (KHTML, like Gecko) Chrome/151.0.0.0 Mobile Safari/537.36"
38.159.56.152 - - [25/Aug/2026:07:49:55 +0900] "GET /wp-content/uploads/2025/04/cropped-Add-a-heading-18-192x192.webp HTTP/1.1" 304 0 "https://minecrftdescargar.mx/" "Mozilla/5.0 (Linux; Android 10; K) AppleWebKit/537.36 (KHTML, like Gecko) Chrome/151.0.0.0 Mobile Safari/537.36"
38.159.56.152 - - [25/Aug/2026:07:50:03 +0900] "GET /descargar/ HTTP/1.1" 301 795 "https://minecrftdescargar.mx/" "Mozilla/5.0 (Linux; Android 10; K) AppleWebKit/537.36 (KHTML, like Gecko) Chrome/151.0.0.0 Mobile Safari/537.36"
38.159.56.152 - - [25/Aug/2026:07:50:03 +0900] "GET /descargar/ HTTP/1.1" 301 795 "https://minecrftdescargar.mx/" "Mozilla/5.0 (Linux; Android 10; K) AppleWebKit/537.36 (KHTML, like Gecko) Chrome/151.0.0.0 Mobile Safari/537.36"
38.159.56.152 - - [25/Aug/2026:07:50:09 +0900] "GET /descargar/ HTTP/1.1" 301 795 "https://minecrftdescargar.mx/" "Mozilla/5.0 (Linux; Android 10; K) AppleWebKit/537.36 (KHTML, like Gecko) Chrome/151.0.0.0 Mobile Safari/537.36"
216.73.216.15 - - [25/Aug/2026:07:57:39 +0900] "GET /?p=1349 HTTP/1.1" 403 1242 "-" "Mozilla/5.0 AppleWebKit/537.36 (KHTML, like Gecko; compatible; ClaudeBot/1.0; +claudebot@anthropic.com)"
216.73.216.15 - - [25/Aug/2026:07:58:07 +0900] "GET /?p=1426 HTTP/1.1" 403 1242 "-" "Mozilla/5.0 AppleWebKit/537.36 (KHTML, like Gecko; compatible; ClaudeBot/1.0; +claudebot@anthropic.com)"
172.233.79.144 - - [25/Aug/2026:07:59:07 +0900] "POST /wp-cron.php?doing_wp_cron=1787612347.7314000129699707031250 HTTP/1.1" 200 20 "-" "WordPress/7.1; https://minecrftdescargar.mx"
2a02:4780:5e:adea::1 - - [25/Aug/2026:07:59:04 +0900] "GET /ads.txt HTTP/1.1" 404 16819 "-" "GuzzleHttp/7"
172.233.79.144 - - [25/Aug/2026:08:01:24 +0900] "POST /wp-cron.php?doing_wp_cron=1787612484.7060029506683349609375 HTTP/1.1" 200 20 "-" "WordPress/7.1; https://minecrftdescargar.mx"
2a03:2880:f806:15:: - - [25/Aug/2026:08:01:22 +0900] "GET /nk88-homepage/ HTTP/1.1" 200 21084 "-" "Mozilla/5.0 (Macintosh; Intel Mac OS X 10_15_7) AppleWebKit/537.36 (KHTML, like Gecko) Chrome/145.0.0.0 Safari/537.36 (compatible; meta-externalagent/1.1 (+https://developers.facebook.com/docs/sharing/webmasters/crawler))"
2a03:2880:f806:2:: - - [25/Aug/2026:08:10:27 +0900] "GET /789club/ HTTP/1.1" 429 0 "-" "Mozilla/5.0 (X11; Linux x86_64) AppleWebKit/537.36 (KHTML, like Gecko) Chrome/145.0.0.0 Safari/537.36 (compatible; meta-externalagent/1.1 (+https://developers.facebook.com/docs/sharing/webmasters/crawler))"
172.233.79.144 - - [25/Aug/2026:08:15:28 +0900] "POST /wp-cron.php?doing_wp_cron=1787613328.3429191112518310546875 HTTP/1.1" 200 20 "-" "WordPress/7.1; https://minecrftdescargar.mx"
2a03:2880:f806:40:: - - [25/Aug/2026:08:15:24 +0900] "GET /keo-nha-cai/ HTTP/1.1" 200 26451 "-" "Mozilla/5.0 (Windows NT 10.0; Win64; x64) AppleWebKit/537.36 (KHTML, like Gecko) Chrome/145.0.0.0 Safari/537.36 (compatible; meta-externalagent/1.1 (+https://developers.facebook.com/docs/sharing/webmasters/crawler))"
2806:250:158:c1f6:fd77:1d83:752f:baaa - - [25/Aug/2026:08:20:40 +0900] "GET /wp-content/uploads/2025/04/Minecraft-APK-21-3.webp HTTP/1.1" 200 17692 "https://myactivity.google.com/" "Mozilla/5.0 (iPhone; CPU iPhone OS 26_5_0 like Mac OS X) AppleWebKit/605.1.15 (KHTML, like Gecko) GSA/434.2.961627397 Mobile/15E148 Safari/604.1"
172.233.79.144 - - [25/Aug/2026:08:37:11 +0900] "POST /wp-cron.php?doing_wp_cron=1787614631.6510701179504394531250 HTTP/1.1" 200 20 "-" "WordPress/7.1; https://minecrftdescargar.mx"
151.248.6.47 - - [25/Aug/2026:08:37:08 +0900] "GET / HTTP/1.1" 200 52896 "http://minecrftdescargar.mx/" "Mozilla/5.0 (iPhone; CPU iPhone OS 17_1_2 like Mac OS X) AppleWebKit/605.1.15 (KHTML, like Gecko) Version/17.1.2 Mobile/15E148 Safari/604"
151.248.7.219 - - [25/Aug/2026:08:37:12 +0900] "GET /consejos-de-minecraft/ HTTP/1.1" 200 32981 "-" "Mozilla/5.0 (iPhone; CPU iPhone OS 17_1_2 like Mac OS X) AppleWebKit/605.1.15 (KHTML, like Gecko) Version/17.1.2 Mobile/15E148 Safari/604"
192.36.121.223 - - [25/Aug/2026:08:37:14 +0900] "GET /who-is-the-chelsea-captain/ HTTP/1.1" 200 27364 "-" "Mozilla/5.0 (iPhone; CPU iPhone OS 17_1_2 like Mac OS X) AppleWebKit/605.1.15 (KHTML, like Gecko) Version/17.1.2 Mobile/15E148 Safari/604"
141.138.214.90 - - [25/Aug/2026:08:37:16 +0900] "GET /sutbong-tv-predictions/ HTTP/1.1" 200 25463 "-" "Mozilla/5.0 (iPhone; CPU iPhone OS 17_1_2 like Mac OS X) AppleWebKit/605.1.15 (KHTML, like Gecko) Version/17.1.2 Mobile/15E148 Safari/604"
172.233.79.144 - - [25/Aug/2026:08:38:07 +0900] "POST /wp-cron.php?doing_wp_cron=1787614687.5149569511413574218750 HTTP/1.1" 200 20 "-" "WordPress/7.1; https://minecrftdescargar.mx"
2806:104e:10:301d:d85d:8927:3490:c18b - - [25/Aug/2026:08:38:05 +0900] "GET / HTTP/1.1" 200 52896 "https://search.brave.com/" "Mozilla/5.0 (Windows NT 10.0; Win64; x64) AppleWebKit/537.36 (KHTML, like Gecko) Chrome/151.0.0.0 Safari/537.36"
2806:104e:10:301d:d85d:8927:3490:c18b - - [25/Aug/2026:08:38:08 +0900] "GET /wp-content/plugins/kadence-blocks/dist/style-blocks-column.css?ver=3.7.9.1 HTTP/1.1" 200 427 "https://minecrftdescargar.mx/" "Mozilla/5.0 (Windows NT 10.0; Win64; x64) AppleWebKit/537.36 (KHTML, like Gecko) Chrome/151.0.0.0 Safari/537.36"
2806:104e:10:301d:d85d:8927:3490:c18b - - [25/Aug/2026:08:38:08 +0900] "GET /wp-content/plugins/kadence-blocks/dist/style-blocks-infobox.css?ver=3.7.9.1 HTTP/1.1" 200 1339 "https://minecrftdescargar.mx/" "Mozilla/5.0 (Windows NT 10.0; Win64; x64) AppleWebKit/537.36 (KHTML, like Gecko) Chrome/151.0.0.0 Safari/537.36"
2806:104e:10:301d:d85d:8927:3490:c18b - - [25/Aug/2026:08:38:08 +0900] "GET /wp-content/themes/kadence/assets/css/footer.min.css?ver=1.4.3 HTTP/1.1" 200 1675 "https://minecrftdescargar.mx/" "Mozilla/5.0 (Windows NT 10.0; Win64; x64) AppleWebKit/537.36 (KHTML, like Gecko) Chrome/151.0.0.0 Safari/537.36"
2806:104e:10:301d:d85d:8927:3490:c18b - - [25/Aug/2026:08:38:08 +0900] "GET /wp-content/plugins/kadence-blocks-pro/includes/assets/css/kadence-splide.min.css?ver=2.8.17 HTTP/1.1" 200 1785 "https://minecrftdescargar.mx/" "Mozilla/5.0 (Windows NT 10.0; Win64; x64) AppleWebKit/537.36 (KHTML, like Gecko) Chrome/151.0.0.0 Safari/537.36"
2806:104e:10:301d:d85d:8927:3490:c18b - - [25/Aug/2026:08:38:08 +0900] "GET /wp-content/plugins/kadence-blocks/dist/style-blocks-accordion.css?ver=3.7.9.1 HTTP/1.1" 200 1274 "https://minecrftdescargar.mx/" "Mozilla/5.0 (Windows NT 10.0; Win64; x64) AppleWebKit/537.36 (KHTML, like Gecko) Chrome/151.0.0.0 Safari/537.36"
2806:104e:10:301d:d85d:8927:3490:c18b - - [25/Aug/2026:08:38:08 +0900] "GET /wp-content/plugins/kadence-blocks-pro/includes/assets/css/aos.min.css?ver=2.8.17 HTTP/1.1" 200 1835 "https://minecrftdescargar.mx/" "Mozilla/5.0 (Windows NT 10.0; Win64; x64) AppleWebKit/537.36 (KHTML, like Gecko) Chrome/151.0.0.0 Safari/537.36"
2806:104e:10:301d:d85d:8927:3490:c18b - - [25/Aug/2026:08:38:08 +0900] "GET /wp-content/plugins/kadence-blocks/dist/style-blocks-tableofcontents.css?ver=3.7.9.1 HTTP/1.1" 200 1072 "https://minecrftdescargar.mx/" "Mozilla/5.0 (Windows NT 10.0; Win64; x64) AppleWebKit/537.36 (KHTML, like Gecko) Chrome/151.0.0.0 Safari/537.36"
2806:104e:10:301d:d85d:8927:3490:c18b - - [25/Aug/2026:08:38:08 +0900] "GET /wp-content/plugins/kadence-blocks/dist/style-blocks-rowlayout.css?ver=3.7.9.1 HTTP/1.1" 200 1770 "https://minecrftdescargar.mx/" "Mozilla/5.0 (Windows NT 10.0; Win64; x64) AppleWebKit/537.36 (KHTML, like Gecko) Chrome/151.0.0.0 Safari/537.36"
2806:104e:10:301d:d85d:8927:3490:c18b - - [25/Aug/2026:08:38:08 +0900] "GET /wp-content/plugins/kadence-blocks/dist/style-blocks-image.css?ver=3.7.9.1 HTTP/1.1" 200 1065 "https://minecrftdescargar.mx/" "Mozilla/5.0 (Windows NT 10.0; Win64; x64) AppleWebKit/537.36 (KHTML, like Gecko) Chrome/151.0.0.0 Safari/537.36"
2806:104e:10:301d:d85d:8927:3490:c18b - - [25/Aug/2026:08:38:08 +0900] "GET /wp-content/plugins/kadence-blocks/dist/style-blocks-iconlist.css?ver=3.7.9.1 HTTP/1.1" 200 597 "https://minecrftdescargar.mx/" "Mozilla/5.0 (Windows NT 10.0; Win64; x64) AppleWebKit/537.36 (KHTML, like Gecko) Chrome/151.0.0.0 Safari/537.36"
2806:104e:10:301d:d85d:8927:3490:c18b - - [25/Aug/2026:08:38:08 +0900] "GET /wp-content/plugins/kadence-blocks-pro/dist/style-blocks-slider.css?ver=2.8.17 HTTP/1.1" 200 1079 "https://minecrftdescargar.mx/" "Mozilla/5.0 (Windows NT 10.0; Win64; x64) AppleWebKit/537.36 (KHTML, like Gecko) Chrome/151.0.0.0 Safari/537.36"
2806:104e:10:301d:d85d:8927:3490:c18b - - [25/Aug/2026:08:38:08 +0900] "GET /wp-content/plugins/kadence-blocks/dist/style-blocks-advancedbtn.css?ver=3.7.9.1 HTTP/1.1" 200 704 "https://minecrftdescargar.mx/" "Mozilla/5.0 (Windows NT 10.0; Win64; x64) AppleWebKit/537.36 (KHTML, like Gecko) Chrome/151.0.0.0 Safari/537.36"
2806:104e:10:301d:d85d:8927:3490:c18b - - [25/Aug/2026:08:38:08 +0900] "GET /wp-content/plugins/kadence-pro/dist/mega-menu/menu-addon.css?ver=1.2.5 HTTP/1.1" 200 1126 "https://minecrftdescargar.mx/" "Mozilla/5.0 (Windows NT 10.0; Win64; x64) AppleWebKit/537.36 (KHTML, like Gecko) Chrome/151.0.0.0 Safari/537.36"
2806:104e:10:301d:d85d:8927:3490:c18b - - [25/Aug/2026:08:38:08 +0900] "GET /wp-content/themes/kadence/assets/css/content.min.css?ver=1.4.3 HTTP/1.1" 200 5818 "https://minecrftdescargar.mx/" "Mozilla/5.0 (Windows NT 10.0; Win64; x64) AppleWebKit/537.36 (KHTML, like Gecko) Chrome/151.0.0.0 Safari/537.36"
2806:104e:10:301d:d85d:8927:3490:c18b - - [25/Aug/2026:08:38:08 +0900] "GET /wp-content/themes/kadence/assets/css/header.min.css?ver=1.4.3 HTTP/1.1" 200 4240 "https://minecrftdescargar.mx/" "Mozilla/5.0 (Windows NT 10.0; Win64; x64) AppleWebKit/537.36 (KHTML, like Gecko) Chrome/151.0.0.0 Safari/537.36"
2806:104e:10:301d:d85d:8927:3490:c18b - - [25/Aug/2026:08:38:08 +0900] "GET /wp-content/themes/kadence/assets/css/global.min.css?ver=1.4.3 HTTP/1.1" 200 5003 "https://minecrftdescargar.mx/" "Mozilla/5.0 (Windows NT 10.0; Win64; x64) AppleWebKit/537.36 (KHTML, like Gecko) Chrome/151.0.0.0 Safari/537.36"
2806:104e:10:301d:d85d:8927:3490:c18b - - [25/Aug/2026:08:38:08 +0900] "GET /wp-content/uploads/2025/04/Add-a-heading-13-1.webp HTTP/1.1" 200 21524 "https://minecrftdescargar.mx/" "Mozilla/5.0 (Windows NT 10.0; Win64; x64) AppleWebKit/537.36 (KHTML, like Gecko) Chrome/151.0.0.0 Safari/537.36"
2806:104e:10:301d:d85d:8927:3490:c18b - - [25/Aug/2026:08:38:08 +0900] "GET /wp-content/plugins/kadence-blocks/includes/assets/js/kb-table-of-contents.min.js?ver=3.7.9.1 HTTP/1.1" 200 2329 "https://minecrftdescargar.mx/" "Mozilla/5.0 (Windows NT 10.0; Win64; x64) AppleWebKit/537.36 (KHTML, like Gecko) Chrome/151.0.0.0 Safari/537.36"
2806:104e:10:301d:d85d:8927:3490:c18b - - [25/Aug/2026:08:38:09 +0900] "GET /wp-content/uploads/2025/04/Add-a-heading-12-300x300.webp HTTP/1.1" 200 16646 "https://minecrftdescargar.mx/" "Mozilla/5.0 (Windows NT 10.0; Win64; x64) AppleWebKit/537.36 (KHTML, like Gecko) Chrome/151.0.0.0 Safari/537.36"
2806:104e:10:301d:d85d:8927:3490:c18b - - [25/Aug/2026:08:38:10 +0900] "GET /wp-content/uploads/2025/04/cropped-Add-a-heading-18-32x32.webp HTTP/1.1" 200 586 "https://minecrftdescargar.mx/" "Mozilla/5.0 (Windows NT 10.0; Win64; x64) AppleWebKit/537.36 (KHTML, like Gecko) Chrome/151.0.0.0 Safari/537.36"
2806:104e:10:301d:d85d:8927:3490:c18b - - [25/Aug/2026:08:38:10 +0900] "GET /wp-includes/js/wp-emoji-release.min.js?ver=7.1 HTTP/1.1" 200 4974 "https://minecrftdescargar.mx/" "Mozilla/5.0 (Windows NT 10.0; Win64; x64) AppleWebKit/537.36 (KHTML, like Gecko) Chrome/151.0.0.0 Safari/537.36"
2806:104e:10:301d:d85d:8927:3490:c18b - - [25/Aug/2026:08:38:16 +0900] "GET /descargar/ HTTP/1.1" 301 795 "https://minecrftdescargar.mx/" "Mozilla/5.0 (Windows NT 10.0; Win64; x64) AppleWebKit/537.36 (KHTML, like Gecko) Chrome/151.0.0.0 Safari/537.36"
2806:104e:10:301d:d85d:8927:3490:c18b - - [25/Aug/2026:08:38:54 +0900] "GET /descargar/ HTTP/1.1" 301 795 "https://minecrftdescargar.mx/" "Mozilla/5.0 (Windows NT 10.0; Win64; x64) AppleWebKit/537.36 (KHTML, like Gecko) Chrome/151.0.0.0 Safari/537.36"
172.233.79.144 - - [25/Aug/2026:08:45:54 +0900] "POST /wp-cron.php?doing_wp_cron=1787615154.0465381145477294921875 HTTP/1.1" 200 20 "-" "WordPress/7.1; https://minecrftdescargar.mx"
66.249.73.101 - - [25/Aug/2026:08:45:51 +0900] "GET /disclaimer/ HTTP/1.1" 200 19508 "-" "Mozilla/5.0 (Linux; Android 6.0.1; Nexus 5X Build/MMB29P) AppleWebKit/537.36 (KHTML, like Gecko) Chrome/151.0.7922.137 Mobile Safari/537.36 (compatible; Googlebot/2.1; +http://www.google.com/bot.html)"
172.233.79.144 - - [25/Aug/2026:08:49:40 +0900] "POST /wp-cron.php?doing_wp_cron=1787615380.1524109840393066406250 HTTP/1.1" 200 20 "-" "WordPress/7.1; https://minecrftdescargar.mx"
66.249.73.99 - - [25/Aug/2026:08:49:38 +0900] "GET /consejos-de-minecraft/ HTTP/1.1" 200 33761 "-" "Mozilla/5.0 (Linux; Android 6.0.1; Nexus 5X Build/MMB29P) AppleWebKit/537.36 (KHTML, like Gecko) Chrome/151.0.7922.137 Mobile Safari/537.36 (compatible; Googlebot/2.1; +http://www.google.com/bot.html)"
47.128.115.237 - - [25/Aug/2026:08:53:29 +0900] "GET /what-is-selecao/ HTTP/1.1" 403 1242 "-" "Mozilla/5.0 (Linux; Android 5.0) AppleWebKit/537.36 (KHTML, like Gecko) Mobile Safari/537.36 (compatible; TikTokSpider; ttspider-feedback@tiktok.com)"
47.128.115.250 - - [25/Aug/2026:08:57:31 +0900] "GET /robots.txt HTTP/1.1" 403 1242 "-" "Go-http-client/2.0"
2806:2f0:75c0:fea9:1df4:5584:50fe:fff9 - - [25/Aug/2026:08:58:04 +0900] "GET /wp-content/themes/kadence/assets/css/header.min.css?ver=1.4.3 HTTP/1.1" 304 0 "-" "Mozilla/5.0 (Linux; Android 10; K) AppleWebKit/537.36 (KHTML, like Gecko) Chrome/151.0.0.0 Mobile Safari/537.36"
172.233.79.144 - - [25/Aug/2026:08:58:05 +0900] "POST /wp-cron.php?doing_wp_cron=1787615885.8645339012145996093750 HTTP/1.1" 200 20 "-" "WordPress/7.1; https://minecrftdescargar.mx"
2806:2f0:75c0:fea9:1df4:5584:50fe:fff9 - - [25/Aug/2026:08:58:04 +0900] "GET / HTTP/1.1" 200 52896 "https://www.google.com/" "Mozilla/5.0 (Linux; Android 10; K) AppleWebKit/537.36 (KHTML, like Gecko) Chrome/151.0.0.0 Mobile Safari/537.36"
2806:2f0:75c0:fea9:1df4:5584:50fe:fff9 - - [25/Aug/2026:08:58:06 +0900] "GET /wp-content/plugins/kadence-blocks-pro/includes/assets/css/kadence-splide.min.css?ver=2.8.17 HTTP/1.1" 304 0 "https://minecrftdescargar.mx/" "Mozilla/5.0 (Linux; Android 10; K) AppleWebKit/537.36 (KHTML, like Gecko) Chrome/151.0.0.0 Mobile Safari/537.36"
2806:2f0:75c0:fea9:1df4:5584:50fe:fff9 - - [25/Aug/2026:08:58:06 +0900] "GET /wp-content/plugins/kadence-blocks-pro/includes/assets/css/aos.min.css?ver=2.8.17 HTTP/1.1" 304 0 "https://minecrftdescargar.mx/" "Mozilla/5.0 (Linux; Android 10; K) AppleWebKit/537.36 (KHTML, like Gecko) Chrome/151.0.0.0 Mobile Safari/537.36"
2806:2f0:75c0:fea9:1df4:5584:50fe:fff9 - - [25/Aug/2026:08:58:06 +0900] "GET /wp-content/uploads/2025/04/Add-a-heading-13-1.webp HTTP/1.1" 304 0 "https://minecrftdescargar.mx/" "Mozilla/5.0 (Linux; Android 10; K) AppleWebKit/537.36 (KHTML, like Gecko) Chrome/151.0.0.0 Mobile Safari/537.36"
2806:2f0:75c0:fea9:1df4:5584:50fe:fff9 - - [25/Aug/2026:08:58:07 +0900] "GET /wp-content/plugins/kadence-blocks-pro/includes/assets/js/splide.min.js?ver=2.8.17 HTTP/1.1" 304 0 "https://minecrftdescargar.mx/" "Mozilla/5.0 (Linux; Android 10; K) AppleWebKit/537.36 (KHTML, like Gecko) Chrome/151.0.0.0 Mobile Safari/537.36"
2806:2f0:75c0:fea9:1df4:5584:50fe:fff9 - - [25/Aug/2026:08:58:08 +0900] "GET /wp-content/uploads/2025/04/cropped-Add-a-heading-18-192x192.webp HTTP/1.1" 304 0 "https://minecrftdescargar.mx/" "Mozilla/5.0 (Linux; Android 10; K) AppleWebKit/537.36 (KHTML, like Gecko) Chrome/151.0.0.0 Mobile Safari/537.36"
2806:2f0:75c0:fea9:1df4:5584:50fe:fff9 - - [25/Aug/2026:08:58:09 +0900] "GET /descargar/ HTTP/1.1" 301 795 "https://minecrftdescargar.mx/" "Mozilla/5.0 (Linux; Android 10; K) AppleWebKit/537.36 (KHTML, like Gecko) Chrome/151.0.0.0 Mobile Safari/537.36"
2806:2f0:75c0:fea9:1df4:5584:50fe:fff9 - - [25/Aug/2026:08:58:10 +0900] "GET /descargar/ HTTP/1.1" 301 795 "https://minecrftdescargar.mx/" "Mozilla/5.0 (Linux; Android 10; K) AppleWebKit/537.36 (KHTML, like Gecko) Chrome/151.0.0.0 Mobile Safari/537.36"
2806:2f0:75c0:fea9:1df4:5584:50fe:fff9 - - [25/Aug/2026:08:58:17 +0900] "GET / HTTP/1.1" 200 52896 "https://www.google.com/" "Mozilla/5.0 (Linux; Android 10; K) AppleWebKit/537.36 (KHTML, like Gecko) Chrome/151.0.0.0 Mobile Safari/537.36"
172.233.79.144 - - [25/Aug/2026:09:01:04 +0900] "POST /wp-cron.php?doing_wp_cron=1787616064.6382110118865966796875 HTTP/1.1" 200 20 "-" "WordPress/7.1; https://minecrftdescargar.mx"
45.168.237.99 - - [25/Aug/2026:09:01:01 +0900] "GET / HTTP/1.1" 200 52896 "https://search.brave.com/" "Mozilla/5.0 (Linux; Android 10; K) AppleWebKit/537.36 (KHTML, like Gecko) Chrome/151.0.0.0 Mobile Safari/537.36"
47.128.115.83 - - [25/Aug/2026:09:01:32 +0900] "GET /what-is-selecao/ HTTP/1.1" 403 1242 "-" "Mozilla/5.0 (Linux; Android 5.0) AppleWebKit/537.36 (KHTML, like Gecko) Mobile Safari/537.36 (compatible; TikTokSpider; ttspider-feedback@tiktok.com)"
172.233.79.144 - - [25/Aug/2026:09:01:33 +0900] "POST /wp-cron.php?doing_wp_cron=1787616093.0560460090637207031250 HTTP/1.1" 200 20 "-" "WordPress/7.1; https://minecrftdescargar.mx"
2806:101e:4:1681:c35a:89b5:7ac4:36e5 - - [25/Aug/2026:09:01:31 +0900] "GET / HTTP/1.1" 200 52896 "https://www.google.com/" "Mozilla/5.0 (Linux; Android 10; K) AppleWebKit/537.36 (KHTML, like Gecko) Chrome/151.0.0.0 Mobile Safari/537.36"
2806:101e:4:1681:c35a:89b5:7ac4:36e5 - - [25/Aug/2026:09:01:36 +0900] "GET /descargar/ HTTP/1.1" 301 795 "https://minecrftdescargar.mx/" "Mozilla/5.0 (Linux; Android 10; K) AppleWebKit/537.36 (KHTML, like Gecko) Chrome/151.0.0.0 Mobile Safari/537.36"
47.128.115.74 - - [25/Aug/2026:09:05:33 +0900] "GET /what-is-selecao/ HTTP/1.1" 403 1242 "-" "Mozilla/5.0 (Linux; Android 5.0) AppleWebKit/537.36 (KHTML, like Gecko) Mobile Safari/537.36 (compatible; TikTokSpider; ttspider-feedback@tiktok.com)"
74.7.241.138 - - [25/Aug/2026:09:06:28 +0900] "GET /robots.txt HTTP/1.1" 200 118 "-" "Mozilla/5.0 (Macintosh; Intel Mac OS X 10_15_7) AppleWebKit/537.36 (KHTML, like Gecko) Chrome/131.0.0.0 Safari/537.36; compatible; OAI-SearchBot/1.4; robots.txt; +https://openai.com/searchbot"
172.233.79.144 - - [25/Aug/2026:09:06:28 +0900] "POST /wp-cron.php?doing_wp_cron=1787616388.8641269207000732421875 HTTP/1.1" 200 20 "-" "WordPress/7.1; https://minecrftdescargar.mx"
74.7.243.228 - - [25/Aug/2026:09:06:28 +0900] "GET /sitemap_index.xml HTTP/1.1" 200 320 "-" "Mozilla/5.0 AppleWebKit/537.36 (KHTML, like Gecko; compatible; GPTBot/1.4; +https://openai.com/gptbot)"
47.128.115.232 - - [25/Aug/2026:09:09:33 +0900] "GET /what-is-selecao/ HTTP/1.1" 403 1242 "-" "Mozilla/5.0 (Linux; Android 5.0) AppleWebKit/537.36 (KHTML, like Gecko) Mobile Safari/537.36 (compatible; TikTokSpider; ttspider-feedback@tiktok.com)"
172.233.79.144 - - [25/Aug/2026:09:13:09 +0900] "POST /wp-cron.php?doing_wp_cron=1787616788.8081309795379638671875 HTTP/1.1" 200 20 "-" "WordPress/7.1; https://minecrftdescargar.mx"
177.227.194.63 - - [25/Aug/2026:09:13:05 +0900] "GET / HTTP/1.1" 200 52896 "https://www.google.com/" "Mozilla/5.0 (Linux; Android 10; K) AppleWebKit/537.36 (KHTML, like Gecko) Chrome/151.0.0.0 Mobile Safari/537.36"
177.227.194.63 - - [25/Aug/2026:09:13:09 +0900] "GET / HTTP/1.1" 200 52896 "https://www.google.com/" "Mozilla/5.0 (Linux; Android 10; K) AppleWebKit/537.36 (KHTML, like Gecko) Chrome/151.0.0.0 Mobile Safari/537.36"
177.227.194.63 - - [25/Aug/2026:09:13:15 +0900] "GET / HTTP/1.1" 200 52896 "https://minecrftdescargar.mx/" "Mozilla/5.0 (Linux; Android 10; K) AppleWebKit/537.36 (KHTML, like Gecko) Chrome/151.0.0.0 Mobile Safari/537.36"
177.227.194.63 - - [25/Aug/2026:09:13:20 +0900] "GET /descargar/ HTTP/1.1" 301 795 "https://minecrftdescargar.mx/" "Mozilla/5.0 (Linux; Android 10; K) AppleWebKit/537.36 (KHTML, like Gecko) Chrome/151.0.0.0 Mobile Safari/537.36"
177.227.194.63 - - [25/Aug/2026:09:13:20 +0900] "GET /descargar/ HTTP/1.1" 301 795 "https://minecrftdescargar.mx/" "Mozilla/5.0 (Linux; Android 10; K) AppleWebKit/537.36 (KHTML, like Gecko) Chrome/151.0.0.0 Mobile Safari/537.36"
47.128.115.81 - - [25/Aug/2026:09:13:33 +0900] "GET /what-is-selecao/ HTTP/1.1" 403 1242 "-" "Mozilla/5.0 (Linux; Android 5.0) AppleWebKit/537.36 (KHTML, like Gecko) Mobile Safari/537.36 (compatible; TikTokSpider; ttspider-feedback@tiktok.com)"
177.227.194.63 - - [25/Aug/2026:09:13:45 +0900] "GET /wp-content/uploads/2025/04/320cf935-5c92-48b2-b94a-961b7d05faea_removalai_preview-3.webp HTTP/1.1" 304 0 "https://minecrftdescargar.mx/" "Mozilla/5.0 (Linux; Android 10; K) AppleWebKit/537.36 (KHTML, like Gecko) Chrome/151.0.0.0 Mobile Safari/537.36"
172.233.79.144 - - [25/Aug/2026:09:15:04 +0900] "POST /wp-cron.php?doing_wp_cron=1787616904.5927119255065917968750 HTTP/1.1" 200 20 "-" "WordPress/7.1; https://minecrftdescargar.mx"
35.153.221.203 - - [25/Aug/2026:09:15:04 +0900] "GET /robots.txt HTTP/1.1" 200 118 "-" "Mozilla/5.0 (Macintosh; Intel Mac OS X 10_10_1) AppleWebKit/600.2.5 (KHTML, like Gecko) Version/8.0.2 Safari/600.2.5 (Gort)"
172.233.79.144 - - [25/Aug/2026:09:16:24 +0900] "POST /wp-cron.php?doing_wp_cron=1787616984.4046969413757324218750 HTTP/1.1" 200 20 "-" "WordPress/7.1; https://minecrftdescargar.mx"
9.129.36.98 - - [25/Aug/2026:09:16:23 +0900] "GET / HTTP/1.1" 200 52896 "-" "Mozilla/5.0 AppleWebKit/537.36 (KHTML, like Gecko); compatible; ChatGPT-User/1.0; +https://openai.com/bot"
47.128.115.23 - - [25/Aug/2026:09:17:33 +0900] "GET /what-is-selecao/ HTTP/1.1" 403 1242 "-" "Mozilla/5.0 (Linux; Android 5.0) AppleWebKit/537.36 (KHTML, like Gecko) Mobile Safari/537.36 (compatible; TikTokSpider; ttspider-feedback@tiktok.com)"
172.233.79.144 - - [25/Aug/2026:09:18:06 +0900] "POST /wp-cron.php?doing_wp_cron=1787617086.8430969715118408203125 HTTP/1.1" 200 20 "-" "WordPress/7.1; https://minecrftdescargar.mx"
2806:10a6:34:6660:2e59:c21f:2151:3b83 - - [25/Aug/2026:09:18:06 +0900] "GET / HTTP/1.1" 200 52896 "https://search.brave.com/" "Mozilla/5.0 (Linux; Android 10; K) AppleWebKit/537.36 (KHTML, like Gecko) Chrome/151.0.0.0 Mobile Safari/537.36"
2806:10a6:34:6660:2e59:c21f:2151:3b83 - - [25/Aug/2026:09:18:11 +0900] "GET /descargar/ HTTP/1.1" 301 795 "https://minecrftdescargar.mx/" "Mozilla/5.0 (Linux; Android 10; K) AppleWebKit/537.36 (KHTML, like Gecko) Chrome/151.0.0.0 Mobile Safari/537.36"
47.128.115.25 - - [25/Aug/2026:09:21:34 +0900] "GET /what-is-selecao/ HTTP/1.1" 403 1242 "-" "Mozilla/5.0 (Linux; Android 5.0) AppleWebKit/537.36 (KHTML, like Gecko) Mobile Safari/537.36 (compatible; TikTokSpider; ttspider-feedback@tiktok.com)"
172.233.79.144 - - [25/Aug/2026:09:22:40 +0900] "POST /wp-cron.php?doing_wp_cron=1787617360.5852398872375488281250 HTTP/1.1" 200 20 "-" "WordPress/7.1; https://minecrftdescargar.mx"
2001:4451:ad5:3300:dd7d:5aad:bf25:642b - - [25/Aug/2026:09:22:40 +0900] "GET /robots.txt HTTP/1.1" 200 118 "-" "Mozilla/5.0 (Macintosh; Intel Mac OS X 10_15_7) AppleWebKit/537.36 (KHTML, like Gecko) Chrome/133.0.0.0 Safari/537.36"
2806:10a6:8:331:e04d:a982:76a6:5280 - - [25/Aug/2026:09:22:41 +0900] "GET /minecraft-pc/ HTTP/1.1" 200 35454 "-" "Mozilla/5.0 (Macintosh; Intel Mac OS X 10_15_7) AppleWebKit/537.36 (KHTML, like Gecko) Chrome/133.0.0.0 Safari/537.36"
172.233.79.144 - - [25/Aug/2026:09:25:08 +0900] "POST /wp-cron.php?doing_wp_cron=1787617508.3672111034393310546875 HTTP/1.1" 200 20 "-" "WordPress/7.1; https://minecrftdescargar.mx"
136.118.218.121 - - [25/Aug/2026:09:25:07 +0900] "GET / HTTP/1.1" 200 52896 "-" "Mozilla/5.0 (Linux; Android 12; Pixel 6) AppleWebKit/537.36 (KHTML, like Gecko) Chrome/114.0.0.0 Mobile Safari/537.36"
47.128.115.23 - - [25/Aug/2026:09:25:35 +0900] "GET /what-is-selecao/ HTTP/1.1" 403 1242 "-" "Mozilla/5.0 (Linux; Android 5.0) AppleWebKit/537.36 (KHTML, like Gecko) Mobile Safari/537.36 (compatible; TikTokSpider; ttspider-feedback@tiktok.com)"
47.128.115.61 - - [25/Aug/2026:09:29:35 +0900] "GET /what-is-selecao/ HTTP/1.1" 403 1242 "-" "Mozilla/5.0 (Linux; Android 5.0) AppleWebKit/537.36 (KHTML, like Gecko) Mobile Safari/537.36 (compatible; TikTokSpider; ttspider-feedback@tiktok.com)"
172.233.79.144 - - [25/Aug/2026:09:33:30 +0900] "POST /wp-cron.php?doing_wp_cron=1787618010.2202389240264892578125 HTTP/1.1" 200 20 "-" "WordPress/7.1; https://minecrftdescargar.mx"
43.130.141.193 - - [25/Aug/2026:09:33:29 +0900] "GET / HTTP/1.1" 200 52896 "http://minecrftdescargar.mx" "Mozilla/5.0 (iPhone; CPU iPhone OS 13_2_3 like Mac OS X) AppleWebKit/605.1.15 (KHTML, like Gecko) Version/13.0.3 Mobile/15E148 Safari/604.1"
47.128.115.238 - - [25/Aug/2026:09:33:36 +0900] "GET /what-is-selecao/ HTTP/1.1" 403 1242 "-" "Mozilla/5.0 (Linux; Android 5.0) AppleWebKit/537.36 (KHTML, like Gecko) Mobile Safari/537.36 (compatible; TikTokSpider; ttspider-feedback@tiktok.com)"
47.128.115.240 - - [25/Aug/2026:09:37:36 +0900] "GET /what-is-selecao/ HTTP/1.1" 403 1242 "-" "Mozilla/5.0 (Linux; Android 5.0) AppleWebKit/537.36 (KHTML, like Gecko) Mobile Safari/537.36 (compatible; TikTokSpider; ttspider-feedback@tiktok.com)"
172.233.79.144 - - [25/Aug/2026:09:38:17 +0900] "POST /wp-cron.php?doing_wp_cron=1787618297.7373619079589843750000 HTTP/1.1" 200 20 "-" "WordPress/7.1; https://minecrftdescargar.mx"
2a02:4780:5e:adea::1 - - [25/Aug/2026:09:38:17 +0900] "GET /ads.txt HTTP/1.1" 404 16819 "-" "GuzzleHttp/7"
2a03:2880:f806:18:: - - [25/Aug/2026:09:40:39 +0900] "GET /cach-choi-bai-mau-binh/ HTTP/1.1" 429 0 "-" "Mozilla/5.0 (Windows NT 10.0; Win64; x64) AppleWebKit/537.36 (KHTML, like Gecko) Chrome/145.0.0.0 Safari/537.36 (compatible; meta-externalagent/1.1 (+https://developers.facebook.com/docs/sharing/webmasters/crawler))"
47.128.115.253 - - [25/Aug/2026:09:41:38 +0900] "GET /what-is-selecao/ HTTP/1.1" 403 1242 "-" "Mozilla/5.0 (Linux; Android 5.0) AppleWebKit/537.36 (KHTML, like Gecko) Mobile Safari/537.36 (compatible; TikTokSpider; ttspider-feedback@tiktok.com)"
2803:a010:f91e:cb00:3332:2c15:c24c:bf64 - - [25/Aug/2026:09:43:41 +0900] "GET / HTTP/1.1" 200 0 "https://www.google.com/" "Mozilla/5.0 (Linux; Android 10; K) AppleWebKit/537.36 (KHTML, like Gecko) Chrome/151.0.0.0 Mobile Safari/537.36"
172.233.79.144 - - [25/Aug/2026:09:43:42 +0900] "POST /wp-cron.php?doing_wp_cron=1787618622.4794049263000488281250 HTTP/1.1" 200 20 "-" "WordPress/7.1; https://minecrftdescargar.mx"
172.233.79.144 - - [25/Aug/2026:09:45:13 +0900] "POST /wp-cron.php?doing_wp_cron=1787618713.0287890434265136718750 HTTP/1.1" 200 20 "-" "WordPress/7.1; https://minecrftdescargar.mx"
2806:269:4482:92b8:e857:d74:a4df:816a - - [25/Aug/2026:09:45:11 +0900] "GET / HTTP/1.1" 200 52896 "https://search.brave.com/" "Mozilla/5.0 (Linux; Android 10; K) AppleWebKit/537.36 (KHTML, like Gecko) Chrome/143.0.0.0 Mobile Safari/537.36"
2806:269:4482:92b8:e857:d74:a4df:816a - - [25/Aug/2026:09:45:13 +0900] "GET /wp-content/themes/kadence/assets/css/global.min.css?ver=1.4.3 HTTP/1.1" 200 5003 "https://minecrftdescargar.mx/" "Mozilla/5.0 (Linux; Android 10; K) AppleWebKit/537.36 (KHTML, like Gecko) Chrome/143.0.0.0 Mobile Safari/537.36"
2806:269:4482:92b8:e857:d74:a4df:816a - - [25/Aug/2026:09:45:13 +0900] "GET /wp-content/plugins/kadence-blocks/dist/style-blocks-column.css?ver=3.7.9.1 HTTP/1.1" 200 427 "https://minecrftdescargar.mx/" "Mozilla/5.0 (Linux; Android 10; K) AppleWebKit/537.36 (KHTML, like Gecko) Chrome/143.0.0.0 Mobile Safari/537.36"
2806:269:4482:92b8:e857:d74:a4df:816a - - [25/Aug/2026:09:45:13 +0900] "GET /wp-content/plugins/kadence-blocks/dist/style-blocks-tableofcontents.css?ver=3.7.9.1 HTTP/1.1" 200 1072 "https://minecrftdescargar.mx/" "Mozilla/5.0 (Linux; Android 10; K) AppleWebKit/537.36 (KHTML, like Gecko) Chrome/143.0.0.0 Mobile Safari/537.36"
2806:269:4482:92b8:e857:d74:a4df:816a - - [25/Aug/2026:09:45:13 +0900] "GET /wp-content/plugins/kadence-blocks/dist/style-blocks-image.css?ver=3.7.9.1 HTTP/1.1" 200 1065 "https://minecrftdescargar.mx/" "Mozilla/5.0 (Linux; Android 10; K) AppleWebKit/537.36 (KHTML, like Gecko) Chrome/143.0.0.0 Mobile Safari/537.36"
