2806:269:4482:92b8:e857:d74:a4df:816a - - [25/Aug/2026:09:45:13 +0900] "GET /wp-content/plugins/kadence-pro/dist/mega-menu/menu-addon.css?ver=1.2.5 HTTP/1.1" 200 1126 "https://minecrftdescargar.mx/" "Mozilla/5.0 (Linux; Android 10; K) AppleWebKit/537.36 (KHTML, like Gecko) Chrome/143.0.0.0 Mobile Safari/537.36"
2806:269:4482:92b8:e857:d74:a4df:816a - - [25/Aug/2026:09:45:13 +0900] "GET /wp-content/plugins/kadence-blocks/dist/style-blocks-advancedbtn.css?ver=3.7.9.1 HTTP/1.1" 200 704 "https://minecrftdescargar.mx/" "Mozilla/5.0 (Linux; Android 10; K) AppleWebKit/537.36 (KHTML, like Gecko) Chrome/143.0.0.0 Mobile Safari/537.36"
2806:269:4482:92b8:e857:d74:a4df:816a - - [25/Aug/2026:09:45:13 +0900] "GET /wp-content/themes/kadence/assets/css/footer.min.css?ver=1.4.3 HTTP/1.1" 200 1675 "https://minecrftdescargar.mx/" "Mozilla/5.0 (Linux; Android 10; K) AppleWebKit/537.36 (KHTML, like Gecko) Chrome/143.0.0.0 Mobile Safari/537.36"
2806:269:4482:92b8:e857:d74:a4df:816a - - [25/Aug/2026:09:45:13 +0900] "GET /wp-content/plugins/kadence-blocks-pro/dist/style-blocks-slider.css?ver=2.8.17 HTTP/1.1" 200 1079 "https://minecrftdescargar.mx/" "Mozilla/5.0 (Linux; Android 10; K) AppleWebKit/537.36 (KHTML, like Gecko) Chrome/143.0.0.0 Mobile Safari/537.36"
2806:269:4482:92b8:e857:d74:a4df:816a - - [25/Aug/2026:09:45:13 +0900] "GET /wp-content/themes/kadence/assets/css/header.min.css?ver=1.4.3 HTTP/1.1" 200 4240 "https://minecrftdescargar.mx/" "Mozilla/5.0 (Linux; Android 10; K) AppleWebKit/537.36 (KHTML, like Gecko) Chrome/143.0.0.0 Mobile Safari/537.36"
2806:269:4482:92b8:e857:d74:a4df:816a - - [25/Aug/2026:09:45:13 +0900] "GET /wp-content/plugins/kadence-blocks/dist/style-blocks-iconlist.css?ver=3.7.9.1 HTTP/1.1" 200 597 "https://minecrftdescargar.mx/" "Mozilla/5.0 (Linux; Android 10; K) AppleWebKit/537.36 (KHTML, like Gecko) Chrome/143.0.0.0 Mobile Safari/537.36"
2806:269:4482:92b8:e857:d74:a4df:816a - - [25/Aug/2026:09:45:13 +0900] "GET /wp-content/themes/kadence/assets/css/content.min.css?ver=1.4.3 HTTP/1.1" 200 5818 "https://minecrftdescargar.mx/" "Mozilla/5.0 (Linux; Android 10; K) AppleWebKit/537.36 (KHTML, like Gecko) Chrome/143.0.0.0 Mobile Safari/537.36"
2806:269:4482:92b8:e857:d74:a4df:816a - - [25/Aug/2026:09:45:13 +0900] "GET /wp-content/themes/kadence/assets/css/rankmath.min.css?ver=1.4.3 HTTP/1.1" 200 39 "https://minecrftdescargar.mx/" "Mozilla/5.0 (Linux; Android 10; K) AppleWebKit/537.36 (KHTML, like Gecko) Chrome/143.0.0.0 Mobile Safari/537.36"
2806:269:4482:92b8:e857:d74:a4df:816a - - [25/Aug/2026:09:45:13 +0900] "GET /wp-content/plugins/kadence-blocks/dist/style-blocks-rowlayout.css?ver=3.7.9.1 HTTP/1.1" 200 1770 "https://minecrftdescargar.mx/" "Mozilla/5.0 (Linux; Android 10; K) AppleWebKit/537.36 (KHTML, like Gecko) Chrome/143.0.0.0 Mobile Safari/537.36"
2806:269:4482:92b8:e857:d74:a4df:816a - - [25/Aug/2026:09:45:13 +0900] "GET /wp-content/plugins/kadence-blocks/dist/style-blocks-infobox.css?ver=3.7.9.1 HTTP/1.1" 200 1339 "https://minecrftdescargar.mx/" "Mozilla/5.0 (Linux; Android 10; K) AppleWebKit/537.36 (KHTML, like Gecko) Chrome/143.0.0.0 Mobile Safari/537.36"
2806:269:4482:92b8:e857:d74:a4df:816a - - [25/Aug/2026:09:45:13 +0900] "GET /wp-content/plugins/kadence-blocks/dist/style-blocks-accordion.css?ver=3.7.9.1 HTTP/1.1" 200 1274 "https://minecrftdescargar.mx/" "Mozilla/5.0 (Linux; Android 10; K) AppleWebKit/537.36 (KHTML, like Gecko) Chrome/143.0.0.0 Mobile Safari/537.36"
2806:269:4482:92b8:e857:d74:a4df:816a - - [25/Aug/2026:09:45:13 +0900] "GET /wp-content/plugins/kadence-blocks-pro/includes/assets/css/kadence-splide.min.css?ver=2.8.17 HTTP/1.1" 200 1785 "https://minecrftdescargar.mx/" "Mozilla/5.0 (Linux; Android 10; K) AppleWebKit/537.36 (KHTML, like Gecko) Chrome/143.0.0.0 Mobile Safari/537.36"
2806:269:4482:92b8:e857:d74:a4df:816a - - [25/Aug/2026:09:45:13 +0900] "GET /wp-content/plugins/kadence-blocks-pro/includes/assets/css/aos.min.css?ver=2.8.17 HTTP/1.1" 200 1835 "https://minecrftdescargar.mx/" "Mozilla/5.0 (Linux; Android 10; K) AppleWebKit/537.36 (KHTML, like Gecko) Chrome/143.0.0.0 Mobile Safari/537.36"
2806:269:4482:92b8:e857:d74:a4df:816a - - [25/Aug/2026:09:45:13 +0900] "GET /wp-content/uploads/2025/04/Add-a-heading-13-1.webp HTTP/1.1" 200 21524 "https://minecrftdescargar.mx/" "Mozilla/5.0 (Linux; Android 10; K) AppleWebKit/537.36 (KHTML, like Gecko) Chrome/143.0.0.0 Mobile Safari/537.36"
2806:269:4482:92b8:e857:d74:a4df:816a - - [25/Aug/2026:09:45:13 +0900] "GET /wp-content/plugins/kadence-blocks/includes/assets/js/kb-table-of-contents.min.js?ver=3.7.9.1 HTTP/1.1" 200 2329 "https://minecrftdescargar.mx/" "Mozilla/5.0 (Linux; Android 10; K) AppleWebKit/537.36 (KHTML, like Gecko) Chrome/143.0.0.0 Mobile Safari/537.36"
2806:269:4482:92b8:e857:d74:a4df:816a - - [25/Aug/2026:09:45:13 +0900] "GET /wp-content/plugins/kadence-blocks/includes/assets/js/kt-accordion.min.js?ver=3.7.9.1 HTTP/1.1" 200 3546 "https://minecrftdescargar.mx/" "Mozilla/5.0 (Linux; Android 10; K) AppleWebKit/537.36 (KHTML, like Gecko) Chrome/143.0.0.0 Mobile Safari/537.36"
2806:269:4482:92b8:e857:d74:a4df:816a - - [25/Aug/2026:09:45:13 +0900] "GET /wp-content/plugins/kadence-blocks-pro/includes/assets/js/splide.min.js?ver=2.8.17 HTTP/1.1" 200 12593 "https://minecrftdescargar.mx/" "Mozilla/5.0 (Linux; Android 10; K) AppleWebKit/537.36 (KHTML, like Gecko) Chrome/143.0.0.0 Mobile Safari/537.36"
2806:269:4482:92b8:e857:d74:a4df:816a - - [25/Aug/2026:09:45:13 +0900] "GET /wp-content/themes/kadence/assets/js/navigation.min.js?ver=1.4.3 HTTP/1.1" 200 4829 "https://minecrftdescargar.mx/" "Mozilla/5.0 (Linux; Android 10; K) AppleWebKit/537.36 (KHTML, like Gecko) Chrome/143.0.0.0 Mobile Safari/537.36"
2806:269:4482:92b8:e857:d74:a4df:816a - - [25/Aug/2026:09:45:13 +0900] "GET /wp-content/plugins/kadence-blocks-pro/includes/assets/js/aos.min.js?ver=2.8.17 HTTP/1.1" 200 4918 "https://minecrftdescargar.mx/" "Mozilla/5.0 (Linux; Android 10; K) AppleWebKit/537.36 (KHTML, like Gecko) Chrome/143.0.0.0 Mobile Safari/537.36"
2806:269:4482:92b8:e857:d74:a4df:816a - - [25/Aug/2026:09:45:13 +0900] "GET /wp-content/plugins/kadence-blocks-pro/includes/assets/js/kb-splide-slider-init.min.js?ver=2.8.17 HTTP/1.1" 200 1948 "https://minecrftdescargar.mx/" "Mozilla/5.0 (Linux; Android 10; K) AppleWebKit/537.36 (KHTML, like Gecko) Chrome/143.0.0.0 Mobile Safari/537.36"
2806:269:4482:92b8:e857:d74:a4df:816a - - [25/Aug/2026:09:45:14 +0900] "GET /wp-content/uploads/2025/04/cropped-Add-a-heading-18-192x192.webp HTTP/1.1" 200 3776 "https://minecrftdescargar.mx/" "Mozilla/5.0 (Linux; Android 10; K) AppleWebKit/537.36 (KHTML, like Gecko) Chrome/143.0.0.0 Mobile Safari/537.36"
2806:269:4482:92b8:e857:d74:a4df:816a - - [25/Aug/2026:09:45:14 +0900] "GET /wp-content/uploads/2025/04/cropped-Add-a-heading-18-180x180.webp HTTP/1.1" 200 3570 "https://minecrftdescargar.mx/" "Mozilla/5.0 (Linux; Android 10; K) AppleWebKit/537.36 (KHTML, like Gecko) Chrome/143.0.0.0 Mobile Safari/537.36"
2806:269:4482:92b8:e857:d74:a4df:816a - - [25/Aug/2026:09:45:14 +0900] "GET /wp-includes/js/wp-emoji-release.min.js?ver=7.1 HTTP/1.1" 200 4974 "https://minecrftdescargar.mx/" "Mozilla/5.0 (Linux; Android 10; K) AppleWebKit/537.36 (KHTML, like Gecko) Chrome/143.0.0.0 Mobile Safari/537.36"
2806:269:4482:92b8:e857:d74:a4df:816a - - [25/Aug/2026:09:45:20 +0900] "GET /wp-content/uploads/2025/04/4c7dbef8-ba5c-4892-bd8f-67c60d6c1bf2_removalai_preview.webp HTTP/1.1" 200 12240 "https://minecrftdescargar.mx/" "Mozilla/5.0 (Linux; Android 10; K) AppleWebKit/537.36 (KHTML, like Gecko) Chrome/143.0.0.0 Mobile Safari/537.36"
2806:269:4482:92b8:e857:d74:a4df:816a - - [25/Aug/2026:09:45:28 +0900] "GET /wp-content/uploads/2025/04/b309ba55-75dd-489d-9e9b-5c091d3fbe65_removalai_preview-3-1.webp HTTP/1.1" 200 12500 "https://minecrftdescargar.mx/" "Mozilla/5.0 (Linux; Android 10; K) AppleWebKit/537.36 (KHTML, like Gecko) Chrome/143.0.0.0 Mobile Safari/537.36"
2806:269:4482:92b8:e857:d74:a4df:816a - - [25/Aug/2026:09:45:37 +0900] "GET /descargar/ HTTP/1.1" 301 795 "https://minecrftdescargar.mx/" "Mozilla/5.0 (Linux; Android 10; K) AppleWebKit/537.36 (KHTML, like Gecko) Chrome/143.0.0.0 Mobile Safari/537.36"
47.128.115.28 - - [25/Aug/2026:09:45:38 +0900] "GET /what-is-selecao/ HTTP/1.1" 403 1242 "-" "Mozilla/5.0 (Linux; Android 5.0) AppleWebKit/537.36 (KHTML, like Gecko) Mobile Safari/537.36 (compatible; TikTokSpider; ttspider-feedback@tiktok.com)"
172.233.79.144 - - [25/Aug/2026:09:49:04 +0900] "POST /wp-cron.php?doing_wp_cron=1787618944.0771820545196533203125 HTTP/1.1" 200 20 "-" "WordPress/7.1; https://minecrftdescargar.mx"
190.87.165.45 - - [25/Aug/2026:09:49:03 +0900] "GET / HTTP/1.1" 200 52896 "https://www.google.com/" "Mozilla/5.0 (Linux; Android 10; K) AppleWebKit/537.36 (KHTML, like Gecko) Chrome/151.0.0.0 Mobile Safari/537.36"
190.87.165.45 - - [25/Aug/2026:09:49:06 +0900] "GET /descargar/ HTTP/1.1" 301 795 "https://minecrftdescargar.mx/" "Mozilla/5.0 (Linux; Android 10; K) AppleWebKit/537.36 (KHTML, like Gecko) Chrome/151.0.0.0 Mobile Safari/537.36"
190.87.165.45 - - [25/Aug/2026:09:49:06 +0900] "GET /descargar/ HTTP/1.1" 301 795 "https://minecrftdescargar.mx/" "Mozilla/5.0 (Linux; Android 10; K) AppleWebKit/537.36 (KHTML, like Gecko) Chrome/151.0.0.0 Mobile Safari/537.36"
190.87.165.45 - - [25/Aug/2026:09:49:13 +0900] "GET /descargar/ HTTP/1.1" 301 795 "https://minecrftdescargar.mx/" "Mozilla/5.0 (Linux; Android 10; K) AppleWebKit/537.36 (KHTML, like Gecko) Chrome/151.0.0.0 Mobile Safari/537.36"
47.128.115.78 - - [25/Aug/2026:09:49:38 +0900] "GET /what-is-selecao/ HTTP/1.1" 403 1242 "-" "Mozilla/5.0 (Linux; Android 5.0) AppleWebKit/537.36 (KHTML, like Gecko) Mobile Safari/537.36 (compatible; TikTokSpider; ttspider-feedback@tiktok.com)"
47.128.115.39 - - [25/Aug/2026:09:53:38 +0900] "GET /what-is-selecao/ HTTP/1.1" 403 1242 "-" "Mozilla/5.0 (Linux; Android 5.0) AppleWebKit/537.36 (KHTML, like Gecko) Mobile Safari/537.36 (compatible; TikTokSpider; ttspider-feedback@tiktok.com)"
47.128.115.65 - - [25/Aug/2026:09:57:39 +0900] "GET /what-is-selecao/ HTTP/1.1" 403 1242 "-" "Mozilla/5.0 (Linux; Android 5.0) AppleWebKit/537.36 (KHTML, like Gecko) Mobile Safari/537.36 (compatible; TikTokSpider; ttspider-feedback@tiktok.com)"
47.128.115.46 - - [25/Aug/2026:10:01:39 +0900] "GET /what-is-selecao/ HTTP/1.1" 403 1242 "-" "Mozilla/5.0 (Linux; Android 5.0) AppleWebKit/537.36 (KHTML, like Gecko) Mobile Safari/537.36 (compatible; TikTokSpider; ttspider-feedback@tiktok.com)"
142.252.53.182 - - [25/Aug/2026:10:01:49 +0900] "GET / HTTP/1.1" 200 52896 "-" "Mozilla/5.0 (iPhone; CPU iPhone OS 13_2_3 like Mac OS X) AppleWebKit/605.1.15 (KHTML, like Gecko) Version/13.0.3 Mobile/15E148 Safari/604.1"
103.110.160.110 - - [25/Aug/2026:10:01:51 +0900] "GET / HTTP/1.1" 200 52896 "-" "Mozilla/5.0 (iPhone; CPU iPhone OS 13_2_3 like Mac OS X) AppleWebKit/605.1.15 (KHTML, like Gecko) Version/13.0.3 Mobile/15E148 Safari/604.1"
172.233.79.144 - - [25/Aug/2026:10:01:54 +0900] "POST /wp-cron.php?doing_wp_cron=1787619714.0216910839080810546875 HTTP/1.1" 200 20 "-" "WordPress/7.1; https://minecrftdescargar.mx"
112.208.180.92 - - [25/Aug/2026:10:01:49 +0900] "GET / HTTP/1.1" 200 52896 "-" "Mozilla/5.0 (iPhone; CPU iPhone OS 13_2_3 like Mac OS X) AppleWebKit/605.1.15 (KHTML, like Gecko) Version/13.0.3 Mobile/15E148 Safari/604.1"
45.226.163.70 - - [25/Aug/2026:10:01:50 +0900] "GET / HTTP/1.1" 200 52896 "-" "Mozilla/5.0 (iPhone; CPU iPhone OS 13_2_3 like Mac OS X) AppleWebKit/605.1.15 (KHTML, like Gecko) Version/13.0.3 Mobile/15E148 Safari/604.1"
47.128.19.91 - - [25/Aug/2026:10:01:50 +0900] "GET / HTTP/1.1" 200 0 "https://minecrftdescargar.mx/" "Mozilla/5.0 (Windows NT 10.0; Win64; x64) AppleWebKit/537.36 (KHTML, like Gecko) Chrome/142.0.0.0 Safari/537.36"
74.80.146.15 - - [25/Aug/2026:10:01:50 +0900] "GET / HTTP/1.1" 200 52896 "-" "Mozilla/5.0 (iPhone; CPU iPhone OS 13_2_3 like Mac OS X) AppleWebKit/605.1.15 (KHTML, like Gecko) Version/13.0.3 Mobile/15E148 Safari/604.1"
37.63.19.142 - - [25/Aug/2026:10:01:51 +0900] "GET / HTTP/1.1" 200 52896 "-" "Mozilla/5.0 (iPhone; CPU iPhone OS 13_2_3 like Mac OS X) AppleWebKit/605.1.15 (KHTML, like Gecko) Version/13.0.3 Mobile/15E148 Safari/604.1"
66.118.5.76 - - [25/Aug/2026:10:01:51 +0900] "GET / HTTP/1.1" 200 52896 "-" "Mozilla/5.0 (Windows NT 10.0; Win64; x64) AppleWebKit/537.36 (KHTML, like Gecko) Chrome/142.0.0.0 Safari/537.36"
142.252.53.182 - - [25/Aug/2026:10:01:54 +0900] "GET /wp-content/uploads/2025/04/Minecraft-APK-21-3-768x307.webp HTTP/1.1" 200 20602 "https://minecrftdescargar.mx/" "Mozilla/5.0 (iPhone; CPU iPhone OS 13_2_3 like Mac OS X) AppleWebKit/605.1.15 (KHTML, like Gecko) Version/13.0.3 Mobile/15E148 Safari/604.1"
128.242.229.16 - - [25/Aug/2026:10:01:55 +0900] "GET /wp-content/plugins/kadence-blocks/includes/assets/js/kb-table-of-contents.min.js?ver=3.7.9.1 HTTP/1.1" 200 2329 "https://minecrftdescargar.mx/" "Mozilla/5.0 (iPhone; CPU iPhone OS 13_2_3 like Mac OS X) AppleWebKit/605.1.15 (KHTML, like Gecko) Version/13.0.3 Mobile/15E148 Safari/604.1"
129.222.91.55 - - [25/Aug/2026:10:01:54 +0900] "GET / HTTP/1.1" 200 52896 "-" "Mozilla/5.0 (Windows NT 10.0; Win64; x64) AppleWebKit/537.36 (KHTML, like Gecko) Chrome/151.0.0.0 Safari/537.36"
142.252.53.182 - - [25/Aug/2026:10:01:55 +0900] "GET /wp-content/plugins/kadence-blocks-pro/includes/assets/js/kb-splide-slider-init.min.js?ver=2.8.17 HTTP/1.1" 200 1948 "https://minecrftdescargar.mx/" "Mozilla/5.0 (iPhone; CPU iPhone OS 13_2_3 like Mac OS X) AppleWebKit/605.1.15 (KHTML, like Gecko) Version/13.0.3 Mobile/15E148 Safari/604.1"
47.128.19.91 - - [25/Aug/2026:10:01:53 +0900] "GET / HTTP/1.1" 200 52896 "https://minecrftdescargar.mx/" "Mozilla/5.0 (Windows NT 10.0; Win64; x64) AppleWebKit/537.36 (KHTML, like Gecko) Chrome/142.0.0.0 Safari/537.36"
142.252.53.182 - - [25/Aug/2026:10:01:55 +0900] "GET /wp-content/uploads/2025/04/4c7dbef8-ba5c-4892-bd8f-67c60d6c1bf2_removalai_preview.webp HTTP/1.1" 200 12240 "https://minecrftdescargar.mx/" "Mozilla/5.0 (iPhone; CPU iPhone OS 13_2_3 like Mac OS X) AppleWebKit/605.1.15 (KHTML, like Gecko) Version/13.0.3 Mobile/15E148 Safari/604.1"
128.242.229.16 - - [25/Aug/2026:10:01:55 +0900] "GET /wp-content/plugins/kadence-blocks-pro/includes/assets/js/splide.min.js?ver=2.8.17 HTTP/1.1" 200 12593 "https://minecrftdescargar.mx/" "Mozilla/5.0 (iPhone; CPU iPhone OS 13_2_3 like Mac OS X) AppleWebKit/605.1.15 (KHTML, like Gecko) Version/13.0.3 Mobile/15E148 Safari/604.1"
128.242.229.16 - - [25/Aug/2026:10:01:55 +0900] "GET /wp-content/plugins/kadence-blocks-pro/includes/assets/js/aos.min.js?ver=2.8.17 HTTP/1.1" 200 4918 "https://minecrftdescargar.mx/" "Mozilla/5.0 (iPhone; CPU iPhone OS 13_2_3 like Mac OS X) AppleWebKit/605.1.15 (KHTML, like Gecko) Version/13.0.3 Mobile/15E148 Safari/604.1"
142.252.53.182 - - [25/Aug/2026:10:01:55 +0900] "GET /wp-content/uploads/2025/04/Add-a-heading-12-300x300.webp HTTP/1.1" 200 16646 "https://minecrftdescargar.mx/" "Mozilla/5.0 (iPhone; CPU iPhone OS 13_2_3 like Mac OS X) AppleWebKit/605.1.15 (KHTML, like Gecko) Version/13.0.3 Mobile/15E148 Safari/604.1"
128.242.229.16 - - [25/Aug/2026:10:01:55 +0900] "GET /wp-content/plugins/kadence-blocks/includes/assets/js/kt-accordion.min.js?ver=3.7.9.1 HTTP/1.1" 200 3546 "https://minecrftdescargar.mx/" "Mozilla/5.0 (iPhone; CPU iPhone OS 13_2_3 like Mac OS X) AppleWebKit/605.1.15 (KHTML, like Gecko) Version/13.0.3 Mobile/15E148 Safari/604.1"
128.242.229.16 - - [25/Aug/2026:10:01:55 +0900] "GET /wp-content/plugins/kadence-blocks-pro/includes/assets/js/kb-splide-slider-init.min.js?ver=2.8.17 HTTP/1.1" 200 1948 "https://minecrftdescargar.mx/" "Mozilla/5.0 (iPhone; CPU iPhone OS 13_2_3 like Mac OS X) AppleWebKit/605.1.15 (KHTML, like Gecko) Version/13.0.3 Mobile/15E148 Safari/604.1"
103.110.160.110 - - [25/Aug/2026:10:01:55 +0900] "GET /wp-content/plugins/kadence-blocks/dist/style-blocks-iconlist.css?ver=3.7.9.1 HTTP/1.1" 304 0 "https://minecrftdescargar.mx/" "Mozilla/5.0 (iPhone; CPU iPhone OS 13_2_3 like Mac OS X) AppleWebKit/605.1.15 (KHTML, like Gecko) Version/13.0.3 Mobile/15E148 Safari/604.1"
103.110.160.110 - - [25/Aug/2026:10:01:55 +0900] "GET /wp-content/uploads/2025/04/Minecraft-APK-21-3-768x307.webp HTTP/1.1" 200 20602 "https://minecrftdescargar.mx/" "Mozilla/5.0 (iPhone; CPU iPhone OS 13_2_3 like Mac OS X) AppleWebKit/605.1.15 (KHTML, like Gecko) Version/13.0.3 Mobile/15E148 Safari/604.1"
103.110.160.110 - - [25/Aug/2026:10:01:55 +0900] "GET /wp-content/plugins/kadence-blocks/dist/style-blocks-tableofcontents.css?ver=3.7.9.1 HTTP/1.1" 304 0 "https://minecrftdescargar.mx/" "Mozilla/5.0 (iPhone; CPU iPhone OS 13_2_3 like Mac OS X) AppleWebKit/605.1.15 (KHTML, like Gecko) Version/13.0.3 Mobile/15E148 Safari/604.1"
103.110.160.110 - - [25/Aug/2026:10:01:55 +0900] "GET /wp-content/plugins/kadence-blocks/dist/style-blocks-rowlayout.css?ver=3.7.9.1 HTTP/1.1" 304 0 "https://minecrftdescargar.mx/" "Mozilla/5.0 (iPhone; CPU iPhone OS 13_2_3 like Mac OS X) AppleWebKit/605.1.15 (KHTML, like Gecko) Version/13.0.3 Mobile/15E148 Safari/604.1"
47.128.19.91 - - [25/Aug/2026:10:01:56 +0900] "GET /wp-content/uploads/2025/04/cropped-Add-a-heading-18-32x32.webp HTTP/1.1" 200 586 "https://minecrftdescargar.mx/" "Mozilla/5.0 (Windows NT 10.0; Win64; x64) AppleWebKit/537.36 (KHTML, like Gecko) Chrome/142.0.0.0 Safari/537.36"
129.222.91.55 - - [25/Aug/2026:10:01:56 +0900] "GET / HTTP/1.1" 200 52896 "https://minecrftdescargar.mx/" "Mozilla/5.0 (Windows NT 10.0; Win64; x64) AppleWebKit/537.36 (KHTML, like Gecko) Chrome/151.0.0.0 Safari/537.36"
193.46.211.44 - - [25/Aug/2026:10:01:58 +0900] "GET /wp-content/plugins/kadence-blocks/dist/style-blocks-image.css?ver=3.7.9.1 HTTP/1.1" 200 1065 "https://minecrftdescargar.mx/" "Mozilla/5.0 (iPhone; CPU iPhone OS 13_2_3 like Mac OS X) AppleWebKit/605.1.15 (KHTML, like Gecko) Version/13.0.3 Mobile/15E148 Safari/604.1"
193.46.211.44 - - [25/Aug/2026:10:01:58 +0900] "GET /wp-content/themes/kadence/assets/css/global.min.css?ver=1.4.3 HTTP/1.1" 200 5003 "https://minecrftdescargar.mx/" "Mozilla/5.0 (iPhone; CPU iPhone OS 13_2_3 like Mac OS X) AppleWebKit/605.1.15 (KHTML, like Gecko) Version/13.0.3 Mobile/15E148 Safari/604.1"
193.46.211.44 - - [25/Aug/2026:10:01:58 +0900] "GET /wp-content/themes/kadence/assets/css/content.min.css?ver=1.4.3 HTTP/1.1" 200 5818 "https://minecrftdescargar.mx/" "Mozilla/5.0 (iPhone; CPU iPhone OS 13_2_3 like Mac OS X) AppleWebKit/605.1.15 (KHTML, like Gecko) Version/13.0.3 Mobile/15E148 Safari/604.1"
193.46.211.44 - - [25/Aug/2026:10:01:58 +0900] "GET /wp-content/plugins/kadence-blocks/dist/style-blocks-rowlayout.css?ver=3.7.9.1 HTTP/1.1" 200 1770 "https://minecrftdescargar.mx/" "Mozilla/5.0 (iPhone; CPU iPhone OS 13_2_3 like Mac OS X) AppleWebKit/605.1.15 (KHTML, like Gecko) Version/13.0.3 Mobile/15E148 Safari/604.1"
193.46.211.44 - - [25/Aug/2026:10:01:58 +0900] "GET /wp-content/themes/kadence/assets/css/header.min.css?ver=1.4.3 HTTP/1.1" 200 4240 "https://minecrftdescargar.mx/" "Mozilla/5.0 (iPhone; CPU iPhone OS 13_2_3 like Mac OS X) AppleWebKit/605.1.15 (KHTML, like Gecko) Version/13.0.3 Mobile/15E148 Safari/604.1"
193.46.211.44 - - [25/Aug/2026:10:01:58 +0900] "GET /wp-content/plugins/kadence-blocks/dist/style-blocks-advancedbtn.css?ver=3.7.9.1 HTTP/1.1" 200 704 "https://minecrftdescargar.mx/" "Mozilla/5.0 (iPhone; CPU iPhone OS 13_2_3 like Mac OS X) AppleWebKit/605.1.15 (KHTML, like Gecko) Version/13.0.3 Mobile/15E148 Safari/604.1"
193.46.211.44 - - [25/Aug/2026:10:01:58 +0900] "GET /wp-content/plugins/kadence-blocks/dist/style-blocks-column.css?ver=3.7.9.1 HTTP/1.1" 200 427 "https://minecrftdescargar.mx/" "Mozilla/5.0 (iPhone; CPU iPhone OS 13_2_3 like Mac OS X) AppleWebKit/605.1.15 (KHTML, like Gecko) Version/13.0.3 Mobile/15E148 Safari/604.1"
193.46.211.44 - - [25/Aug/2026:10:01:58 +0900] "GET /wp-content/themes/kadence/assets/css/footer.min.css?ver=1.4.3 HTTP/1.1" 200 1675 "https://minecrftdescargar.mx/" "Mozilla/5.0 (iPhone; CPU iPhone OS 13_2_3 like Mac OS X) AppleWebKit/605.1.15 (KHTML, like Gecko) Version/13.0.3 Mobile/15E148 Safari/604.1"
193.46.211.44 - - [25/Aug/2026:10:01:58 +0900] "GET /wp-content/uploads/2025/04/Minecraft-APK-21-3-768x307.webp HTTP/1.1" 200 20602 "https://minecrftdescargar.mx/" "Mozilla/5.0 (iPhone; CPU iPhone OS 13_2_3 like Mac OS X) AppleWebKit/605.1.15 (KHTML, like Gecko) Version/13.0.3 Mobile/15E148 Safari/604.1"
193.46.211.44 - - [25/Aug/2026:10:01:58 +0900] "GET /wp-content/plugins/kadence-blocks-pro/includes/assets/css/aos.min.css?ver=2.8.17 HTTP/1.1" 200 1835 "https://minecrftdescargar.mx/" "Mozilla/5.0 (iPhone; CPU iPhone OS 13_2_3 like Mac OS X) AppleWebKit/605.1.15 (KHTML, like Gecko) Version/13.0.3 Mobile/15E148 Safari/604.1"
193.46.211.44 - - [25/Aug/2026:10:01:58 +0900] "GET /wp-content/plugins/kadence-blocks/dist/style-blocks-infobox.css?ver=3.7.9.1 HTTP/1.1" 200 1339 "https://minecrftdescargar.mx/" "Mozilla/5.0 (iPhone; CPU iPhone OS 13_2_3 like Mac OS X) AppleWebKit/605.1.15 (KHTML, like Gecko) Version/13.0.3 Mobile/15E148 Safari/604.1"
193.46.211.44 - - [25/Aug/2026:10:01:58 +0900] "GET /wp-content/plugins/kadence-blocks/dist/style-blocks-accordion.css?ver=3.7.9.1 HTTP/1.1" 200 1274 "https://minecrftdescargar.mx/" "Mozilla/5.0 (iPhone; CPU iPhone OS 13_2_3 like Mac OS X) AppleWebKit/605.1.15 (KHTML, like Gecko) Version/13.0.3 Mobile/15E148 Safari/604.1"
193.46.211.44 - - [25/Aug/2026:10:01:58 +0900] "GET /wp-content/plugins/kadence-pro/dist/mega-menu/menu-addon.css?ver=1.2.5 HTTP/1.1" 200 1126 "https://minecrftdescargar.mx/" "Mozilla/5.0 (iPhone; CPU iPhone OS 13_2_3 like Mac OS X) AppleWebKit/605.1.15 (KHTML, like Gecko) Version/13.0.3 Mobile/15E148 Safari/604.1"
193.46.211.44 - - [25/Aug/2026:10:01:58 +0900] "GET /wp-content/plugins/kadence-blocks/dist/style-blocks-iconlist.css?ver=3.7.9.1 HTTP/1.1" 200 597 "https://minecrftdescargar.mx/" "Mozilla/5.0 (iPhone; CPU iPhone OS 13_2_3 like Mac OS X) AppleWebKit/605.1.15 (KHTML, like Gecko) Version/13.0.3 Mobile/15E148 Safari/604.1"
193.46.211.44 - - [25/Aug/2026:10:01:58 +0900] "GET /wp-content/plugins/kadence-blocks-pro/dist/style-blocks-slider.css?ver=2.8.17 HTTP/1.1" 200 1079 "https://minecrftdescargar.mx/" "Mozilla/5.0 (iPhone; CPU iPhone OS 13_2_3 like Mac OS X) AppleWebKit/605.1.15 (KHTML, like Gecko) Version/13.0.3 Mobile/15E148 Safari/604.1"
193.46.211.44 - - [25/Aug/2026:10:01:58 +0900] "GET /wp-content/themes/kadence/assets/css/rankmath.min.css?ver=1.4.3 HTTP/1.1" 200 39 "https://minecrftdescargar.mx/" "Mozilla/5.0 (iPhone; CPU iPhone OS 13_2_3 like Mac OS X) AppleWebKit/605.1.15 (KHTML, like Gecko) Version/13.0.3 Mobile/15E148 Safari/604.1"
193.46.211.44 - - [25/Aug/2026:10:01:58 +0900] "GET /wp-content/plugins/kadence-blocks/dist/style-blocks-tableofcontents.css?ver=3.7.9.1 HTTP/1.1" 200 1072 "https://minecrftdescargar.mx/" "Mozilla/5.0 (iPhone; CPU iPhone OS 13_2_3 like Mac OS X) AppleWebKit/605.1.15 (KHTML, like Gecko) Version/13.0.3 Mobile/15E148 Safari/604.1"
193.46.211.44 - - [25/Aug/2026:10:01:58 +0900] "GET /wp-content/plugins/kadence-blocks-pro/includes/assets/css/kadence-splide.min.css?ver=2.8.17 HTTP/1.1" 200 1785 "https://minecrftdescargar.mx/" "Mozilla/5.0 (iPhone; CPU iPhone OS 13_2_3 like Mac OS X) AppleWebKit/605.1.15 (KHTML, like Gecko) Version/13.0.3 Mobile/15E148 Safari/604.1"
193.46.211.44 - - [25/Aug/2026:10:01:59 +0900] "GET /wp-content/uploads/2025/04/Add-a-heading-13-1.webp HTTP/1.1" 200 21524 "https://minecrftdescargar.mx/" "Mozilla/5.0 (iPhone; CPU iPhone OS 13_2_3 like Mac OS X) AppleWebKit/605.1.15 (KHTML, like Gecko) Version/13.0.3 Mobile/15E148 Safari/604.1"
187.189.50.28 - - [25/Aug/2026:10:01:59 +0900] "GET / HTTP/1.1" 200 52896 "-" "Mozilla/5.0 (Windows NT 10.0; Win64; x64) AppleWebKit/537.36 (KHTML, like Gecko) Chrome/152.0.0.0 Safari/537.36"
193.46.211.44 - - [25/Aug/2026:10:02:00 +0900] "GET /wp-content/uploads/2025/04/Add-a-heading-12-300x300.webp HTTP/1.1" 200 16646 "https://minecrftdescargar.mx/" "Mozilla/5.0 (iPhone; CPU iPhone OS 13_2_3 like Mac OS X) AppleWebKit/605.1.15 (KHTML, like Gecko) Version/13.0.3 Mobile/15E148 Safari/604.1"
193.46.211.44 - - [25/Aug/2026:10:02:00 +0900] "GET /wp-content/uploads/2025/04/4c7dbef8-ba5c-4892-bd8f-67c60d6c1bf2_removalai_preview.webp HTTP/1.1" 200 12240 "https://minecrftdescargar.mx/" "Mozilla/5.0 (iPhone; CPU iPhone OS 13_2_3 like Mac OS X) AppleWebKit/605.1.15 (KHTML, like Gecko) Version/13.0.3 Mobile/15E148 Safari/604.1"
172.233.79.144 - - [25/Aug/2026:10:02:22 +0900] "POST /wp-cron.php?doing_wp_cron=1787619742.0372240543365478515625 HTTP/1.1" 200 20 "-" "WordPress/7.1; https://minecrftdescargar.mx"
104.222.169.113 - - [25/Aug/2026:10:02:21 +0900] "GET / HTTP/1.1" 200 52896 "-" "Mozilla/5.0 (Linux; Android 6.0; Nexus 5 Build/MRA58N) AppleWebKit/537.36 (KHTML, like Gecko) Chrome/53.0.8261.1452 Mobile Safari/537.36"
172.233.79.144 - - [25/Aug/2026:10:03:45 +0900] "POST /wp-cron.php?doing_wp_cron=1787619825.6995909214019775390625 HTTP/1.1" 200 20 "-" "WordPress/7.1; https://minecrftdescargar.mx"
2806:2f0:9cc0:cf68:1ced:a9ac:40f1:f2bd - - [25/Aug/2026:10:03:44 +0900] "GET / HTTP/1.1" 200 52896 "https://search.brave.com/" "Mozilla/5.0 (Linux; Android 10; K) AppleWebKit/537.36 (KHTML, like Gecko) Chrome/151.0.0.0 Mobile Safari/537.36"
2806:2f0:9cc0:cf68:1ced:a9ac:40f1:f2bd - - [25/Aug/2026:10:03:49 +0900] "GET /descargar/ HTTP/1.1" 301 795 "https://minecrftdescargar.mx/" "Mozilla/5.0 (Linux; Android 10; K) AppleWebKit/537.36 (KHTML, like Gecko) Chrome/151.0.0.0 Mobile Safari/537.36"
2806:2f0:9cc0:cf68:1ced:a9ac:40f1:f2bd - - [25/Aug/2026:10:03:58 +0900] "GET /descargar/ HTTP/1.1" 301 795 "https://minecrftdescargar.mx/" "Mozilla/5.0 (Linux; Android 10; K) AppleWebKit/537.36 (KHTML, like Gecko) Chrome/151.0.0.0 Mobile Safari/537.36"
2806:2f0:9cc0:cf68:1ced:a9ac:40f1:f2bd - - [25/Aug/2026:10:04:07 +0900] "GET /wp-content/uploads/2025/04/b309ba55-75dd-489d-9e9b-5c091d3fbe65_removalai_preview-3-1.webp HTTP/1.1" 200 12500 "https://minecrftdescargar.mx/" "Mozilla/5.0 (Linux; Android 10; K) AppleWebKit/537.36 (KHTML, like Gecko) Chrome/151.0.0.0 Mobile Safari/537.36"
172.233.79.144 - - [25/Aug/2026:10:04:35 +0900] "POST /wp-cron.php?doing_wp_cron=1787619875.6424241065979003906250 HTTP/1.1" 200 20 "-" "WordPress/7.1; https://minecrftdescargar.mx"
2a03:2880:f806:3:: - - [25/Aug/2026:10:04:33 +0900] "GET /minecraft-bedrock-apk/ HTTP/1.1" 200 38757 "-" "Mozilla/5.0 (Windows NT 10.0; Win64; x64) AppleWebKit/537.36 (KHTML, like Gecko) Chrome/145.0.0.0 Safari/537.36 (compatible; meta-externalagent/1.1 (+https://developers.facebook.com/docs/sharing/webmasters/crawler))"
2804:3d04:a1ef:1600:9714:26b5:95df:cd8c - - [25/Aug/2026:10:04:44 +0900] "GET /wp-content/uploads/2025/04/Minecraft-APK-21-3.webp HTTP/1.1" 200 17692 "https://myactivity.google.com/" "Mozilla/5.0 (Linux; Android 10; K) AppleWebKit/537.36 (KHTML, like Gecko) Chrome/151.0.0.0 Mobile Safari/537.36"
47.128.115.42 - - [25/Aug/2026:10:05:39 +0900] "GET /what-is-selecao/ HTTP/1.1" 403 1242 "-" "Mozilla/5.0 (Linux; Android 5.0) AppleWebKit/537.36 (KHTML, like Gecko) Mobile Safari/537.36 (compatible; TikTokSpider; ttspider-feedback@tiktok.com)"
172.233.79.144 - - [25/Aug/2026:10:07:18 +0900] "POST /wp-cron.php?doing_wp_cron=1787620037.9744689464569091796875 HTTP/1.1" 200 20 "-" "WordPress/7.1; https://minecrftdescargar.mx"
52.54.198.246 - - [25/Aug/2026:10:07:16 +0900] "GET /minecraft-pc/ HTTP/1.1" 200 35513 "-" "Mozilla/5.0 (Macintosh; Intel Mac OS X 10_15_7) AppleWebKit/605.1.15 (KHTML, like Gecko) Chrome/139.0.0.0 Safari/605.1.15"
172.233.79.144 - - [25/Aug/2026:10:09:18 +0900] "POST /wp-cron.php?doing_wp_cron=1787620158.4898569583892822265625 HTTP/1.1" 200 20 "-" "WordPress/7.1; https://minecrftdescargar.mx"
35.85.46.144 - - [25/Aug/2026:10:09:17 +0900] "GET /minecraft-bedrock-apk/ HTTP/1.1" 200 38587 "-" "Mozilla/5.0 (X11; Linux x86_64) AppleWebKit/537.36 (KHTML, like Gecko) Chrome/34.0.1847.137 Safari/4E423F"
47.128.115.79 - - [25/Aug/2026:10:09:39 +0900] "GET /what-is-selecao/ HTTP/1.1" 403 1242 "-" "Mozilla/5.0 (Linux; Android 5.0) AppleWebKit/537.36 (KHTML, like Gecko) Mobile Safari/537.36 (compatible; TikTokSpider; ttspider-feedback@tiktok.com)"
172.233.79.144 - - [25/Aug/2026:10:12:39 +0900] "POST /wp-cron.php?doing_wp_cron=1787620359.1300508975982666015625 HTTP/1.1" 200 20 "-" "WordPress/7.1; https://minecrftdescargar.mx"
200.219.50.137 - - [25/Aug/2026:10:12:38 +0900] "GET /standings-sutbong-tv/ HTTP/1.1" 200 25547 "-" "Mozilla/5.0 (Macintosh; Intel Mac OS X 10_15_7) AppleWebKit/537.36 (KHTML, like Gecko) Chrome/133.0.0.0 Safari/537.36"
47.128.115.29 - - [25/Aug/2026:10:13:40 +0900] "GET /what-is-selecao/ HTTP/1.1" 403 1242 "-" "Mozilla/5.0 (Linux; Android 5.0) AppleWebKit/537.36 (KHTML, like Gecko) Mobile Safari/537.36 (compatible; TikTokSpider; ttspider-feedback@tiktok.com)"
47.128.115.83 - - [25/Aug/2026:10:17:41 +0900] "GET /what-is-selecao/ HTTP/1.1" 403 1242 "-" "Mozilla/5.0 (Linux; Android 5.0) AppleWebKit/537.36 (KHTML, like Gecko) Mobile Safari/537.36 (compatible; TikTokSpider; ttspider-feedback@tiktok.com)"
47.128.115.247 - - [25/Aug/2026:10:21:41 +0900] "GET /what-is-selecao/ HTTP/1.1" 403 1242 "-" "Mozilla/5.0 (Linux; Android 5.0) AppleWebKit/537.36 (KHTML, like Gecko) Mobile Safari/537.36 (compatible; TikTokSpider; ttspider-feedback@tiktok.com)"
172.233.79.144 - - [25/Aug/2026:10:23:21 +0900] "POST /wp-cron.php?doing_wp_cron=1787621001.4674370288848876953125 HTTP/1.1" 200 20 "-" "WordPress/7.1; https://minecrftdescargar.mx"
35.85.46.144 - - [25/Aug/2026:10:23:20 +0900] "GET /java-edition/ HTTP/1.1" 200 36164 "-" "Mozilla/5.0 (X11; Linux x86_64) AppleWebKit/537.36 (KHTML, like Gecko) Chrome/34.0.1847.137 Safari/4E423F"
47.128.115.228 - - [25/Aug/2026:10:25:42 +0900] "GET /what-is-selecao/ HTTP/1.1" 403 1242 "-" "Mozilla/5.0 (Linux; Android 5.0) AppleWebKit/537.36 (KHTML, like Gecko) Mobile Safari/537.36 (compatible; TikTokSpider; ttspider-feedback@tiktok.com)"
47.128.115.33 - - [25/Aug/2026:10:33:44 +0900] "GET /what-is-selecao/ HTTP/1.1" 403 1242 "-" "Mozilla/5.0 (Linux; Android 5.0) AppleWebKit/537.36 (KHTML, like Gecko) Mobile Safari/537.36 (compatible; TikTokSpider; ttspider-feedback@tiktok.com)"
172.233.79.144 - - [25/Aug/2026:10:36:27 +0900] "POST /wp-cron.php?doing_wp_cron=1787621787.6181039810180664062500 HTTP/1.1" 200 20 "-" "WordPress/7.1; https://minecrftdescargar.mx"
177.228.192.69 - - [25/Aug/2026:10:36:25 +0900] "GET / HTTP/1.1" 200 52896 "https://search.brave.com/" "Mozilla/5.0 (Linux; Android 10; K) AppleWebKit/537.36 (KHTML, like Gecko) Chrome/151.0.0.0 Mobile Safari/537.36"
177.228.192.69 - - [25/Aug/2026:10:36:30 +0900] "GET /descargar/ HTTP/1.1" 301 795 "https://minecrftdescargar.mx/" "Mozilla/5.0 (Linux; Android 10; K) AppleWebKit/537.36 (KHTML, like Gecko) Chrome/151.0.0.0 Mobile Safari/537.36"
177.228.192.69 - - [25/Aug/2026:10:36:42 +0900] "GET /descargar/ HTTP/1.1" 301 795 "https://minecrftdescargar.mx/" "Mozilla/5.0 (Linux; Android 10; K) AppleWebKit/537.36 (KHTML, like Gecko) Chrome/151.0.0.0 Mobile Safari/537.36"
47.128.115.48 - - [25/Aug/2026:10:37:44 +0900] "GET /what-is-selecao/ HTTP/1.1" 403 1242 "-" "Mozilla/5.0 (Linux; Android 5.0) AppleWebKit/537.36 (KHTML, like Gecko) Mobile Safari/537.36 (compatible; TikTokSpider; ttspider-feedback@tiktok.com)"
172.233.79.144 - - [25/Aug/2026:10:37:47 +0900] "POST /wp-cron.php?doing_wp_cron=1787621867.8920779228210449218750 HTTP/1.1" 200 20 "-" "WordPress/7.1; https://minecrftdescargar.mx"
35.85.46.144 - - [25/Aug/2026:10:37:46 +0900] "GET /minecraft-pc/ HTTP/1.1" 200 35533 "-" "Mozilla/5.0 (X11; Linux x86_64) AppleWebKit/537.36 (KHTML, like Gecko) Chrome/34.0.1847.137 Safari/4E423F"
47.128.115.243 - - [25/Aug/2026:10:41:44 +0900] "GET /what-is-selecao/ HTTP/1.1" 403 1242 "-" "Mozilla/5.0 (Linux; Android 5.0) AppleWebKit/537.36 (KHTML, like Gecko) Mobile Safari/537.36 (compatible; TikTokSpider; ttspider-feedback@tiktok.com)"
47.128.115.48 - - [25/Aug/2026:10:45:44 +0900] "GET /what-is-selecao/ HTTP/1.1" 403 1242 "-" "Mozilla/5.0 (Linux; Android 5.0) AppleWebKit/537.36 (KHTML, like Gecko) Mobile Safari/537.36 (compatible; TikTokSpider; ttspider-feedback@tiktok.com)"
172.233.79.144 - - [25/Aug/2026:10:46:11 +0900] "POST /wp-cron.php?doing_wp_cron=1787622371.2235538959503173828125 HTTP/1.1" 200 20 "-" "WordPress/7.1; https://minecrftdescargar.mx"
43.156.228.27 - - [25/Aug/2026:10:46:09 +0900] "GET / HTTP/1.1" 301 20 "http://www.minecrftdescargar.mx" "Mozilla/5.0 (iPhone; CPU iPhone OS 13_2_3 like Mac OS X) AppleWebKit/605.1.15 (KHTML, like Gecko) Version/13.0.3 Mobile/15E148 Safari/604.1"
43.156.228.27 - - [25/Aug/2026:10:46:12 +0900] "GET / HTTP/1.1" 200 52896 "https://www.minecrftdescargar.mx/" "Mozilla/5.0 (iPhone; CPU iPhone OS 13_2_3 like Mac OS X) AppleWebKit/605.1.15 (KHTML, like Gecko) Version/13.0.3 Mobile/15E148 Safari/604.1"
172.233.79.144 - - [25/Aug/2026:10:46:29 +0900] "POST /wp-cron.php?doing_wp_cron=1787622389.3753180503845214843750 HTTP/1.1" 200 20 "-" "WordPress/7.1; https://minecrftdescargar.mx"
2a03:2880:13ff:4b:: - - [25/Aug/2026:10:46:28 +0900] "GET /robots.txt HTTP/1.1" 200 118 "-" "facebookexternalhit/1.1 (+http://www.facebook.com/externalhit_uatext.php)"
172.233.79.144 - - [25/Aug/2026:10:49:22 +0900] "POST /wp-cron.php?doing_wp_cron=1787622562.6116240024566650390625 HTTP/1.1" 200 20 "-" "WordPress/7.1; https://minecrftdescargar.mx"
35.85.46.144 - - [25/Aug/2026:10:49:21 +0900] "GET /minecraft-ios/ HTTP/1.1" 200 35888 "-" "Mozilla/5.0 (X11; Linux x86_64) AppleWebKit/537.36 (KHTML, like Gecko) Chrome/34.0.1847.137 Safari/4E423F"
47.128.115.71 - - [25/Aug/2026:10:49:45 +0900] "GET /what-is-selecao/ HTTP/1.1" 403 1242 "-" "Mozilla/5.0 (Linux; Android 5.0) AppleWebKit/537.36 (KHTML, like Gecko) Mobile Safari/537.36 (compatible; TikTokSpider; ttspider-feedback@tiktok.com)"
47.128.115.243 - - [25/Aug/2026:10:53:45 +0900] "GET /what-is-selecao/ HTTP/1.1" 403 1242 "-" "Mozilla/5.0 (Linux; Android 5.0) AppleWebKit/537.36 (KHTML, like Gecko) Mobile Safari/537.36 (compatible; TikTokSpider; ttspider-feedback@tiktok.com)"
172.233.79.144 - - [25/Aug/2026:10:55:51 +0900] "POST /wp-cron.php?doing_wp_cron=1787622951.5726900100708007812500 HTTP/1.1" 200 20 "-" "WordPress/7.1; https://minecrftdescargar.mx"
2806:109f:8:da25:8a7f:b001:ce1a:8532 - - [25/Aug/2026:10:55:50 +0900] "GET / HTTP/1.1" 200 52896 "https://search.brave.com/" "Mozilla/5.0 (Linux; Android 10; K) AppleWebKit/537.36 (KHTML, like Gecko) Chrome/151.0.0.0 Mobile Safari/537.36"
172.233.79.144 - - [25/Aug/2026:10:57:33 +0900] "POST /wp-cron.php?doing_wp_cron=1787623053.4339361190795898437500 HTTP/1.1" 200 20 "-" "WordPress/7.1; https://minecrftdescargar.mx"
2a03:2880:2ff:72:: - - [25/Aug/2026:10:57:32 +0900] "GET /robots.txt HTTP/1.1" 200 118 "-" "facebookexternalhit/1.1 (+http://www.facebook.com/externalhit_uatext.php)"
47.128.115.233 - - [25/Aug/2026:10:57:47 +0900] "GET /what-is-selecao/ HTTP/1.1" 403 1242 "-" "Mozilla/5.0 (Linux; Android 5.0) AppleWebKit/537.36 (KHTML, like Gecko) Mobile Safari/537.36 (compatible; TikTokSpider; ttspider-feedback@tiktok.com)"
47.128.115.44 - - [25/Aug/2026:11:01:47 +0900] "GET /what-is-selecao/ HTTP/1.1" 403 1242 "-" "Mozilla/5.0 (Linux; Android 5.0) AppleWebKit/537.36 (KHTML, like Gecko) Mobile Safari/537.36 (compatible; TikTokSpider; ttspider-feedback@tiktok.com)"
47.128.115.83 - - [25/Aug/2026:11:05:47 +0900] "GET /what-is-selecao/ HTTP/1.1" 403 1242 "-" "Mozilla/5.0 (Linux; Android 5.0) AppleWebKit/537.36 (KHTML, like Gecko) Mobile Safari/537.36 (compatible; TikTokSpider; ttspider-feedback@tiktok.com)"
47.128.115.62 - - [25/Aug/2026:11:09:48 +0900] "GET /what-is-selecao/ HTTP/1.1" 403 1242 "-" "Mozilla/5.0 (Linux; Android 5.0) AppleWebKit/537.36 (KHTML, like Gecko) Mobile Safari/537.36 (compatible; TikTokSpider; ttspider-feedback@tiktok.com)"
172.233.79.144 - - [25/Aug/2026:11:12:35 +0900] "POST /wp-cron.php?doing_wp_cron=1787623955.6274840831756591796875 HTTP/1.1" 200 20 "-" "WordPress/7.1; https://minecrftdescargar.mx"
35.85.46.144 - - [25/Aug/2026:11:12:31 +0900] "GET /disclaimer/ HTTP/1.1" 200 19508 "-" "Mozilla/5.0 (X11; Linux x86_64) AppleWebKit/537.36 (KHTML, like Gecko) Chrome/34.0.1847.137 Safari/4E423F"
172.233.79.144 - - [25/Aug/2026:11:16:52 +0900] "POST /wp-cron.php?doing_wp_cron=1787624211.9789099693298339843750 HTTP/1.1" 200 20 "-" "WordPress/7.1; https://minecrftdescargar.mx"
2a02:4780:5e:adea::1 - - [25/Aug/2026:11:16:45 +0900] "GET /ads.txt HTTP/1.1" 404 16819 "-" "GuzzleHttp/7"
172.233.79.144 - - [25/Aug/2026:11:25:58 +0900] "POST /wp-cron.php?doing_wp_cron=1787624758.2973439693450927734375 HTTP/1.1" 200 20 "-" "WordPress/7.1; https://minecrftdescargar.mx"
35.85.46.144 - - [25/Aug/2026:11:25:56 +0900] "GET /privacy-policy/ HTTP/1.1" 200 19473 "-" "Mozilla/5.0 (X11; Linux x86_64) AppleWebKit/537.36 (KHTML, like Gecko) Chrome/34.0.1847.137 Safari/4E423F"
172.233.79.144 - - [25/Aug/2026:11:28:31 +0900] "POST /wp-cron.php?doing_wp_cron=1787624911.2736539840698242187500 HTTP/1.1" 200 20 "-" "WordPress/7.1; https://minecrftdescargar.mx"
201.97.117.78 - - [25/Aug/2026:11:28:29 +0900] "GET / HTTP/1.1" 200 52896 "https://search.brave.com/" "Mozilla/5.0 (Linux; Android 10; K) AppleWebKit/537.36 (KHTML, like Gecko) Chrome/151.0.0.0 Mobile Safari/537.36"
201.97.117.78 - - [25/Aug/2026:11:28:47 +0900] "GET /descargar/ HTTP/1.1" 301 795 "https://minecrftdescargar.mx/" "Mozilla/5.0 (Linux; Android 10; K) AppleWebKit/537.36 (KHTML, like Gecko) Chrome/151.0.0.0 Mobile Safari/537.36"
172.233.79.144 - - [25/Aug/2026:11:33:24 +0900] "POST /wp-cron.php?doing_wp_cron=1787625204.6955111026763916015625 HTTP/1.1" 200 20 "-" "WordPress/7.1; https://minecrftdescargar.mx"
2806:102e:8:5b68:784a:7d2f:ba2a:c06a - - [25/Aug/2026:11:33:23 +0900] "GET / HTTP/1.1" 200 52896 "https://www.google.com/" "Mozilla/5.0 (Linux; Android 10; K) AppleWebKit/537.36 (KHTML, like Gecko) Chrome/151.0.0.0 Mobile Safari/537.36"
172.233.79.144 - - [25/Aug/2026:11:36:18 +0900] "POST /wp-cron.php?doing_wp_cron=1787625378.5820379257202148437500 HTTP/1.1" 200 20 "-" "WordPress/7.1; https://minecrftdescargar.mx"
35.85.46.144 - - [25/Aug/2026:11:36:17 +0900] "GET /terms-and-conditions/ HTTP/1.1" 200 19106 "-" "Mozilla/5.0 (X11; Linux x86_64) AppleWebKit/537.36 (KHTML, like Gecko) Chrome/34.0.1847.137 Safari/4E423F"
172.233.79.144 - - [25/Aug/2026:11:43:59 +0900] "POST /wp-cron.php?doing_wp_cron=1787625839.1787500381469726562500 HTTP/1.1" 200 20 "-" "WordPress/7.1; https://minecrftdescargar.mx"
35.85.46.144 - - [25/Aug/2026:11:43:58 +0900] "GET /about-us/ HTTP/1.1" 200 19217 "-" "Mozilla/5.0 (X11; Linux x86_64) AppleWebKit/537.36 (KHTML, like Gecko) Chrome/34.0.1847.137 Safari/4E423F"
172.233.79.144 - - [25/Aug/2026:11:53:04 +0900] "POST /wp-cron.php?doing_wp_cron=1787626384.0582430362701416015625 HTTP/1.1" 200 20 "-" "WordPress/7.1; https://minecrftdescargar.mx"
35.85.46.144 - - [25/Aug/2026:11:53:02 +0900] "GET /contact-us/ HTTP/1.1" 200 19424 "-" "Mozilla/5.0 (X11; Linux x86_64) AppleWebKit/537.36 (KHTML, like Gecko) Chrome/34.0.1847.137 Safari/4E423F"
2a03:2880:f806:13:: - - [25/Aug/2026:11:55:56 +0900] "GET /mahasiswa%20menulis HTTP/1.1" 429 0 "-" "Mozilla/5.0 (Windows NT 10.0; Win64; x64) AppleWebKit/537.36 (KHTML, like Gecko) Chrome/145.0.0.0 Safari/537.36 (compatible; meta-externalagent/1.1 (+https://developers.facebook.com/docs/sharing/webmasters/crawler))"
35.85.46.144 - - [25/Aug/2026:12:02:05 +0900] "GET /descargar/ HTTP/1.1" 301 795 "-" "Mozilla/5.0 (X11; Linux x86_64) AppleWebKit/537.36 (KHTML, like Gecko) Chrome/34.0.1847.137 Safari/4E423F"
172.233.79.144 - - [25/Aug/2026:12:05:33 +0900] "POST /wp-cron.php?doing_wp_cron=1787627132.8845429420471191406250 HTTP/1.1" 200 20 "-" "WordPress/7.1; https://minecrftdescargar.mx"
47.234.166.90 - - [25/Aug/2026:12:05:29 +0900] "GET / HTTP/1.1" 200 52896 "https://www.google.com/" "Mozilla/5.0 (Linux; Android 10; K) AppleWebKit/537.36 (KHTML, like Gecko) Chrome/151.0.0.0 Mobile Safari/537.36"
172.233.79.144 - - [25/Aug/2026:12:07:01 +0900] "POST /wp-cron.php?doing_wp_cron=1787627221.4116339683532714843750 HTTP/1.1" 200 20 "-" "WordPress/7.1; https://minecrftdescargar.mx"
66.249.93.230 - - [25/Aug/2026:12:07:00 +0900] "GET /.well-known/traffic-advice HTTP/1.1" 404 16819 "-" "Chrome Privacy Preserving Prefetch Proxy"
172.233.79.144 - - [25/Aug/2026:12:07:03 +0900] "POST /wp-cron.php?doing_wp_cron=1787627223.0661990642547607421875 HTTP/1.1" 200 20 "-" "WordPress/7.1; https://minecrftdescargar.mx"
2001:4860:7:1522::f9 - - [25/Aug/2026:12:07:00 +0900] "GET / HTTP/1.1" 200 52896 "https://www.google.com/" "Mozilla/5.0 (Windows NT 10.0; Win64; x64) AppleWebKit/537.36 (KHTML, like Gecko) Chrome/151.0.0.0 Safari/537.36"
172.233.79.144 - - [25/Aug/2026:12:13:49 +0900] "POST /wp-cron.php?doing_wp_cron=1787627629.8225369453430175781250 HTTP/1.1" 200 20 "-" "WordPress/7.1; https://minecrftdescargar.mx"
35.85.46.144 - - [25/Aug/2026:12:13:48 +0900] "GET /consejos-de-minecraft/ HTTP/1.1" 200 33856 "-" "Mozilla/5.0 (X11; Linux x86_64) AppleWebKit/537.36 (KHTML, like Gecko) Chrome/34.0.1847.137 Safari/4E423F"
172.233.79.144 - - [25/Aug/2026:12:17:35 +0900] "POST /wp-cron.php?doing_wp_cron=1787627855.7154419422149658203125 HTTP/1.1" 200 20 "-" "WordPress/7.1; https://minecrftdescargar.mx"
207.46.13.107 - - [25/Aug/2026:12:17:34 +0900] "GET /wp-json/wp/v2/posts/1281 HTTP/1.1" 200 3957 "-" "Mozilla/5.0 AppleWebKit/537.36 (KHTML, like Gecko; compatible; bingbot/2.0; +http://www.bing.com/bingbot.htm) Chrome/116.0.1938.76 Safari/537.36"
172.233.79.144 - - [25/Aug/2026:12:24:17 +0900] "POST /wp-cron.php?doing_wp_cron=1787628257.5900690555572509765625 HTTP/1.1" 200 20 "-" "WordPress/7.1; https://minecrftdescargar.mx"
35.85.46.144 - - [25/Aug/2026:12:24:15 +0900] "GET /feed/ HTTP/1.1" 200 3519 "-" "Mozilla/5.0 (X11; Linux x86_64) AppleWebKit/537.36 (KHTML, like Gecko) Chrome/34.0.1847.137 Safari/4E423F"
172.233.79.144 - - [25/Aug/2026:12:29:34 +0900] "POST /wp-cron.php?doing_wp_cron=1787628574.4894518852233886718750 HTTP/1.1" 200 20 "-" "WordPress/7.1; https://minecrftdescargar.mx"
190.233.16.171 - - [25/Aug/2026:12:29:33 +0900] "GET / HTTP/1.1" 200 52896 "https://www.google.com/" "Mozilla/5.0 (Linux; Android 10; K) AppleWebKit/537.36 (KHTML, like Gecko) Chrome/151.0.0.0 Mobile Safari/537.36"
190.233.16.171 - - [25/Aug/2026:12:29:37 +0900] "GET / HTTP/1.1" 200 52896 "https://www.google.com/" "Mozilla/5.0 (Linux; Android 10; K) AppleWebKit/537.36 (KHTML, like Gecko) Chrome/151.0.0.0 Mobile Safari/537.36"
190.233.16.171 - - [25/Aug/2026:12:29:45 +0900] "GET /descargar/ HTTP/1.1" 301 795 "https://minecrftdescargar.mx/" "Mozilla/5.0 (Linux; Android 10; K) AppleWebKit/537.36 (KHTML, like Gecko) Chrome/151.0.0.0 Mobile Safari/537.36"
190.233.16.171 - - [25/Aug/2026:12:29:45 +0900] "GET /descargar/ HTTP/1.1" 301 795 "https://minecrftdescargar.mx/" "Mozilla/5.0 (Linux; Android 10; K) AppleWebKit/537.36 (KHTML, like Gecko) Chrome/151.0.0.0 Mobile Safari/537.36"
2a03:2880:f806:15:: - - [25/Aug/2026:12:30:04 +0900] "GET /b52club-fish-shooting/ HTTP/1.1" 200 25034 "-" "Mozilla/5.0 (Macintosh; Intel Mac OS X 10_15_7) AppleWebKit/537.36 (KHTML, like Gecko) Chrome/145.0.0.0 Safari/537.36 (compatible; meta-externalagent/1.1 (+https://developers.facebook.com/docs/sharing/webmasters/crawler))"
190.233.16.171 - - [25/Aug/2026:12:30:22 +0900] "GET /descargar/ HTTP/1.1" 301 795 "https://minecrftdescargar.mx/" "Mozilla/5.0 (Linux; Android 10; K) AppleWebKit/537.36 (KHTML, like Gecko) Chrome/151.0.0.0 Mobile Safari/537.36"
190.233.16.171 - - [25/Aug/2026:12:30:33 +0900] "GET /wp-content/uploads/2025/04/320cf935-5c92-48b2-b94a-961b7d05faea_removalai_preview-3.webp HTTP/1.1" 200 9514 "https://minecrftdescargar.mx/" "Mozilla/5.0 (Linux; Android 10; K) AppleWebKit/537.36 (KHTML, like Gecko) Chrome/151.0.0.0 Mobile Safari/537.36"
172.233.79.144 - - [25/Aug/2026:12:32:59 +0900] "POST /wp-cron.php?doing_wp_cron=1787628779.1024949550628662109375 HTTP/1.1" 200 20 "-" "WordPress/7.1; https://minecrftdescargar.mx"
2806:105e:2b:4364:2e62:2390:348e:afe0 - - [25/Aug/2026:12:32:57 +0900] "GET / HTTP/1.1" 200 52896 "https://www.google.com/" "Mozilla/5.0 (Linux; Android 10; K) AppleWebKit/537.36 (KHTML, like Gecko) Chrome/151.0.0.0 Mobile Safari/537.36"
2806:105e:2b:4364:2e62:2390:348e:afe0 - - [25/Aug/2026:12:33:04 +0900] "GET /descargar/ HTTP/1.1" 301 795 "https://minecrftdescargar.mx/" "Mozilla/5.0 (Linux; Android 10; K) AppleWebKit/537.36 (KHTML, like Gecko) Chrome/151.0.0.0 Mobile Safari/537.36"
2806:105e:2b:4364:2e62:2390:348e:afe0 - - [25/Aug/2026:12:33:16 +0900] "GET /descargar/ HTTP/1.1" 301 795 "https://minecrftdescargar.mx/" "Mozilla/5.0 (Linux; Android 10; K) AppleWebKit/537.36 (KHTML, like Gecko) Chrome/151.0.0.0 Mobile Safari/537.36"
172.233.79.144 - - [25/Aug/2026:12:34:15 +0900] "POST /wp-cron.php?doing_wp_cron=1787628855.7723701000213623046875 HTTP/1.1" 200 20 "-" "WordPress/7.1; https://minecrftdescargar.mx"
189.171.54.246 - - [25/Aug/2026:12:34:14 +0900] "GET / HTTP/1.1" 200 52896 "https://www.google.com/" "Mozilla/5.0 (Linux; Android 10; K) AppleWebKit/537.36 (KHTML, like Gecko) Chrome/151.0.0.0 Mobile Safari/537.36"
189.171.54.246 - - [25/Aug/2026:12:34:16 +0900] "GET /wp-content/uploads/2025/04/Minecraft-APK-21-3-768x307.webp HTTP/1.1" 200 20602 "https://minecrftdescargar.mx/" "Mozilla/5.0 (Linux; Android 10; K) AppleWebKit/537.36 (KHTML, like Gecko) Chrome/151.0.0.0 Mobile Safari/537.36"
189.171.54.246 - - [25/Aug/2026:12:34:29 +0900] "GET /descargar/ HTTP/1.1" 301 795 "https://minecrftdescargar.mx/" "Mozilla/5.0 (Linux; Android 10; K) AppleWebKit/537.36 (KHTML, like Gecko) Chrome/151.0.0.0 Mobile Safari/537.36"
172.233.79.144 - - [25/Aug/2026:12:34:49 +0900] "POST /wp-cron.php?doing_wp_cron=1787628889.8988330364227294921875 HTTP/1.1" 200 20 "-" "WordPress/7.1; https://minecrftdescargar.mx"
2806:10a6:10:2bde:6e1f:eeac:86a0:5b05 - - [25/Aug/2026:12:34:48 +0900] "GET / HTTP/1.1" 200 52896 "https://search.brave.com/" "Mozilla/5.0 (Linux; Android 10; K) AppleWebKit/537.36 (KHTML, like Gecko) Chrome/151.0.0.0 Mobile Safari/537.36"
2806:10a6:10:2bde:6e1f:eeac:86a0:5b05 - - [25/Aug/2026:12:34:56 +0900] "GET /descargar/ HTTP/1.1" 301 795 "https://minecrftdescargar.mx/" "Mozilla/5.0 (Linux; Android 10; K) AppleWebKit/537.36 (KHTML, like Gecko) Chrome/151.0.0.0 Mobile Safari/537.36"
172.233.79.144 - - [25/Aug/2026:12:35:46 +0900] "POST /wp-cron.php?doing_wp_cron=1787628946.1706171035766601562500 HTTP/1.1" 200 20 "-" "WordPress/7.1; https://minecrftdescargar.mx"
45.174.90.224 - - [25/Aug/2026:12:35:44 +0900] "GET / HTTP/1.1" 200 52896 "https://www.google.com/" "Mozilla/5.0 (Linux; Android 10; K) AppleWebKit/537.36 (KHTML, like Gecko) Chrome/151.0.0.0 Mobile Safari/537.36"
35.85.46.144 - - [25/Aug/2026:12:35:52 +0900] "GET /comments/feed/ HTTP/1.1" 200 477 "-" "Mozilla/5.0 (X11; Linux x86_64) AppleWebKit/537.36 (KHTML, like Gecko) Chrome/34.0.1847.137 Safari/4E423F"
2806:265:348a:e0:9804:f1d0:c1a4:eeee - - [25/Aug/2026:12:38:05 +0900] "GET /descargar/ HTTP/1.1" 301 795 "android-app://com.google.android.googlequicksearchbox/" "Mozilla/5.0 (Linux; Android 10; K) AppleWebKit/537.36 (KHTML, like Gecko) Chrome/151.0.0.0 Safari/537.36"
216.73.216.15 - - [25/Aug/2026:12:41:13 +0900] "GET /robots.txt HTTP/1.1" 403 1242 "-" "Mozilla/5.0 AppleWebKit/537.36 (KHTML, like Gecko; compatible; ClaudeBot/1.0; +claudebot@anthropic.com)"
216.73.216.15 - - [25/Aug/2026:12:41:13 +0900] "GET /socolive-truc-tiep/ HTTP/1.1" 403 1242 "-" "Mozilla/5.0 AppleWebKit/537.36 (KHTML, like Gecko; compatible; ClaudeBot/1.0; +claudebot@anthropic.com)"
216.73.216.15 - - [25/Aug/2026:12:44:15 +0900] "GET /?p=1400 HTTP/1.1" 403 1242 "-" "Mozilla/5.0 AppleWebKit/537.36 (KHTML, like Gecko; compatible; ClaudeBot/1.0; +claudebot@anthropic.com)"
47.128.115.7 - - [25/Aug/2026:12:47:36 +0900] "GET /minecraft-ios/ HTTP/1.1" 403 1242 "-" "Mozilla/5.0 (Linux; Android 5.0) AppleWebKit/537.36 (KHTML, like Gecko) Mobile Safari/537.36 (compatible; TikTokSpider; ttspider-feedback@tiktok.com)"
172.233.79.144 - - [25/Aug/2026:12:47:43 +0900] "POST /wp-cron.php?doing_wp_cron=1787629663.9066400527954101562500 HTTP/1.1" 200 20 "-" "WordPress/7.1; https://minecrftdescargar.mx"
2806:102e:21:a16d:ac05:38ea:7f9e:3cda - - [25/Aug/2026:12:47:41 +0900] "GET / HTTP/1.1" 200 52896 "-" "Mozilla/5.0 (Linux; Android 10; K) AppleWebKit/537.36 (KHTML, like Gecko) Chrome/151.0.0.0 Mobile Safari/537.36"
172.233.79.144 - - [25/Aug/2026:12:48:32 +0900] "POST /wp-cron.php?doing_wp_cron=1787629712.7337059974670410156250 HTTP/1.1" 200 20 "-" "WordPress/7.1; https://minecrftdescargar.mx"
201.141.110.207 - - [25/Aug/2026:12:48:31 +0900] "GET / HTTP/1.1" 200 52896 "https://search.brave.com/" "Mozilla/5.0 (Linux; Android 10; K) AppleWebKit/537.36 (KHTML, like Gecko) Chrome/151.0.0.0 Mobile Safari/537.36"
201.141.110.207 - - [25/Aug/2026:12:48:34 +0900] "GET /descargar/ HTTP/1.1" 301 795 "https://minecrftdescargar.mx/" "Mozilla/5.0 (Linux; Android 10; K) AppleWebKit/537.36 (KHTML, like Gecko) Chrome/151.0.0.0 Mobile Safari/537.36"
201.141.110.207 - - [25/Aug/2026:12:48:42 +0900] "GET /descargar/ HTTP/1.1" 301 795 "https://minecrftdescargar.mx/" "Mozilla/5.0 (Linux; Android 10; K) AppleWebKit/537.36 (KHTML, like Gecko) Chrome/151.0.0.0 Mobile Safari/537.36"
47.128.115.248 - - [25/Aug/2026:12:51:36 +0900] "GET /minecraft-ios/ HTTP/1.1" 403 1242 "-" "Mozilla/5.0 (Linux; Android 5.0) AppleWebKit/537.36 (KHTML, like Gecko) Mobile Safari/537.36 (compatible; TikTokSpider; ttspider-feedback@tiktok.com)"
172.233.79.144 - - [25/Aug/2026:12:53:11 +0900] "POST /wp-cron.php?doing_wp_cron=1787629991.2914690971374511718750 HTTP/1.1" 200 20 "-" "WordPress/7.1; https://minecrftdescargar.mx"
2a03:2880:f806:3b:: - - [25/Aug/2026:12:53:10 +0900] "GET /888b-deposit/ HTTP/1.1" 200 22313 "-" "Mozilla/5.0 (Windows NT 10.0; Win64; x64) AppleWebKit/537.36 (KHTML, like Gecko) Chrome/145.0.0.0 Safari/537.36 (compatible; meta-externalagent/1.1 (+https://developers.facebook.com/docs/sharing/webmasters/crawler))"
