HEX
Server: LiteSpeed
System: Linux osault1.hostarmada.net 4.18.0-553.123.2.lve.el8.x86_64 #1 SMP Thu May 7 23:17:13 UTC 2026 x86_64
User: tucom (1048)
PHP: 8.4.24
Disabled: NONE
Upload Files
File: /home2/tucom/access-logs/thestylishname.com.tu1.com-ssl_log
172.233.79.144 - - [24/Aug/2026:21:18:43 +0900] "POST /wp-cron.php?doing_wp_cron=1787573923.1062979698181152343750 HTTP/1.1" 200 20 "-" "WordPress/7.0; https://thestylishname.com"
43.133.187.11 - - [24/Aug/2026:21:18:40 +0900] "GET / HTTP/1.1" 301 20 "http://www.thestylishname.com" "Mozilla/5.0 (iPhone; CPU iPhone OS 13_2_3 like Mac OS X) AppleWebKit/605.1.15 (KHTML, like Gecko) Version/13.0.3 Mobile/15E148 Safari/604.1"
43.133.187.11 - - [24/Aug/2026:21:18:43 +0900] "GET / HTTP/1.1" 200 40704 "https://www.thestylishname.com/" "Mozilla/5.0 (iPhone; CPU iPhone OS 13_2_3 like Mac OS X) AppleWebKit/605.1.15 (KHTML, like Gecko) Version/13.0.3 Mobile/15E148 Safari/604.1"
150.241.237.83 - - [24/Aug/2026:21:24:26 +0900] "GET /wp-content/uploads/2026/04/image-64.jpeg HTTP/1.1" 200 123852 "https://thestylishname.com/" "Mozilla/5.0 (Windows NT 10.0; Win64; x64) AppleWebKit/537.36 (KHTML, like Gecko) Chrome/103.0.0.0 Safari/537.36"
103.176.2.68 - - [24/Aug/2026:21:26:18 +0900] "GET /a-simple-way-to-keep-up-with-matchday/ HTTP/1.1" 200 37032 "https://thestylishname.com" "Mozilla/5.0 (Windows NT 10.0; Win64; x64) AppleWebKit/537.36 (KHTML, like Gecko) Chrome/144.0.0.0 Safari/537.36 Edg/144.0.0.0"
188.255.140.150 - - [24/Aug/2026:21:29:38 +0900] "GET /wp-content/uploads/2026/05/image-16.jpeg HTTP/1.1" 200 56843 "https://thestylishname.com/" "Mozilla/5.0 (Windows NT 10.0; Win64; x64) AppleWebKit/537.36 (KHTML, like Gecko) Chrome/133.0.0.0 Safari/537.36"
2401:4900:be2b:98ae::418:7815 - - [24/Aug/2026:21:38:05 +0900] "GET / HTTP/1.1" 200 40704 "-" "Mozilla/5.0 (Linux; Android 10; K) AppleWebKit/537.36 (KHTML, like Gecko) Chrome/145.0.0.0 Mobile Safari/537.36"
2401:4900:be2b:98ae::418:7815 - - [24/Aug/2026:21:38:06 +0900] "POST /wp-content/plugins/litespeed-cache/guest.vary.php HTTP/1.1" 200 36 "https://thestylishname.com/" "Mozilla/5.0 (Linux; Android 10; K) AppleWebKit/537.36 (KHTML, like Gecko) Chrome/145.0.0.0 Mobile Safari/537.36"
2401:4900:be2b:98ae::418:7815 - - [24/Aug/2026:21:38:06 +0900] "GET / HTTP/1.1" 200 39350 "https://thestylishname.com/" "Mozilla/5.0 (Linux; Android 10; K) AppleWebKit/537.36 (KHTML, like Gecko) Chrome/145.0.0.0 Mobile Safari/537.36"
172.233.79.144 - - [24/Aug/2026:21:38:09 +0900] "POST /wp-cron.php?doing_wp_cron=1787575089.5547139644622802734375 HTTP/1.1" 200 20 "-" "WordPress/7.0; https://thestylishname.com"
2401:4900:be2b:98ae::418:7815 - - [24/Aug/2026:21:38:06 +0900] "GET /wp-content/uploads/2025/07/bg-image.webp HTTP/1.1" 404 24446 "https://thestylishname.com/" "Mozilla/5.0 (Linux; Android 10; K) AppleWebKit/537.36 (KHTML, like Gecko) Chrome/145.0.0.0 Mobile Safari/537.36"
2401:4900:be2b:98ae::418:7815 - - [24/Aug/2026:21:38:09 +0900] "GET /wp-content/uploads/2025/07/bg-image.webp HTTP/1.1" 404 22801 "https://thestylishname.com/" "Mozilla/5.0 (Linux; Android 10; K) AppleWebKit/537.36 (KHTML, like Gecko) Chrome/145.0.0.0 Mobile Safari/537.36"
92.222.104.199 - - [24/Aug/2026:21:39:44 +0900] "GET /robots.txt HTTP/1.1" 304 0 "-" "Mozilla/5.0 (compatible; AhrefsBot/7.0; +http://ahrefs.com/robot/)"
172.233.79.144 - - [24/Aug/2026:21:39:47 +0900] "POST /wp-cron.php?doing_wp_cron=1787575187.6145250797271728515625 HTTP/1.1" 200 20 "-" "WordPress/7.0; https://thestylishname.com"
51.89.74.192 - - [24/Aug/2026:21:39:46 +0900] "GET /sitemap_index.xml HTTP/1.1" 200 318 "-" "Mozilla/5.0 (compatible; AhrefsBot/7.0; +http://ahrefs.com/robot/)"
51.89.59.37 - - [24/Aug/2026:21:39:49 +0900] "GET /post-sitemap.xml HTTP/1.1" 200 3795 "-" "Mozilla/5.0 (compatible; AhrefsBot/7.0; +http://ahrefs.com/robot/)"
51.89.71.149 - - [24/Aug/2026:21:39:53 +0900] "GET /page-sitemap.xml HTTP/1.1" 200 3700 "-" "Mozilla/5.0 (compatible; AhrefsBot/7.0; +http://ahrefs.com/robot/)"
51.89.59.37 - - [24/Aug/2026:21:39:56 +0900] "GET /category-sitemap.xml HTTP/1.1" 200 362 "-" "Mozilla/5.0 (compatible; AhrefsBot/7.0; +http://ahrefs.com/robot/)"
216.73.217.74 - - [24/Aug/2026:21:48:41 +0900] "GET /robots.txt HTTP/1.1" 304 0 "-" "Mozilla/5.0 AppleWebKit/537.36 (KHTML, like Gecko; compatible; ClaudeBot/1.0; +claudebot@anthropic.com)"
216.73.217.74 - - [24/Aug/2026:21:48:46 +0900] "GET /a-truly-premium-reward/feed/ HTTP/1.1" 200 408 "-" "Mozilla/5.0 AppleWebKit/537.36 (KHTML, like Gecko; compatible; ClaudeBot/1.0; +claudebot@anthropic.com)"
172.233.79.144 - - [24/Aug/2026:21:54:26 +0900] "POST /wp-cron.php?doing_wp_cron=1787576065.9268450736999511718750 HTTP/1.1" 200 20 "-" "WordPress/7.0; https://thestylishname.com"
2a02:4780:5e:adea::1 - - [24/Aug/2026:21:54:23 +0900] "GET /ads.txt HTTP/1.1" 200 78 "-" "GuzzleHttp/7"
2401:4900:be2b:98ae::418:7815 - - [24/Aug/2026:21:57:18 +0900] "GET / HTTP/1.1" 200 39350 "-" "Mozilla/5.0 (Linux; Android 10; K) AppleWebKit/537.36 (KHTML, like Gecko) Chrome/145.0.0.0 Mobile Safari/537.36"
51.89.74.202 - - [24/Aug/2026:22:06:15 +0900] "GET /football-betting-tips-secrets-to-conquering/ HTTP/1.1" 200 37728 "-" "Mozilla/5.0 (compatible; AhrefsBot/7.0; +http://ahrefs.com/robot/)"
51.89.59.41 - - [24/Aug/2026:22:09:47 +0900] "GET /wp-content/uploads/2026/08/image-2.png HTTP/1.1" 200 941254 "-" "Mozilla/5.0 (compatible; AhrefsBot/7.0; +http://ahrefs.com/robot/)"
103.141.209.144 - - [24/Aug/2026:22:20:55 +0900] "GET /wp-content/uploads/2026/01/Pro-Tips.webp HTTP/1.1" 200 19030 "https://myactivity.google.com/" "Mozilla/5.0 (Linux; Android 10; K) AppleWebKit/537.36 (KHTML, like Gecko) Chrome/151.0.0.0 Mobile Safari/537.36"
100.27.153.9 - - [24/Aug/2026:22:24:06 +0900] "GET /ao88/ HTTP/1.1" 200 35721 "-" "Mozilla/5.0 AppleWebKit/537.36 (KHTML, like Gecko; compatible; Amazonbot/0.1; +https://developer.amazon.com/support/amazonbot) Chrome/119.0.6045.214 Safari/537.36"
172.233.79.144 - - [24/Aug/2026:22:26:12 +0900] "POST /wp-cron.php?doing_wp_cron=1787577972.3054089546203613281250 HTTP/1.1" 200 20 "-" "WordPress/7.0; https://thestylishname.com"
52.167.144.196 - - [24/Aug/2026:22:26:09 +0900] "GET /sitemap_index.xml HTTP/1.1" 200 318 "-" "Mozilla/5.0 AppleWebKit/537.36 (KHTML, like Gecko; compatible; bingbot/2.0; +http://www.bing.com/bingbot.htm) Chrome/116.0.1938.76 Safari/537.36"
103.141.209.144 - - [24/Aug/2026:22:30:49 +0900] "GET /wp-content/uploads/2026/01/Pro-Tips.webp HTTP/1.1" 200 19030 "https://myactivity.google.com/" "Mozilla/5.0 (Linux; Android 10; K) AppleWebKit/537.36 (KHTML, like Gecko) Chrome/151.0.0.0 Mobile Safari/537.36"
51.89.83.53 - - [24/Aug/2026:22:35:22 +0900] "GET /awards-that-ronaldo-has-won/ HTTP/1.1" 200 38969 "-" "Mozilla/5.0 (compatible; AhrefsBot/7.0; +http://ahrefs.com/robot/)"
51.89.71.88 - - [24/Aug/2026:22:35:47 +0900] "GET /wp-content/uploads/2026/08/image-6.jpeg HTTP/1.1" 200 95138 "-" "Mozilla/5.0 (compatible; AhrefsBot/7.0; +http://ahrefs.com/robot/)"
85.208.96.202 - - [24/Aug/2026:22:36:00 +0900] "GET /robots.txt HTTP/1.1" 304 0 "-" "Mozilla/5.0 (compatible; SemrushBot/7~bl; +http://www.semrush.com/bot.html)"
85.208.96.210 - - [24/Aug/2026:22:36:03 +0900] "GET /meo-tranh-keo-bay-nha-cai/ HTTP/1.1" 200 29513 "-" "Mozilla/5.0 (compatible; SemrushBot/7~bl; +http://www.semrush.com/bot.html)"
146.59.235.139 - - [24/Aug/2026:22:37:31 +0900] "GET / HTTP/1.1" 200 40704 "https://www.google.com/" "Mozilla/5.0 (Linux; Android 10; K) AppleWebKit/537.36 (KHTML, like Gecko) Chrome/151.0.0.0 Mobile Safari/537.36"
146.59.235.139 - - [24/Aug/2026:22:37:33 +0900] "GET /wp-content/uploads/2025/07/bg-image.webp HTTP/1.1" 404 24526 "https://thestylishname.com/" "Mozilla/5.0 (Linux; Android 10; K) AppleWebKit/537.36 (KHTML, like Gecko) Chrome/151.0.0.0 Mobile Safari/537.36"
146.59.235.139 - - [24/Aug/2026:22:37:33 +0900] "POST /wp-content/plugins/litespeed-cache/guest.vary.php HTTP/1.1" 200 36 "https://thestylishname.com/" "Mozilla/5.0 (Linux; Android 10; K) AppleWebKit/537.36 (KHTML, like Gecko) Chrome/151.0.0.0 Mobile Safari/537.36"
146.59.235.139 - - [24/Aug/2026:22:37:34 +0900] "GET / HTTP/1.1" 200 39350 "https://thestylishname.com/" "Mozilla/5.0 (Linux; Android 10; K) AppleWebKit/537.36 (KHTML, like Gecko) Chrome/151.0.0.0 Mobile Safari/537.36"
146.59.235.139 - - [24/Aug/2026:22:37:35 +0900] "GET /wp-content/uploads/2025/07/bg-image.webp HTTP/1.1" 404 23033 "https://thestylishname.com/" "Mozilla/5.0 (Linux; Android 10; K) AppleWebKit/537.36 (KHTML, like Gecko) Chrome/151.0.0.0 Mobile Safari/537.36"
47.128.38.79 - - [24/Aug/2026:22:39:39 +0900] "GET /english-football-betting-odds/ HTTP/1.1" 200 34744 "-" "Mozilla/5.0 (Linux; Android 5.0) AppleWebKit/537.36 (KHTML, like Gecko) Mobile Safari/537.36 (compatible; Bytespider; https://bytedance.sg.larkoffice.com/docx/K5bxdypulop3IIxrJb0lOjLVgFe)"
47.128.38.79 - - [24/Aug/2026:22:39:40 +0900] "GET /wp-content/uploads/2025/07/bg-image-768x512.webp HTTP/1.1" 403 1242 "https://thestylishname.com/english-football-betting-odds/" "Mozilla/5.0 (Linux; Android 5.0) AppleWebKit/537.36 (KHTML, like Gecko) Mobile Safari/537.36 (compatible; Bytespider; https://bytedance.sg.larkoffice.com/docx/K5bxdypulop3IIxrJb0lOjLVgFe)"
47.128.38.79 - - [24/Aug/2026:22:39:41 +0900] "POST /wp-content/plugins/litespeed-cache/guest.vary.php HTTP/1.1" 403 1242 "https://thestylishname.com/english-football-betting-odds/" "Mozilla/5.0 (Linux; Android 5.0) AppleWebKit/537.36 (KHTML, like Gecko) Mobile Safari/537.36 (compatible; Bytespider; https://bytedance.sg.larkoffice.com/docx/K5bxdypulop3IIxrJb0lOjLVgFe)"
66.249.68.128 - - [24/Aug/2026:22:46:23 +0900] "GET /wp-content/uploads/2025/12/cropped-Stylish-Name-Logo.jpg HTTP/1.1" 200 7105 "-" "Googlebot-Image/1.0"
172.233.79.144 - - [24/Aug/2026:22:47:44 +0900] "POST /wp-cron.php?doing_wp_cron=1787579264.4483969211578369140625 HTTP/1.1" 200 20 "-" "WordPress/7.0; https://thestylishname.com"
216.73.217.74 - - [24/Aug/2026:22:47:40 +0900] "GET /sitemap_index.xml HTTP/1.1" 200 318 "-" "Mozilla/5.0 AppleWebKit/537.36 (KHTML, like Gecko; compatible; ClaudeBot/1.0; +claudebot@anthropic.com)"
172.233.79.144 - - [24/Aug/2026:22:48:35 +0900] "POST /wp-cron.php?doing_wp_cron=1787579315.4566919803619384765625 HTTP/1.1" 200 20 "-" "WordPress/7.0; https://thestylishname.com"
114.119.158.203 - - [24/Aug/2026:22:48:33 +0900] "GET /sicbo-tai-casino-luck8/ HTTP/1.1" 200 29744 "https://thestylishname.com/sicbo-tai-casino-luck8/" "Mozilla/5.0 (Linux; Android 7.0;) AppleWebKit/537.36 (HTML, like Gecko) Mobile Safari/537.36 (compatible; PetalBot;+https://webmaster.petalsearch.com/site/petalbot)"
172.233.79.144 - - [24/Aug/2026:22:58:42 +0900] "POST /wp-cron.php?doing_wp_cron=1787579922.3574509620666503906250 HTTP/1.1" 200 20 "-" "WordPress/7.0; https://thestylishname.com"
34.23.201.240 - - [24/Aug/2026:22:58:38 +0900] "GET /media/system/js/core.js HTTP/1.1" 404 24445 "http://thestylishname.com/media/system/js/core.js" "Mozilla/5.0 (Macintosh; Intel Mac OS X 10_10_1) AppleWebKit/537.36 (KHTML, like Gecko) Chrome/39.0.2171.95 Safari/537.36"
66.249.68.132 - - [24/Aug/2026:23:02:02 +0900] "GET / HTTP/1.1" 200 40704 "-" "Mozilla/5.0 (Linux; Android 6.0.1; Nexus 5X Build/MMB29P) AppleWebKit/537.36 (KHTML, like Gecko) Chrome/151.0.7922.137 Mobile Safari/537.36 (compatible; Googlebot/2.1; +http://www.google.com/bot.html)"
51.89.74.196 - - [24/Aug/2026:23:05:34 +0900] "GET / HTTP/1.1" 200 40704 "-" "Mozilla/5.0 (compatible; AhrefsBot/7.0; +http://ahrefs.com/robot/)"
104.244.231.105 - - [24/Aug/2026:23:08:35 +0900] "GET / HTTP/1.1" 200 40704 "-" "Mozilla/5.0 (Macintosh; Intel Mac OS X 10_11_1) AppleWebKit/601.2.4 (KHTML, like Gecko) Version/9.0.1 Safari/601.2.4 facebookexternalhit/1.1 Facebot Twitterbot/1.0"
104.244.231.105 - - [24/Aug/2026:23:08:35 +0900] "GET /favicon.ico HTTP/1.1" 404 1251 "-" "NetworkingExtension/8624.2.5.10.8 Network/5812.122.1 iOS/26.5.2"
104.244.231.105 - - [24/Aug/2026:23:08:36 +0900] "GET /wp-content/uploads/2026/01/cropped-stripped-stylish-name-logo-180x180.jpg HTTP/1.1" 200 6283 "-" "NetworkingExtension/8624.2.5.10.8 Network/5812.122.1 iOS/26.5.2"
104.244.231.105 - - [24/Aug/2026:23:08:36 +0900] "GET /wp-content/uploads/2026/01/cropped-stripped-stylish-name-logo-32x32.jpg HTTP/1.1" 200 1629 "-" "NetworkingExtension/8624.2.5.10.8 Network/5812.122.1 iOS/26.5.2"
104.244.231.105 - - [24/Aug/2026:23:08:37 +0900] "GET /wp-content/uploads/2026/01/cropped-stripped-stylish-name-logo-192x192.jpg HTTP/1.1" 200 6621 "-" "NetworkingExtension/8624.2.5.10.8 Network/5812.122.1 iOS/26.5.2"
172.233.79.144 - - [24/Aug/2026:23:08:38 +0900] "POST /wp-cron.php?doing_wp_cron=1787580518.4945271015167236328125 HTTP/1.1" 200 20 "-" "WordPress/7.0; https://thestylishname.com"
172.233.79.144 - - [24/Aug/2026:23:08:38 +0900] "POST /wp-cron.php?doing_wp_cron=1787580518.4944639205932617187500 HTTP/1.1" 200 20 "-" "WordPress/7.0; https://thestylishname.com"
104.244.231.105 - - [24/Aug/2026:23:08:35 +0900] "GET /apple-touch-icon-precomposed.png HTTP/1.1" 404 24446 "-" "NetworkingExtension/8624.2.5.10.8 Network/5812.122.1 iOS/26.5.2"
104.244.231.105 - - [24/Aug/2026:23:08:35 +0900] "GET /apple-touch-icon.png HTTP/1.1" 404 24418 "-" "NetworkingExtension/8624.2.5.10.8 Network/5812.122.1 iOS/26.5.2"
172.233.79.144 - - [24/Aug/2026:23:10:41 +0900] "POST /wp-cron.php?doing_wp_cron=1787580641.0645189285278320312500 HTTP/1.1" 200 20 "-" "WordPress/7.0; https://thestylishname.com"
2a06:98c0:3600::103 - - [24/Aug/2026:23:10:40 +0900] "GET /wp-admin/install.php?step=1 HTTP/1.1" 200 534 "-" "http://thestylishname.com/wp-admin/install.php?step=1"
114.119.140.87 - - [24/Aug/2026:23:13:21 +0900] "GET /discover-the-mechanics-and-unique/ HTTP/1.1" 200 36500 "https://thestylishname.com/ca-cuoc-bong-da/" "Mozilla/5.0 (Linux; Android 7.0;) AppleWebKit/537.36 (HTML, like Gecko) Mobile Safari/537.36 (compatible; PetalBot;+https://webmaster.petalsearch.com/site/petalbot)"
172.233.79.144 - - [24/Aug/2026:23:15:11 +0900] "POST /wp-cron.php?doing_wp_cron=1787580911.0398960113525390625000 HTTP/1.1" 200 20 "-" "WordPress/7.0; https://thestylishname.com"
51.89.69.47 - - [24/Aug/2026:23:15:10 +0900] "GET /sitemap_index.xml HTTP/1.1" 200 318 "-" "Mozilla/5.0 (compatible; AhrefsBot/7.0; +http://ahrefs.com/robot/)"
51.89.39.54 - - [24/Aug/2026:23:15:13 +0900] "GET /post-sitemap.xml HTTP/1.1" 200 3795 "-" "Mozilla/5.0 (compatible; AhrefsBot/7.0; +http://ahrefs.com/robot/)"
51.89.38.139 - - [24/Aug/2026:23:15:16 +0900] "GET /page-sitemap.xml HTTP/1.1" 200 3700 "-" "Mozilla/5.0 (compatible; AhrefsBot/7.0; +http://ahrefs.com/robot/)"
51.89.38.140 - - [24/Aug/2026:23:15:19 +0900] "GET /category-sitemap.xml HTTP/1.1" 200 362 "-" "Mozilla/5.0 (compatible; AhrefsBot/7.0; +http://ahrefs.com/robot/)"
157.230.178.251 - - [24/Aug/2026:23:19:48 +0900] "GET /wp-content/uploads/2026/05/image-7.jpeg HTTP/1.1" 200 73710 "https://thestylishname.com/" "Mozilla/5.0 (Windows NT 10.0; Win64; x64) AppleWebKit/537.36 (KHTML, like Gecko) Chrome/112.0.0.0 Safari/537.36"
172.233.79.144 - - [24/Aug/2026:23:24:43 +0900] "POST /wp-cron.php?doing_wp_cron=1787581483.5863521099090576171875 HTTP/1.1" 200 20 "-" "WordPress/7.0; https://thestylishname.com"
66.249.68.130 - - [24/Aug/2026:23:24:41 +0900] "GET /ads.txt HTTP/1.1" 200 78 "-" "Google-adstxt"
66.249.68.130 - - [24/Aug/2026:23:24:53 +0900] "GET /wp-content/uploads/2026/04/image-11.jpeg HTTP/1.1" 200 66761 "-" "Googlebot-Image/1.0"
102.115.197.216 - - [24/Aug/2026:23:24:56 +0900] "GET / HTTP/1.1" 200 40704 "-" "Mozilla/5.0 (Linux; Android 10; K) AppleWebKit/537.36 (KHTML, like Gecko) Chrome/151.0.0.0 Mobile Safari/537.36"
102.115.197.216 - - [24/Aug/2026:23:26:14 +0900] "GET / HTTP/1.1" 200 40704 "-" "Mozilla/5.0 (Linux; Android 10; K) AppleWebKit/537.36 (KHTML, like Gecko) Chrome/151.0.0.0 Mobile Safari/537.36"
102.115.197.216 - - [24/Aug/2026:23:26:15 +0900] "GET /wp-content/litespeed/css/f8ac3036262bf008eaacd1847f56b2a3.css?ver=61491 HTTP/1.1" 200 27174 "https://thestylishname.com/" "Mozilla/5.0 (Linux; Android 10; K) AppleWebKit/537.36 (KHTML, like Gecko) Chrome/151.0.0.0 Mobile Safari/537.36"
102.115.197.216 - - [24/Aug/2026:23:26:16 +0900] "POST /wp-content/plugins/litespeed-cache/guest.vary.php HTTP/1.1" 200 36 "https://thestylishname.com/" "Mozilla/5.0 (Linux; Android 10; K) AppleWebKit/537.36 (KHTML, like Gecko) Chrome/151.0.0.0 Mobile Safari/537.36"
102.115.197.216 - - [24/Aug/2026:23:26:17 +0900] "GET / HTTP/1.1" 200 39350 "https://thestylishname.com/" "Mozilla/5.0 (Linux; Android 10; K) AppleWebKit/537.36 (KHTML, like Gecko) Chrome/151.0.0.0 Mobile Safari/537.36"
102.115.197.216 - - [24/Aug/2026:23:26:18 +0900] "GET /wp-content/litespeed/css/68a4c1d662e843b5aa3cd6b2ac7a1a76.css?ver=a1a76 HTTP/1.1" 200 5016 "https://thestylishname.com/" "Mozilla/5.0 (Linux; Android 10; K) AppleWebKit/537.36 (KHTML, like Gecko) Chrome/151.0.0.0 Mobile Safari/537.36"
102.115.197.216 - - [24/Aug/2026:23:26:18 +0900] "GET /wp-content/litespeed/css/4bcf8e0115c542b5ff5c2420112e18bc.css?ver=e18bc HTTP/1.1" 200 1128 "https://thestylishname.com/" "Mozilla/5.0 (Linux; Android 10; K) AppleWebKit/537.36 (KHTML, like Gecko) Chrome/151.0.0.0 Mobile Safari/537.36"
102.115.197.216 - - [24/Aug/2026:23:26:18 +0900] "GET /wp-content/uploads/2026/01/Pro-Tips.webp HTTP/1.1" 200 19030 "https://thestylishname.com/" "Mozilla/5.0 (Linux; Android 10; K) AppleWebKit/537.36 (KHTML, like Gecko) Chrome/151.0.0.0 Mobile Safari/537.36"
102.115.197.216 - - [24/Aug/2026:23:26:18 +0900] "GET /wp-content/litespeed/css/d27020909d24bbf299e2738715cd1872.css?ver=d1872 HTTP/1.1" 200 6585 "https://thestylishname.com/" "Mozilla/5.0 (Linux; Android 10; K) AppleWebKit/537.36 (KHTML, like Gecko) Chrome/151.0.0.0 Mobile Safari/537.36"
102.115.197.216 - - [24/Aug/2026:23:26:18 +0900] "GET /wp-content/uploads/2026/01/logo-of-style-name-and-design.jpg HTTP/1.1" 200 10789 "https://thestylishname.com/" "Mozilla/5.0 (Linux; Android 10; K) AppleWebKit/537.36 (KHTML, like Gecko) Chrome/151.0.0.0 Mobile Safari/537.36"
102.115.197.216 - - [24/Aug/2026:23:26:18 +0900] "GET /wp-content/litespeed/js/1456de7f2011c2d3bf86f9f13a3ebcfe.js?ver=ebcfe HTTP/1.1" 200 3552 "https://thestylishname.com/" "Mozilla/5.0 (Linux; Android 10; K) AppleWebKit/537.36 (KHTML, like Gecko) Chrome/151.0.0.0 Mobile Safari/537.36"
102.115.197.216 - - [24/Aug/2026:23:26:18 +0900] "GET /wp-content/litespeed/js/47630e6c720c60c5924390ecb616cdd0.js?ver=6cdd0 HTTP/1.1" 200 1892 "https://thestylishname.com/" "Mozilla/5.0 (Linux; Android 10; K) AppleWebKit/537.36 (KHTML, like Gecko) Chrome/151.0.0.0 Mobile Safari/537.36"
102.115.197.216 - - [24/Aug/2026:23:26:18 +0900] "GET /wp-content/litespeed/css/982c0217b03979f2ea220cd2b6102a92.css?ver=02a92 HTTP/1.1" 200 4240 "https://thestylishname.com/" "Mozilla/5.0 (Linux; Android 10; K) AppleWebKit/537.36 (KHTML, like Gecko) Chrome/151.0.0.0 Mobile Safari/537.36"
102.115.197.216 - - [24/Aug/2026:23:26:18 +0900] "GET /wp-content/litespeed/css/2e39a9d1cf76a3da3d70dca1072ed79c.css?ver=ed79c HTTP/1.1" 200 1317 "https://thestylishname.com/" "Mozilla/5.0 (Linux; Android 10; K) AppleWebKit/537.36 (KHTML, like Gecko) Chrome/151.0.0.0 Mobile Safari/537.36"
102.115.197.216 - - [24/Aug/2026:23:26:18 +0900] "GET /wp-content/litespeed/css/c0d873004dff53425326c7b5fac79c1e.css?ver=79c1e HTTP/1.1" 200 1758 "https://thestylishname.com/" "Mozilla/5.0 (Linux; Android 10; K) AppleWebKit/537.36 (KHTML, like Gecko) Chrome/151.0.0.0 Mobile Safari/537.36"
102.115.197.216 - - [24/Aug/2026:23:26:18 +0900] "GET /wp-content/litespeed/css/63e6885181f58f03629049edd3a51fe4.css?ver=51fe4 HTTP/1.1" 200 421 "https://thestylishname.com/" "Mozilla/5.0 (Linux; Android 10; K) AppleWebKit/537.36 (KHTML, like Gecko) Chrome/151.0.0.0 Mobile Safari/537.36"
102.115.197.216 - - [24/Aug/2026:23:26:18 +0900] "GET /wp-content/litespeed/css/8c36019372f7c1a15c04befe26b4c1be.css?ver=4c1be HTTP/1.1" 200 5818 "https://thestylishname.com/" "Mozilla/5.0 (Linux; Android 10; K) AppleWebKit/537.36 (KHTML, like Gecko) Chrome/151.0.0.0 Mobile Safari/537.36"
102.115.197.216 - - [24/Aug/2026:23:26:18 +0900] "GET /wp-content/litespeed/css/632d88f4dac527ba25dd32cfa7bac3c5.css?ver=ac3c5 HTTP/1.1" 200 1675 "https://thestylishname.com/" "Mozilla/5.0 (Linux; Android 10; K) AppleWebKit/537.36 (KHTML, like Gecko) Chrome/151.0.0.0 Mobile Safari/537.36"
172.233.79.144 - - [24/Aug/2026:23:26:18 +0900] "POST /wp-cron.php?doing_wp_cron=1787581578.9309749603271484375000 HTTP/1.1" 200 20 "-" "WordPress/7.0; https://thestylishname.com"
102.115.197.216 - - [24/Aug/2026:23:26:18 +0900] "GET /wp-content/uploads/2025/11/Stylish-Name-Maker.webp HTTP/1.1" 200 57708 "https://thestylishname.com/" "Mozilla/5.0 (Linux; Android 10; K) AppleWebKit/537.36 (KHTML, like Gecko) Chrome/151.0.0.0 Mobile Safari/537.36"
102.115.197.216 - - [24/Aug/2026:23:26:18 +0900] "GET /wp-content/uploads/2025/12/cropped-cropped-Stylish-Name-Logo.jpg HTTP/1.1" 200 7095 "https://thestylishname.com/" "Mozilla/5.0 (Linux; Android 10; K) AppleWebKit/537.36 (KHTML, like Gecko) Chrome/151.0.0.0 Mobile Safari/537.36"
102.115.197.216 - - [24/Aug/2026:23:26:18 +0900] "GET /wp-content/litespeed/css/53ab6e303f285eafa3a779ed9f88353a.css?ver=8353a HTTP/1.1" 200 1053 "https://thestylishname.com/" "Mozilla/5.0 (Linux; Android 10; K) AppleWebKit/537.36 (KHTML, like Gecko) Chrome/151.0.0.0 Mobile Safari/537.36"
102.115.197.216 - - [24/Aug/2026:23:26:17 +0900] "GET /wp-content/uploads/2025/07/bg-image.webp HTTP/1.1" 404 24446 "https://thestylishname.com/" "Mozilla/5.0 (Linux; Android 10; K) AppleWebKit/537.36 (KHTML, like Gecko) Chrome/151.0.0.0 Mobile Safari/537.36"
102.115.197.216 - - [24/Aug/2026:23:26:19 +0900] "GET /wp-content/litespeed/css/d65a85a61b4280c8e5827e1d2c8bdad2.css?ver=bdad2 HTTP/1.1" 200 1266 "https://thestylishname.com/" "Mozilla/5.0 (Linux; Android 10; K) AppleWebKit/537.36 (KHTML, like Gecko) Chrome/151.0.0.0 Mobile Safari/537.36"
102.115.197.216 - - [24/Aug/2026:23:26:19 +0900] "GET /wp-content/uploads/2025/12/How-to-use-stylish-name-generator.webp HTTP/1.1" 200 82804 "https://thestylishname.com/" "Mozilla/5.0 (Linux; Android 10; K) AppleWebKit/537.36 (KHTML, like Gecko) Chrome/151.0.0.0 Mobile Safari/537.36"
102.115.197.216 - - [24/Aug/2026:23:26:19 +0900] "GET /wp-content/litespeed/js/a50d447aae751662211c4b3c40d26f29.js?ver=26f29 HTTP/1.1" 200 5101 "https://thestylishname.com/" "Mozilla/5.0 (Linux; Android 10; K) AppleWebKit/537.36 (KHTML, like Gecko) Chrome/151.0.0.0 Mobile Safari/537.36"
102.115.197.216 - - [24/Aug/2026:23:26:19 +0900] "GET /wp-content/litespeed/css/fe47841e89850bc1c9dc40a8c62ffa5d.css?ver=ffa5d HTTP/1.1" 200 39 "https://thestylishname.com/" "Mozilla/5.0 (Linux; Android 10; K) AppleWebKit/537.36 (KHTML, like Gecko) Chrome/151.0.0.0 Mobile Safari/537.36"
102.115.197.216 - - [24/Aug/2026:23:26:19 +0900] "GET /wp-content/uploads/2025/07/bg-image.webp HTTP/1.1" 404 22801 "https://thestylishname.com/" "Mozilla/5.0 (Linux; Android 10; K) AppleWebKit/537.36 (KHTML, like Gecko) Chrome/151.0.0.0 Mobile Safari/537.36"
104.210.140.129 - - [24/Aug/2026:23:27:59 +0900] "GET /robots.txt HTTP/1.1" 304 0 "-" "Mozilla/5.0 (Macintosh; Intel Mac OS X 10_15_7) AppleWebKit/537.36 (KHTML, like Gecko) Chrome/131.0.0.0 Safari/537.36; compatible; OAI-SearchBot/1.0; +https://openai.com/searchbot"
51.89.59.32 - - [24/Aug/2026:23:28:55 +0900] "GET /world-cup-winning-teams/ HTTP/1.1" 200 37410 "-" "Mozilla/5.0 (compatible; AhrefsBot/7.0; +http://ahrefs.com/robot/)"
66.249.68.129 - - [24/Aug/2026:23:34:11 +0900] "GET /robots.txt HTTP/1.1" 304 0 "-" "Mozilla/5.0 (compatible; Googlebot/2.1; +http://www.google.com/bot.html)"
3.15.162.147 - - [24/Aug/2026:23:37:35 +0900] "GET /wp-json/ HTTP/1.1" 200 26742 "http://thestylishname.com/wp-json/" "Mozilla/5.0 (Windows NT 10.0; Win64; x64) AppleWebKit/537.36 (KHTML, like Gecko) Chrome/122.0.6261.57 Safari/537.36"
3.15.162.147 - - [24/Aug/2026:23:37:35 +0900] "GET /feed/ HTTP/1.1" 200 31366 "http://thestylishname.com/feed/" "Mozilla/5.0 (Windows NT 10.0; Win64; x64) AppleWebKit/537.36 (KHTML, like Gecko) Chrome/120.0.0.0 Safari/537.36 Edg/120.0.2210.133"
3.15.162.147 - - [24/Aug/2026:23:37:35 +0900] "GET / HTTP/1.1" 200 40704 "http://thestylishname.com/" "Mozilla/5.0 (Windows NT 10.0; Win64; x64) AppleWebKit/537.36 (KHTML, like Gecko) Chrome/122.0.6261.57 Safari/537.36"
3.15.162.147 - - [24/Aug/2026:23:37:35 +0900] "GET /readme.html HTTP/1.1" 200 2656 "http://thestylishname.com/readme.html" "Mozilla/5.0 (Macintosh; Intel Mac OS X 10_15_7) AppleWebKit/537.36 (KHTML, like Gecko) Chrome/120.0.0.0 Safari/537.36"
3.15.162.147 - - [24/Aug/2026:23:37:36 +0900] "POST /?rest_route=/batch/v1 HTTP/1.1" 403 1242 "-" "Mozilla/5.0 (Windows NT 10.0; Win64; x64) AppleWebKit/537.36 (KHTML, like Gecko) Chrome/119.0.6045.159 Safari/537.36"
3.15.162.147 - - [24/Aug/2026:23:37:36 +0900] "POST /wp-json/batch/v1 HTTP/1.1" 207 36 "-" "Mozilla/5.0 (Windows NT 10.0; Win64; x64) AppleWebKit/537.36 (KHTML, like Gecko) Chrome/121.0.6167.85 Safari/537.36"
3.15.162.147 - - [24/Aug/2026:23:37:36 +0900] "GET /wp-json/batch/v1 HTTP/1.1" 404 117 "http://thestylishname.com/wp-json/batch/v1" "Mozilla/5.0 (Macintosh; Intel Mac OS X 10_15_7) AppleWebKit/537.36 (KHTML, like Gecko) Chrome/120.0.0.0 Safari/537.36"
172.233.79.144 - - [24/Aug/2026:23:37:39 +0900] "POST /wp-cron.php?doing_wp_cron=1787582259.7741799354553222656250 HTTP/1.1" 200 20 "-" "WordPress/7.0; https://thestylishname.com"
3.15.162.147 - - [24/Aug/2026:23:37:38 +0900] "GET /?rest_route=/batch/v1 HTTP/1.1" 404 117 "http://thestylishname.com/?rest_route=/batch/v1" "Mozilla/5.0 (X11; Linux x86_64) AppleWebKit/537.36 (KHTML, like Gecko) Chrome/120.0.0.0 Safari/537.36"
172.233.79.144 - - [24/Aug/2026:23:38:03 +0900] "POST /wp-cron.php?doing_wp_cron=1787582283.8926260471343994140625 HTTP/1.1" 200 20 "-" "WordPress/7.0; https://thestylishname.com"
2a02:4780:5e:adea::1 - - [24/Aug/2026:23:38:02 +0900] "GET /ads.txt HTTP/1.1" 200 78 "-" "GuzzleHttp/7"
172.233.79.144 - - [24/Aug/2026:23:45:45 +0900] "POST /wp-cron.php?doing_wp_cron=1787582745.6723999977111816406250 HTTP/1.1" 200 20 "-" "WordPress/7.0; https://thestylishname.com"
216.73.217.74 - - [24/Aug/2026:23:45:42 +0900] "GET /sitemap_index.xml HTTP/1.1" 200 318 "-" "Mozilla/5.0 AppleWebKit/537.36 (KHTML, like Gecko; compatible; ClaudeBot/1.0; +claudebot@anthropic.com)"
34.23.201.240 - - [24/Aug/2026:23:46:41 +0900] "GET / HTTP/1.1" 200 40704 "-" "Mozilla/5.0 (Windows NT 10.0; Win64; x64) AppleWebKit/537.36 (KHTML, like Gecko) Chrome/78.0.3904.108 Safari/537.36"
172.233.79.144 - - [24/Aug/2026:23:46:43 +0900] "POST /wp-cron.php?doing_wp_cron=1787582803.3690268993377685546875 HTTP/1.1" 200 20 "-" "WordPress/7.0; https://thestylishname.com"
34.23.201.240 - - [24/Aug/2026:23:46:42 +0900] "GET //wp-includes/wlwmanifest.xml HTTP/1.1" 301 20 "-" "Mozilla/5.0 (Windows NT 10.0; Win64; x64) AppleWebKit/537.36 (KHTML, like Gecko) Chrome/78.0.3904.108 Safari/537.36"
34.23.201.240 - - [24/Aug/2026:23:46:43 +0900] "GET //xmlrpc.php?rsd HTTP/1.1" 200 305 "-" "Mozilla/5.0 (Windows NT 10.0; Win64; x64) AppleWebKit/537.36 (KHTML, like Gecko) Chrome/78.0.3904.108 Safari/537.36"
34.23.201.240 - - [24/Aug/2026:23:46:44 +0900] "GET //?author=1 HTTP/1.1" 500 1075 "-" "Mozilla/5.0 (Windows NT 10.0; Win64; x64) AppleWebKit/537.36 (KHTML, like Gecko) Chrome/78.0.3904.108 Safari/537.36"
34.23.201.240 - - [24/Aug/2026:23:46:45 +0900] "GET //?author=2 HTTP/1.1" 500 1075 "-" "Mozilla/5.0 (Windows NT 10.0; Win64; x64) AppleWebKit/537.36 (KHTML, like Gecko) Chrome/78.0.3904.108 Safari/537.36"
34.23.201.240 - - [24/Aug/2026:23:46:46 +0900] "GET //wp-json/wp/v2/users/ HTTP/1.1" 401 128 "-" "Mozilla/5.0 (Windows NT 10.0; Win64; x64) AppleWebKit/537.36 (KHTML, like Gecko) Chrome/78.0.3904.108 Safari/537.36"
34.23.201.240 - - [24/Aug/2026:23:46:47 +0900] "GET //wp-json/oembed/1.0/embed?url=https://thestylishname.com/ HTTP/1.1" 200 1012 "-" "Mozilla/5.0 (Windows NT 10.0; Win64; x64) AppleWebKit/537.36 (KHTML, like Gecko) Chrome/78.0.3904.108 Safari/537.36"
34.23.201.240 - - [24/Aug/2026:23:46:47 +0900] "POST //xmlrpc.php HTTP/1.1" 200 225 "-" "Mozilla/5.0 (Windows NT 10.0; Win64; x64) AppleWebKit/537.36 (KHTML, like Gecko) Chrome/78.0.3904.108 Safari/537.36"
34.23.201.240 - - [24/Aug/2026:23:46:49 +0900] "POST //xmlrpc.php HTTP/1.1" 200 225 "-" "Mozilla/5.0 (Windows NT 10.0; Win64; x64) AppleWebKit/537.36 (KHTML, like Gecko) Chrome/78.0.3904.108 Safari/537.36"
34.23.201.240 - - [24/Aug/2026:23:46:50 +0900] "POST //xmlrpc.php HTTP/1.1" 200 225 "-" "Mozilla/5.0 (Windows NT 10.0; Win64; x64) AppleWebKit/537.36 (KHTML, like Gecko) Chrome/78.0.3904.108 Safari/537.36"
34.23.201.240 - - [24/Aug/2026:23:46:51 +0900] "POST //xmlrpc.php HTTP/1.1" 200 225 "-" "Mozilla/5.0 (Windows NT 10.0; Win64; x64) AppleWebKit/537.36 (KHTML, like Gecko) Chrome/78.0.3904.108 Safari/537.36"
34.23.201.240 - - [24/Aug/2026:23:46:52 +0900] "POST //xmlrpc.php HTTP/1.1" 200 225 "-" "Mozilla/5.0 (Windows NT 10.0; Win64; x64) AppleWebKit/537.36 (KHTML, like Gecko) Chrome/78.0.3904.108 Safari/537.36"
34.23.201.240 - - [24/Aug/2026:23:46:54 +0900] "POST //xmlrpc.php HTTP/1.1" 200 225 "-" "Mozilla/5.0 (Windows NT 10.0; Win64; x64) AppleWebKit/537.36 (KHTML, like Gecko) Chrome/78.0.3904.108 Safari/537.36"
34.23.201.240 - - [24/Aug/2026:23:46:56 +0900] "POST //xmlrpc.php HTTP/1.1" 200 225 "-" "Mozilla/5.0 (Windows NT 10.0; Win64; x64) AppleWebKit/537.36 (KHTML, like Gecko) Chrome/78.0.3904.108 Safari/537.36"
172.233.79.144 - - [24/Aug/2026:23:47:02 +0900] "POST /wp-cron.php?doing_wp_cron=1787582822.7301599979400634765625 HTTP/1.1" 200 20 "-" "WordPress/7.0; https://thestylishname.com"
34.23.201.240 - - [24/Aug/2026:23:46:59 +0900] "POST //xmlrpc.php HTTP/1.1" 200 225 "-" "Mozilla/5.0 (Windows NT 10.0; Win64; x64) AppleWebKit/537.36 (KHTML, like Gecko) Chrome/78.0.3904.108 Safari/537.36"
34.23.201.240 - - [24/Aug/2026:23:47:02 +0900] "POST //xmlrpc.php HTTP/1.1" 200 225 "-" "Mozilla/5.0 (Windows NT 10.0; Win64; x64) AppleWebKit/537.36 (KHTML, like Gecko) Chrome/78.0.3904.108 Safari/537.36"
34.23.201.240 - - [24/Aug/2026:23:47:07 +0900] "POST //xmlrpc.php HTTP/1.1" 200 225 "-" "Mozilla/5.0 (Windows NT 10.0; Win64; x64) AppleWebKit/537.36 (KHTML, like Gecko) Chrome/78.0.3904.108 Safari/537.36"
34.23.201.240 - - [24/Aug/2026:23:47:12 +0900] "POST //xmlrpc.php HTTP/1.1" 200 990 "-" "Mozilla/5.0 (Windows NT 10.0; Win64; x64) AppleWebKit/537.36 (KHTML, like Gecko) Chrome/78.0.3904.108 Safari/537.36"
47.128.38.72 - - [24/Aug/2026:23:51:03 +0900] "GET /robots.txt HTTP/1.1" 403 1242 "-" "Mozilla/5.0 (Linux; Android 5.0) AppleWebKit/537.36 (KHTML, like Gecko) Mobile Safari/537.36 (compatible; Bytespider; https://bytedance.sg.larkoffice.com/docx/K5bxdypulop3IIxrJb0lOjLVgFe)"
172.233.79.144 - - [24/Aug/2026:23:54:27 +0900] "POST /wp-cron.php?doing_wp_cron=1787583267.2734930515289306640625 HTTP/1.1" 200 20 "-" "WordPress/7.0; https://thestylishname.com"
76.145.210.105 - - [24/Aug/2026:23:54:26 +0900] "GET /robots.txt HTTP/1.1" 200 118 "-" "Mozilla/5.0 (Linux; Android 14; Pixel Tablet) AppleWebKit/537.36 (KHTML, like Gecko) Chrome/126.0.6478.122 Safari/537.36"
2401:4900:62dc:c88d:c940:ecee:d672:6083 - - [24/Aug/2026:23:55:21 +0900] "GET / HTTP/1.1" 200 40704 "https://www.google.com/" "Mozilla/5.0 (Linux; Android 10; K) AppleWebKit/537.36 (KHTML, like Gecko) Chrome/151.0.0.0 Mobile Safari/537.36"
2401:4900:62dc:c88d:c940:ecee:d672:6083 - - [24/Aug/2026:23:55:21 +0900] "POST /wp-content/plugins/litespeed-cache/guest.vary.php HTTP/1.1" 200 36 "https://thestylishname.com/" "Mozilla/5.0 (Linux; Android 10; K) AppleWebKit/537.36 (KHTML, like Gecko) Chrome/151.0.0.0 Mobile Safari/537.36"
2401:4900:62dc:c88d:c940:ecee:d672:6083 - - [24/Aug/2026:23:55:21 +0900] "GET / HTTP/1.1" 200 39350 "https://thestylishname.com/" "Mozilla/5.0 (Linux; Android 10; K) AppleWebKit/537.36 (KHTML, like Gecko) Chrome/151.0.0.0 Mobile Safari/537.36"
2401:4900:62dc:c88d:c940:ecee:d672:6083 - - [24/Aug/2026:23:55:21 +0900] "GET /wp-content/uploads/2025/07/bg-image.webp HTTP/1.1" 404 24524 "https://thestylishname.com/" "Mozilla/5.0 (Linux; Android 10; K) AppleWebKit/537.36 (KHTML, like Gecko) Chrome/151.0.0.0 Mobile Safari/537.36"
2401:4900:62dc:c88d:c940:ecee:d672:6083 - - [24/Aug/2026:23:55:22 +0900] "GET /wp-content/uploads/2025/07/bg-image.webp HTTP/1.1" 404 23033 "https://thestylishname.com/" "Mozilla/5.0 (Linux; Android 10; K) AppleWebKit/537.36 (KHTML, like Gecko) Chrome/151.0.0.0 Mobile Safari/537.36"
172.233.79.144 - - [24/Aug/2026:23:59:00 +0900] "POST /wp-cron.php?doing_wp_cron=1787583540.8719859123229980468750 HTTP/1.1" 200 20 "-" "WordPress/7.0; https://thestylishname.com"
167.172.99.200 - - [24/Aug/2026:23:58:59 +0900] "GET /ads.txt HTTP/1.1" 200 78 "-" "Mozilla/5.0 (Windows NT 10.0; Win64; x64) AppleWebKit/537.36 (KHTML, like Gecko) Chrome/131.0.0.0 Safari/537.36"
167.172.99.200 - - [25/Aug/2026:00:01:07 +0900] "GET / HTTP/1.1" 200 40704 "-" "Mozilla/5.0 (Windows NT 10.0; Win64; x64) AppleWebKit/537.36 (KHTML, like Gecko) Chrome/131.0.0.0 Safari/537.36"
172.233.79.144 - - [25/Aug/2026:00:01:09 +0900] "POST /wp-cron.php?doing_wp_cron=1787583669.1893150806427001953125 HTTP/1.1" 200 20 "-" "WordPress/7.0; https://thestylishname.com"
167.172.99.200 - - [25/Aug/2026:00:01:07 +0900] "GET /sitemap.xml HTTP/1.1" 301 20 "-" "Mozilla/5.0 (Windows NT 10.0; Win64; x64) AppleWebKit/537.36 (KHTML, like Gecko) Chrome/131.0.0.0 Safari/537.36"
167.172.99.200 - - [25/Aug/2026:00:01:09 +0900] "GET /sitemap_index.xml HTTP/1.1" 200 318 "-" "Mozilla/5.0 (Windows NT 10.0; Win64; x64) AppleWebKit/537.36 (KHTML, like Gecko) Chrome/131.0.0.0 Safari/537.36"
167.172.99.200 - - [25/Aug/2026:00:01:11 +0900] "GET /post-sitemap.xml HTTP/1.1" 200 3795 "-" "Mozilla/5.0 (Windows NT 10.0; Win64; x64) AppleWebKit/537.36 (KHTML, like Gecko) Chrome/131.0.0.0 Safari/537.36"
167.172.99.200 - - [25/Aug/2026:00:01:12 +0900] "GET /page-sitemap.xml HTTP/1.1" 200 3700 "-" "Mozilla/5.0 (Windows NT 10.0; Win64; x64) AppleWebKit/537.36 (KHTML, like Gecko) Chrome/131.0.0.0 Safari/537.36"
167.172.99.200 - - [25/Aug/2026:00:01:13 +0900] "GET /category-sitemap.xml HTTP/1.1" 200 362 "-" "Mozilla/5.0 (Windows NT 10.0; Win64; x64) AppleWebKit/537.36 (KHTML, like Gecko) Chrome/131.0.0.0 Safari/537.36"
167.172.99.200 - - [25/Aug/2026:00:01:15 +0900] "GET /2026-betting-predictions/ HTTP/1.1" 200 36725 "-" "Mozilla/5.0 (Windows NT 10.0; Win64; x64) AppleWebKit/537.36 (KHTML, like Gecko) Chrome/131.0.0.0 Safari/537.36"
167.172.99.200 - - [25/Aug/2026:00:01:15 +0900] "GET /casino-go88/ HTTP/1.1" 200 37120 "-" "Mozilla/5.0 (Windows NT 10.0; Win64; x64) AppleWebKit/537.36 (KHTML, like Gecko) Chrome/131.0.0.0 Safari/537.36"
172.233.79.144 - - [25/Aug/2026:00:02:30 +0900] "POST /wp-cron.php?doing_wp_cron=1787583750.2370939254760742187500 HTTP/1.1" 200 20 "-" "WordPress/7.0; https://thestylishname.com"
68.67.112.120 - - [25/Aug/2026:00:02:30 +0900] "GET /thestylishname.com/ban-ca-onbet/ HTTP/1.1" 301 20 "-" "Mozilla/5.0 AppleWebKit/537.36 (KHTML, like Gecko; compatible; YouBot/1.0; +https://docs.you.com/youbot; env:prod) Chrome/142.0.0.0 Safari/537.36"
68.67.112.120 - - [25/Aug/2026:00:02:31 +0900] "GET /ban-ca-onbet/ HTTP/1.1" 200 37468 "-" "Mozilla/5.0 AppleWebKit/537.36 (KHTML, like Gecko; compatible; YouBot/1.0; +https://docs.you.com/youbot; env:prod) Chrome/142.0.0.0 Safari/537.36"
172.233.79.144 - - [25/Aug/2026:00:07:05 +0900] "POST /wp-cron.php?doing_wp_cron=1787584025.4476449489593505859375 HTTP/1.1" 200 20 "-" "WordPress/7.0; https://thestylishname.com"
142.0.197.220 - - [25/Aug/2026:00:07:05 +0900] "GET /ads.txt HTTP/1.1" 200 78 "-" "Mozilla/5.0 (X11; Linux x86_64) AppleWebKit/537.36 (KHTML, like Gecko)Chrome/80.0.3987.163 Safari/537.36"
51.89.38.140 - - [25/Aug/2026:00:09:48 +0900] "GET /top-5-players-with-the-most-titles/ HTTP/1.1" 200 35749 "-" "Mozilla/5.0 (compatible; AhrefsBot/7.0; +http://ahrefs.com/robot/)"
66.249.68.131 - - [25/Aug/2026:00:17:02 +0900] "GET / HTTP/1.1" 200 40704 "-" "Mozilla/5.0 (Linux; Android 6.0.1; Nexus 5X Build/MMB29P) AppleWebKit/537.36 (KHTML, like Gecko) Chrome/151.0.7922.137 Mobile Safari/537.36 (compatible; Googlebot/2.1; +http://www.google.com/bot.html)"
66.249.68.131 - - [25/Aug/2026:00:18:25 +0900] "GET /wp-content/litespeed/css/f8ac3036262bf008eaacd1847f56b2a3.css?ver=61491 HTTP/1.1" 200 27174 "https://thestylishname.com/" "Mozilla/5.0 (Linux; Android 6.0.1; Nexus 5X Build/MMB29P) AppleWebKit/537.36 (KHTML, like Gecko) Chrome/151.0.7922.137 Mobile Safari/537.36 (compatible; Googlebot/2.1; +http://www.google.com/bot.html)"
117.20.113.20 - - [25/Aug/2026:00:20:57 +0900] "GET / HTTP/1.1" 200 40704 "-" "Mozilla/5.0 (iPhone; CPU iPhone OS 18_7 like Mac OS X) AppleWebKit/605.1.15 (KHTML, like Gecko) Version/26.4 Mobile/15E148 Safari/604.1"
117.20.113.20 - - [25/Aug/2026:00:20:57 +0900] "GET /wp-content/uploads/2025/07/bg-image.webp HTTP/1.1" 404 24524 "https://thestylishname.com/" "Mozilla/5.0 (iPhone; CPU iPhone OS 18_7 like Mac OS X) AppleWebKit/605.1.15 (KHTML, like Gecko) Version/26.4 Mobile/15E148 Safari/604.1"
117.20.113.20 - - [25/Aug/2026:00:20:57 +0900] "POST /wp-content/plugins/litespeed-cache/guest.vary.php HTTP/1.1" 200 36 "https://thestylishname.com/" "Mozilla/5.0 (iPhone; CPU iPhone OS 18_7 like Mac OS X) AppleWebKit/605.1.15 (KHTML, like Gecko) Version/26.4 Mobile/15E148 Safari/604.1"
117.20.113.20 - - [25/Aug/2026:00:20:58 +0900] "GET / HTTP/1.1" 200 39350 "https://thestylishname.com/" "Mozilla/5.0 (iPhone; CPU iPhone OS 18_7 like Mac OS X) AppleWebKit/605.1.15 (KHTML, like Gecko) Version/26.4 Mobile/15E148 Safari/604.1"
117.20.113.20 - - [25/Aug/2026:00:20:58 +0900] "GET /wp-content/uploads/2025/07/bg-image.webp HTTP/1.1" 404 23033 "https://thestylishname.com/" "Mozilla/5.0 (iPhone; CPU iPhone OS 18_7 like Mac OS X) AppleWebKit/605.1.15 (KHTML, like Gecko) Version/26.4 Mobile/15E148 Safari/604.1"
117.20.113.20 - - [25/Aug/2026:00:21:02 +0900] "GET /favicon.ico HTTP/1.1" 404 1251 "-" "NetworkingExtension/8624.1.16.10.6 Network/5812.102.3 iOS/26.4"
117.20.113.20 - - [25/Aug/2026:00:21:02 +0900] "GET /wp-content/uploads/2026/01/cropped-stripped-stylish-name-logo-32x32.jpg HTTP/1.1" 200 1629 "-" "NetworkingExtension/8624.1.16.10.6 Network/5812.102.3 iOS/26.4"
172.233.79.144 - - [25/Aug/2026:00:21:06 +0900] "POST /wp-cron.php?doing_wp_cron=1787584866.4610350131988525390625 HTTP/1.1" 200 20 "-" "WordPress/7.0; https://thestylishname.com"
117.20.113.20 - - [25/Aug/2026:00:21:02 +0900] "GET /apple-touch-icon.png HTTP/1.1" 404 24418 "-" "NetworkingExtension/8624.1.16.10.6 Network/5812.102.3 iOS/26.4"
172.233.79.144 - - [25/Aug/2026:00:21:06 +0900] "POST /wp-cron.php?doing_wp_cron=1787584866.4610350131988525390625 HTTP/1.1" 200 20 "-" "WordPress/7.0; https://thestylishname.com"
117.20.113.20 - - [25/Aug/2026:00:21:02 +0900] "GET /apple-touch-icon-precomposed.png HTTP/1.1" 404 24446 "-" "NetworkingExtension/8624.1.16.10.6 Network/5812.102.3 iOS/26.4"
159.89.224.69 - - [25/Aug/2026:00:24:49 +0900] "GET /wp-content/uploads/2026/03/image-15.jpeg HTTP/1.1" 200 112883 "https://thestylishname.com/" "Mozilla/5.0 (Windows NT 10.0; Win64; x64) AppleWebKit/537.36 (KHTML, like Gecko) Chrome/131.0.0.0 Safari/537.36"
185.191.171.4 - - [25/Aug/2026:00:26:51 +0900] "GET /casino-hitclub/ HTTP/1.1" 200 30957 "-" "Mozilla/5.0 (compatible; SemrushBot/7~bl; +http://www.semrush.com/bot.html)"
157.230.94.175 - - [25/Aug/2026:00:29:58 +0900] "GET /wp-content/uploads/2026/04/image-65.jpeg HTTP/1.1" 200 195758 "https://thestylishname.com/" "Mozilla/5.0 (Windows NT 10.0; Win64; x64) AppleWebKit/537.36 (KHTML, like Gecko) Chrome/120.0.0.0 Safari/537.36"
172.233.79.144 - - [25/Aug/2026:00:32:39 +0900] "POST /wp-cron.php?doing_wp_cron=1787585559.1887009143829345703125 HTTP/1.1" 200 20 "-" "WordPress/7.0; https://thestylishname.com"
172.233.79.144 - - [25/Aug/2026:00:32:39 +0900] "POST /wp-cron.php?doing_wp_cron=1787585559.1887009143829345703125 HTTP/1.1" 200 20 "-" "WordPress/7.0; https://thestylishname.com"
64.233.173.38 - - [25/Aug/2026:00:32:36 +0900] "GET /.well-known/assetlinks.json HTTP/1.1" 404 24418 "-" "GoogleAssociationService"
64.233.173.40 - - [25/Aug/2026:00:32:36 +0900] "GET /.well-known/assetlinks.json HTTP/1.1" 404 24446 "-" "GoogleAssociationService"
13.56.193.22 - - [25/Aug/2026:00:34:02 +0900] "GET / HTTP/1.1" 200 40706 "-" "Mozilla/5.0 (Windows NT 10.0; Win64; x64) AppleWebKit/537.36 (KHTML, like Gecko) Chrome/120.0.0.0 Safari/537.36"
64.233.173.40 - - [25/Aug/2026:00:34:28 +0900] "GET /.well-known/assetlinks.json HTTP/1.1" 404 24527 "-" "GoogleAssociationService"
64.233.173.38 - - [25/Aug/2026:00:34:28 +0900] "GET /.well-known/assetlinks.json HTTP/1.1" 404 24527 "-" "GoogleAssociationService"
172.233.79.144 - - [25/Aug/2026:00:39:20 +0900] "POST /wp-cron.php?doing_wp_cron=1787585960.2312619686126708984375 HTTP/1.1" 200 20 "-" "WordPress/7.0; https://thestylishname.com"
3.15.162.147 - - [25/Aug/2026:00:39:17 +0900] "POST /wp-json/batch/v1 HTTP/1.1" 207 36 "-" "Mozilla/5.0 (Macintosh; Intel Mac OS X 10_15_7) AppleWebKit/537.36 (KHTML, like Gecko) Chrome/121.0.6167.85 Safari/537.36"
66.249.68.135 - - [25/Aug/2026:00:39:54 +0900] "GET /wp-content/uploads/2025/12/How-to-use-stylish-name-generator.webp HTTP/1.1" 200 82804 "-" "Googlebot-Image/1.0"
44.221.105.234 - - [25/Aug/2026:00:40:33 +0900] "GET /wp-json/oembed/1.0/embed?url=https://thestylishname.com/nowgoal-cung-cap/ HTTP/1.1" 403 1242 "-" "Mozilla/5.0 AppleWebKit/537.36 (KHTML, like Gecko; compatible; Amazonbot/0.1; +https://developer.amazon.com/support/amazonbot) Chrome/119.0.6045.214 Safari/537.36"
172.233.79.144 - - [25/Aug/2026:00:42:50 +0900] "POST /wp-cron.php?doing_wp_cron=1787586170.8276619911193847656250 HTTP/1.1" 200 20 "-" "WordPress/7.0; https://thestylishname.com"
149.19.169.99 - - [25/Aug/2026:00:42:50 +0900] "GET /author/admin/page/10/ HTTP/1.1" 200 29415 "https://thestylishname.com" "Mozilla/5.0 (Windows NT 10.0; Win64; x64) AppleWebKit/537.36 (KHTML, like Gecko) Chrome/142.0.0.0 Safari/537.36"
85.208.96.194 - - [25/Aug/2026:00:45:40 +0900] "GET /dang-nhap-8kbet/ HTTP/1.1" 200 30193 "-" "Mozilla/5.0 (compatible; SemrushBot/7~bl; +http://www.semrush.com/bot.html)"
64.93.11.103 - - [25/Aug/2026:00:47:20 +0900] "GET /wp-content/uploads/2026/04/image-71.jpeg HTTP/1.1" 200 150368 "https://thestylishname.com/sic-bo-tips-to/" "Mozilla/5.0 (Macintosh; Intel Mac OS X 10_15_7) AppleWebKit/537.36 (KHTML, like Gecko) Chrome/131.0.0.0 Safari/537.36"
82.167.158.40 - - [25/Aug/2026:00:48:40 +0900] "GET / HTTP/1.1" 200 40704 "https://www.google.com/" "Mozilla/5.0 (Linux; Android 10; K) AppleWebKit/537.36 (KHTML, like Gecko) Chrome/151.0.0.0 Mobile Safari/537.36"
82.167.158.40 - - [25/Aug/2026:00:48:45 +0900] "GET /wp-content/litespeed/css/f8ac3036262bf008eaacd1847f56b2a3.css?ver=61491 HTTP/1.1" 200 27174 "-" "Mozilla/5.0 (Linux; Android 10; K) AppleWebKit/537.36 (KHTML, like Gecko) Chrome/151.0.0.0 Mobile Safari/537.36"
172.233.79.144 - - [25/Aug/2026:00:48:52 +0900] "POST /wp-cron.php?doing_wp_cron=1787586532.2016348838806152343750 HTTP/1.1" 200 20 "-" "WordPress/7.0; https://thestylishname.com"
82.167.158.40 - - [25/Aug/2026:00:48:51 +0900] "GET /wp-content/uploads/2025/07/bg-image.webp HTTP/1.1" 404 24446 "https://thestylishname.com/" "Mozilla/5.0 (Linux; Android 10; K) AppleWebKit/537.36 (KHTML, like Gecko) Chrome/151.0.0.0 Mobile Safari/537.36"
82.167.158.40 - - [25/Aug/2026:00:48:52 +0900] "POST /wp-content/plugins/litespeed-cache/guest.vary.php HTTP/1.1" 200 36 "https://thestylishname.com/" "Mozilla/5.0 (Linux; Android 10; K) AppleWebKit/537.36 (KHTML, like Gecko) Chrome/151.0.0.0 Mobile Safari/537.36"
98.86.219.249 - - [25/Aug/2026:00:48:53 +0900] "GET /robots.txt HTTP/1.1" 304 0 "-" "Mozilla/5.0 AppleWebKit (KHTML, like Gecko) Chrome Safari"
98.87.159.210 - - [25/Aug/2026:00:48:54 +0900] "GET / HTTP/1.1" 200 40704 "-" "Mozilla/5.0 (compatible; proximic; +https://www.comscore.com/Web-Crawler)"
82.167.158.40 - - [25/Aug/2026:00:48:56 +0900] "GET /wp-content/litespeed/js/4401696964375974e045215a6f304a63.js?ver=61491 HTTP/1.1" 200 9492 "https://thestylishname.com/" "Mozilla/5.0 (Linux; Android 10; K) AppleWebKit/537.36 (KHTML, like Gecko) Chrome/151.0.0.0 Mobile Safari/537.36"
2a00:f28:ff08:bfa6:c635:e6df:94dc:2b40 - - [25/Aug/2026:00:50:12 +0900] "GET / HTTP/1.1" 200 39350 "https://thestylishname.com/" "Mozilla/5.0 (Linux; Android 10; K) AppleWebKit/537.36 (KHTML, like Gecko) Chrome/151.0.0.0 Mobile Safari/537.36"
172.233.79.144 - - [25/Aug/2026:00:50:16 +0900] "POST /wp-cron.php?doing_wp_cron=1787586616.6920650005340576171875 HTTP/1.1" 200 20 "-" "WordPress/7.0; https://thestylishname.com"
2a00:f28:ff08:bfa6:c635:e6df:94dc:2b40 - - [25/Aug/2026:00:50:15 +0900] "GET /wp-content/uploads/2025/07/bg-image.webp HTTP/1.1" 404 22801 "https://thestylishname.com/" "Mozilla/5.0 (Linux; Android 10; K) AppleWebKit/537.36 (KHTML, like Gecko) Chrome/151.0.0.0 Mobile Safari/537.36"
212.237.119.143 - - [25/Aug/2026:00:56:42 +0900] "GET / HTTP/1.1" 200 39350 "-" "Mozilla/5.0 (iPhone; CPU iPhone OS 18_7 like Mac OS X) AppleWebKit/605.1.15 (KHTML, like Gecko) Version/26.5.2 Mobile/15E148 Safari/604.1"
212.237.119.143 - - [25/Aug/2026:00:56:44 +0900] "GET /wp-content/uploads/2025/07/bg-image.webp HTTP/1.1" 404 23033 "https://thestylishname.com/" "Mozilla/5.0 (iPhone; CPU iPhone OS 18_7 like Mac OS X) AppleWebKit/605.1.15 (KHTML, like Gecko) Version/26.5.2 Mobile/15E148 Safari/604.1"
172.233.79.144 - - [25/Aug/2026:01:03:39 +0900] "POST /wp-cron.php?doing_wp_cron=1787587419.6010329723358154296875 HTTP/1.1" 200 20 "-" "WordPress/7.0; https://thestylishname.com"
104.167.19.36 - - [25/Aug/2026:01:03:35 +0900] "GET / HTTP/1.1" 301 20 "-" "Mozilla/5.0 (Windows NT 10.0; Win64; x64) AppleWebKit/537.36 (KHTML, like Gecko) Chrome/58.0.3029.110 Safari/537.3"
104.167.19.36 - - [25/Aug/2026:01:03:41 +0900] "GET / HTTP/1.1" 200 40706 "https://www.thestylishname.com" "Mozilla/5.0 (Windows NT 10.0; Win64; x64) AppleWebKit/537.36 (KHTML, like Gecko) Chrome/58.0.3029.110 Safari/537.3"
104.167.19.36 - - [25/Aug/2026:01:03:44 +0900] "GET /free-fire-stylish-name-100-unique-names-complete-guide-2026/ HTTP/1.1" 301 20 "https://thestylishname.com/" "Mozilla/5.0 (Windows NT 10.0; Win64; x64) AppleWebKit/537.36 (KHTML, like Gecko) Chrome/58.0.3029.110 Safari/537.3"
104.167.19.36 - - [25/Aug/2026:01:03:46 +0900] "GET /free-fire-stylish-name-50-plus-unique-names/ HTTP/1.1" 200 37390 "https://thestylishname.com/free-fire-stylish-name-100-unique-names-complete-guide-2026/" "Mozilla/5.0 (Windows NT 10.0; Win64; x64) AppleWebKit/537.36 (KHTML, like Gecko) Chrome/58.0.3029.110 Safari/537.3"
172.233.79.144 - - [25/Aug/2026:01:04:26 +0900] "POST /wp-cron.php?doing_wp_cron=1787587465.9530661106109619140625 HTTP/1.1" 200 20 "-" "WordPress/7.0; https://thestylishname.com"
2a09:bac1:7a80:50::245:c8 - - [25/Aug/2026:01:04:24 +0900] "GET /admin HTTP/1.1" 302 20 "-" "Mozilla/5.0 (Windows NT 10.0; Win64; x64) AppleWebKit/537.36 (KHTML, like Gecko) Chrome/151.0.0.0 Safari/537.36"
2a09:bac1:7a80:50::245:c8 - - [25/Aug/2026:01:04:26 +0900] "GET /wp-admin/ HTTP/1.1" 302 20 "-" "Mozilla/5.0 (Windows NT 10.0; Win64; x64) AppleWebKit/537.36 (KHTML, like Gecko) Chrome/151.0.0.0 Safari/537.36"
2a09:bac1:7a80:50::245:c8 - - [25/Aug/2026:01:04:28 +0900] "GET /admin HTTP/1.1" 302 1 "-" "Mozilla/5.0 (Windows NT 10.0; Win64; x64) AppleWebKit/537.36 (KHTML, like Gecko) Chrome/151.0.0.0 Safari/537.36"
2a09:bac1:7a80:50::245:c8 - - [25/Aug/2026:01:04:27 +0900] "GET /wp-login.php?redirect_to=https%3A%2F%2Fthestylishname.com%2Fwp-admin%2F&reauth=1 HTTP/1.1" 200 2239 "-" "Mozilla/5.0 (Windows NT 10.0; Win64; x64) AppleWebKit/537.36 (KHTML, like Gecko) Chrome/151.0.0.0 Safari/537.36"
2a09:bac1:7a80:50::245:c8 - - [25/Aug/2026:01:04:28 +0900] "GET /wp-admin/ HTTP/1.1" 302 20 "-" "Mozilla/5.0 (Windows NT 10.0; Win64; x64) AppleWebKit/537.36 (KHTML, like Gecko) Chrome/151.0.0.0 Safari/537.36"
2a09:bac1:7a80:50::245:c8 - - [25/Aug/2026:01:04:29 +0900] "GET /wp-login.php?redirect_to=https%3A%2F%2Fthestylishname.com%2Fwp-admin%2F&reauth=1 HTTP/1.1" 200 2239 "-" "Mozilla/5.0 (Windows NT 10.0; Win64; x64) AppleWebKit/537.36 (KHTML, like Gecko) Chrome/151.0.0.0 Safari/537.36"
2a09:bac1:7a80:50::245:c8 - - [25/Aug/2026:01:04:31 +0900] "GET /wp-includes/js/clipboard.min.js?ver=2.0.11 HTTP/1.1" 200 2989 "https://thestylishname.com/wp-login.php?redirect_to=https%3A%2F%2Fthestylishname.com%2Fwp-admin%2F&reauth=1" "Mozilla/5.0 (Windows NT 10.0; Win64; x64) AppleWebKit/537.36 (KHTML, like Gecko) Chrome/151.0.0.0 Safari/537.36"
2a09:bac1:7a80:50::245:c8 - - [25/Aug/2026:01:04:31 +0900] "GET /wp-admin/css/login.min.css?ver=7.0 HTTP/1.1" 200 2019 "https://thestylishname.com/wp-login.php?redirect_to=https%3A%2F%2Fthestylishname.com%2Fwp-admin%2F&reauth=1" "Mozilla/5.0 (Windows NT 10.0; Win64; x64) AppleWebKit/537.36 (KHTML, like Gecko) Chrome/151.0.0.0 Safari/537.36"
2a09:bac1:7a80:50::245:c8 - - [25/Aug/2026:01:04:31 +0900] "GET /wp-admin/css/l10n.min.css?ver=7.0 HTTP/1.1" 200 675 "https://thestylishname.com/wp-login.php?redirect_to=https%3A%2F%2Fthestylishname.com%2Fwp-admin%2F&reauth=1" "Mozilla/5.0 (Windows NT 10.0; Win64; x64) AppleWebKit/537.36 (KHTML, like Gecko) Chrome/151.0.0.0 Safari/537.36"
2a09:bac1:7a80:50::245:c8 - - [25/Aug/2026:01:04:31 +0900] "GET /wp-includes/css/dashicons.min.css?ver=64719ef75d8204a39e55115f6ac01304 HTTP/1.1" 200 35101 "https://thestylishname.com/wp-login.php?redirect_to=https%3A%2F%2Fthestylishname.com%2Fwp-admin%2F&reauth=1" "Mozilla/5.0 (Windows NT 10.0; Win64; x64) AppleWebKit/537.36 (KHTML, like Gecko) Chrome/151.0.0.0 Safari/537.36"
2a09:bac1:7a80:50::245:c8 - - [25/Aug/2026:01:04:31 +0900] "GET /wp-includes/js/dist/i18n.min.js?ver=781d11515ad3d91786ec HTTP/1.1" 200 2330 "https://thestylishname.com/wp-login.php?redirect_to=https%3A%2F%2Fthestylishname.com%2Fwp-admin%2F&reauth=1" "Mozilla/5.0 (Windows NT 10.0; Win64; x64) AppleWebKit/537.36 (KHTML, like Gecko) Chrome/151.0.0.0 Safari/537.36"
