2a09:bac1:7a80:50::245:c8 - - [25/Aug/2026:01:05:29 +0900] "GET /wp-content/plugins/kadence-blocks-pro/dist/blocks-slider.js?ver=b24a23e416164a5641a1 HTTP/1.1" 200 79513 "https://thestylishname.com/wp-admin/post-new.php" "Mozilla/5.0 (Windows NT 10.0; Win64; x64) AppleWebKit/537.36 (KHTML, like Gecko) Chrome/151.0.0.0 Safari/537.36"
2a09:bac1:7a80:50::245:c8 - - [25/Aug/2026:01:05:29 +0900] "GET /wp-content/plugins/kadence-blocks/dist/blocks-testimonials.js?ver=6d7732b2312e040a56ec HTTP/1.1" 200 147662 "https://thestylishname.com/wp-admin/post-new.php" "Mozilla/5.0 (Windows NT 10.0; Win64; x64) AppleWebKit/537.36 (KHTML, like Gecko) Chrome/151.0.0.0 Safari/537.36"
2a09:bac1:7a80:50::245:c8 - - [25/Aug/2026:01:05:29 +0900] "GET /wp-content/plugins/kadence-blocks/dist/blocks-navigation-link.js?ver=5a16403137ea8d65b5bb HTTP/1.1" 200 43382 "https://thestylishname.com/wp-admin/post-new.php" "Mozilla/5.0 (Windows NT 10.0; Win64; x64) AppleWebKit/537.36 (KHTML, like Gecko) Chrome/151.0.0.0 Safari/537.36"
2a09:bac1:7a80:50::245:c8 - - [25/Aug/2026:01:05:29 +0900] "GET /wp-content/plugins/kadence-blocks-pro/dist/blocks.js?ver=0bdd64c5c1097bafde50 HTTP/1.1" 200 387279 "https://thestylishname.com/wp-admin/post-new.php" "Mozilla/5.0 (Windows NT 10.0; Win64; x64) AppleWebKit/537.36 (KHTML, like Gecko) Chrome/151.0.0.0 Safari/537.36"
2a09:bac1:7a80:50::245:c8 - - [25/Aug/2026:01:05:27 +0900] "POST /wp-admin/admin-ajax.php HTTP/1.1" 200 65 "https://thestylishname.com/wp-admin/post-new.php" "Mozilla/5.0 (Windows NT 10.0; Win64; x64) AppleWebKit/537.36 (KHTML, like Gecko) Chrome/151.0.0.0 Safari/537.36"
2a09:bac1:7a80:50::245:c8 - - [25/Aug/2026:01:05:29 +0900] "GET /wp-content/plugins/kadence-blocks/dist/blocks-infobox.js?ver=be708608979510f45de2 HTTP/1.1" 200 158440 "https://thestylishname.com/wp-admin/post-new.php" "Mozilla/5.0 (Windows NT 10.0; Win64; x64) AppleWebKit/537.36 (KHTML, like Gecko) Chrome/151.0.0.0 Safari/537.36"
2a09:bac1:7a80:50::245:c8 - - [25/Aug/2026:01:05:30 +0900] "GET /wp-content/plugins/kadence-blocks/dist/blocks-countup.js?ver=7f7715feafe416eb63b1 HTTP/1.1" 200 110609 "https://thestylishname.com/wp-admin/post-new.php" "Mozilla/5.0 (Windows NT 10.0; Win64; x64) AppleWebKit/537.36 (KHTML, like Gecko) Chrome/151.0.0.0 Safari/537.36"
2a09:bac1:7a80:50::245:c8 - - [25/Aug/2026:01:05:30 +0900] "GET /wp-content/plugins/kadence-blocks/dist/blocks-table.js?ver=28ba01d604518a7e30aa HTTP/1.1" 200 119727 "https://thestylishname.com/wp-admin/post-new.php" "Mozilla/5.0 (Windows NT 10.0; Win64; x64) AppleWebKit/537.36 (KHTML, like Gecko) Chrome/151.0.0.0 Safari/537.36"
2a09:bac1:7a80:50::245:c8 - - [25/Aug/2026:01:05:30 +0900] "GET /wp-content/plugins/kadence-blocks/dist/plugin-kadence-control.js?ver=b5748ce529a2e408b621 HTTP/1.1" 200 51283 "https://thestylishname.com/wp-admin/post-new.php" "Mozilla/5.0 (Windows NT 10.0; Win64; x64) AppleWebKit/537.36 (KHTML, like Gecko) Chrome/151.0.0.0 Safari/537.36"
2a09:bac1:7a80:50::245:c8 - - [25/Aug/2026:01:05:32 +0900] "GET /wp-content/plugins/kadence-blocks/dist/blocks-navigation.js?ver=63f90e3b3e60b2a302c3 HTTP/1.1" 200 161340 "https://thestylishname.com/wp-admin/post-new.php" "Mozilla/5.0 (Windows NT 10.0; Win64; x64) AppleWebKit/537.36 (KHTML, like Gecko) Chrome/151.0.0.0 Safari/537.36"
2a09:bac1:7a80:50::245:c8 - - [25/Aug/2026:01:05:39 +0900] "GET /wp-includes/js/tinymce/themes/modern/theme.min.js?wp-mce-49110-20250317 HTTP/1.1" 200 39566 "https://thestylishname.com/wp-admin/post-new.php" "Mozilla/5.0 (Windows NT 10.0; Win64; x64) AppleWebKit/537.36 (KHTML, like Gecko) Chrome/151.0.0.0 Safari/537.36"
2a09:bac1:7a80:50::245:c8 - - [25/Aug/2026:01:05:40 +0900] "GET /wp-content/uploads/2026/01/cropped-stripped-stylish-name-logo.jpg HTTP/1.1" 200 18477 "https://thestylishname.com/wp-admin/post-new.php" "Mozilla/5.0 (Windows NT 10.0; Win64; x64) AppleWebKit/537.36 (KHTML, like Gecko) Chrome/151.0.0.0 Safari/537.36"
2a09:bac1:7a80:50::245:c8 - - [25/Aug/2026:01:05:40 +0900] "GET /wp-includes/css/dist/components/style.min.css?ver=64719ef75d8204a39e55115f6ac01304 HTTP/1.1" 200 13199 "-" "Mozilla/5.0 (Windows NT 10.0; Win64; x64) AppleWebKit/537.36 (KHTML, like Gecko) Chrome/151.0.0.0 Safari/537.36"
2a09:bac1:7a80:50::245:c8 - - [25/Aug/2026:01:05:40 +0900] "GET /wp-content/plugins/seo-by-rank-math/assets/admin/fonts/Rank-Math.ttf?v1.0.94 HTTP/1.1" 200 32424 "https://thestylishname.com/wp-content/plugins/seo-by-rank-math/assets/admin/css/common.css?ver=1.0.272" "Mozilla/5.0 (Windows NT 10.0; Win64; x64) AppleWebKit/537.36 (KHTML, like Gecko) Chrome/151.0.0.0 Safari/537.36"
2a09:bac1:7a80:50::245:c8 - - [25/Aug/2026:01:05:40 +0900] "GET /wp-admin/css/common.min.css?ver=7.0 HTTP/1.1" 200 12685 "-" "Mozilla/5.0 (Windows NT 10.0; Win64; x64) AppleWebKit/537.36 (KHTML, like Gecko) Chrome/151.0.0.0 Safari/537.36"
2a09:bac1:7a80:50::245:c8 - - [25/Aug/2026:01:05:40 +0900] "GET /wp-includes/js/tinymce/plugins/colorpicker/plugin.min.js?wp-mce-49110-20250317 HTTP/1.1" 200 589 "https://thestylishname.com/wp-admin/post-new.php" "Mozilla/5.0 (Windows NT 10.0; Win64; x64) AppleWebKit/537.36 (KHTML, like Gecko) Chrome/151.0.0.0 Safari/537.36"
2a09:bac1:7a80:50::245:c8 - - [25/Aug/2026:01:05:40 +0900] "GET /wp-includes/css/dist/block-library/reset.min.css?ver=64719ef75d8204a39e55115f6ac01304 HTTP/1.1" 200 397 "-" "Mozilla/5.0 (Windows NT 10.0; Win64; x64) AppleWebKit/537.36 (KHTML, like Gecko) Chrome/151.0.0.0 Safari/537.36"
2a09:bac1:7a80:50::245:c8 - - [25/Aug/2026:01:05:40 +0900] "GET /wp-includes/css/dist/block-library/style.min.css?ver=64719ef75d8204a39e55115f6ac01304 HTTP/1.1" 200 16250 "-" "Mozilla/5.0 (Windows NT 10.0; Win64; x64) AppleWebKit/537.36 (KHTML, like Gecko) Chrome/151.0.0.0 Safari/537.36"
2a09:bac1:7a80:50::245:c8 - - [25/Aug/2026:01:05:41 +0900] "GET /wp-includes/css/dist/block-editor/content.min.css?ver=64719ef75d8204a39e55115f6ac01304 HTTP/1.1" 200 3848 "-" "Mozilla/5.0 (Windows NT 10.0; Win64; x64) AppleWebKit/537.36 (KHTML, like Gecko) Chrome/151.0.0.0 Safari/537.36"
2a09:bac1:7a80:50::245:c8 - - [25/Aug/2026:01:05:41 +0900] "GET /wp-includes/css/dist/edit-post/classic.min.css?ver=64719ef75d8204a39e55115f6ac01304 HTTP/1.1" 200 357 "-" "Mozilla/5.0 (Windows NT 10.0; Win64; x64) AppleWebKit/537.36 (KHTML, like Gecko) Chrome/151.0.0.0 Safari/537.36"
2a09:bac1:7a80:50::245:c8 - - [25/Aug/2026:01:05:41 +0900] "GET /wp-admin/load-scripts.php?c=0&load%5Bchunk_0%5D=wp-polyfill&ver=7.0 HTTP/1.1" 200 11905 "-" "Mozilla/5.0 (Windows NT 10.0; Win64; x64) AppleWebKit/537.36 (KHTML, like Gecko) Chrome/151.0.0.0 Safari/537.36"
2a09:bac1:7a80:50::245:c8 - - [25/Aug/2026:01:05:41 +0900] "GET /wp-includes/css/classic-themes.min.css?ver=64719ef75d8204a39e55115f6ac01304 HTTP/1.1" 200 164 "-" "Mozilla/5.0 (Windows NT 10.0; Win64; x64) AppleWebKit/537.36 (KHTML, like Gecko) Chrome/151.0.0.0 Safari/537.36"
2a09:bac1:7a80:50::245:c8 - - [25/Aug/2026:01:05:41 +0900] "GET /wp-includes/js/tinymce/plugins/textcolor/plugin.min.js?wp-mce-49110-20250317 HTTP/1.1" 200 1831 "https://thestylishname.com/wp-admin/post-new.php" "Mozilla/5.0 (Windows NT 10.0; Win64; x64) AppleWebKit/537.36 (KHTML, like Gecko) Chrome/151.0.0.0 Safari/537.36"
2a09:bac1:7a80:50::245:c8 - - [25/Aug/2026:01:05:41 +0900] "GET /wp-includes/js/tinymce/plugins/wplink/plugin.min.js?wp-mce-49110-20250317 HTTP/1.1" 200 3200 "https://thestylishname.com/wp-admin/post-new.php" "Mozilla/5.0 (Windows NT 10.0; Win64; x64) AppleWebKit/537.36 (KHTML, like Gecko) Chrome/151.0.0.0 Safari/537.36"
2a09:bac1:7a80:50::245:c8 - - [25/Aug/2026:01:05:41 +0900] "GET /wp-includes/js/tinymce/plugins/wpgallery/plugin.min.js?wp-mce-49110-20250317 HTTP/1.1" 200 663 "https://thestylishname.com/wp-admin/post-new.php" "Mozilla/5.0 (Windows NT 10.0; Win64; x64) AppleWebKit/537.36 (KHTML, like Gecko) Chrome/151.0.0.0 Safari/537.36"
2a09:bac1:7a80:50::245:c8 - - [25/Aug/2026:01:05:41 +0900] "GET /wp-includes/js/tinymce/plugins/wpemoji/plugin.min.js?wp-mce-49110-20250317 HTTP/1.1" 200 660 "https://thestylishname.com/wp-admin/post-new.php" "Mozilla/5.0 (Windows NT 10.0; Win64; x64) AppleWebKit/537.36 (KHTML, like Gecko) Chrome/151.0.0.0 Safari/537.36"
2a09:bac1:7a80:50::245:c8 - - [25/Aug/2026:01:05:41 +0900] "GET /wp-includes/js/tinymce/plugins/paste/plugin.min.js?wp-mce-49110-20250317 HTTP/1.1" 200 11079 "https://thestylishname.com/wp-admin/post-new.php" "Mozilla/5.0 (Windows NT 10.0; Win64; x64) AppleWebKit/537.36 (KHTML, like Gecko) Chrome/151.0.0.0 Safari/537.36"
2a09:bac1:7a80:50::245:c8 - - [25/Aug/2026:01:05:41 +0900] "GET /wp-includes/js/tinymce/plugins/wptextpattern/plugin.min.js?wp-mce-49110-20250317 HTTP/1.1" 200 1291 "https://thestylishname.com/wp-admin/post-new.php" "Mozilla/5.0 (Windows NT 10.0; Win64; x64) AppleWebKit/537.36 (KHTML, like Gecko) Chrome/151.0.0.0 Safari/537.36"
2a09:bac1:7a80:50::245:c8 - - [25/Aug/2026:01:05:41 +0900] "GET /wp-includes/js/tinymce/plugins/wordpress/plugin.min.js?wp-mce-49110-20250317 HTTP/1.1" 200 5857 "https://thestylishname.com/wp-admin/post-new.php" "Mozilla/5.0 (Windows NT 10.0; Win64; x64) AppleWebKit/537.36 (KHTML, like Gecko) Chrome/151.0.0.0 Safari/537.36"
2a09:bac1:7a80:50::245:c8 - - [25/Aug/2026:01:05:41 +0900] "GET /wp-includes/js/tinymce/plugins/wpdialogs/plugin.min.js?wp-mce-49110-20250317 HTTP/1.1" 200 575 "https://thestylishname.com/wp-admin/post-new.php" "Mozilla/5.0 (Windows NT 10.0; Win64; x64) AppleWebKit/537.36 (KHTML, like Gecko) Chrome/151.0.0.0 Safari/537.36"
2a09:bac1:7a80:50::245:c8 - - [25/Aug/2026:01:05:41 +0900] "GET /wp-includes/js/tinymce/plugins/tabfocus/plugin.min.js?wp-mce-49110-20250317 HTTP/1.1" 200 734 "https://thestylishname.com/wp-admin/post-new.php" "Mozilla/5.0 (Windows NT 10.0; Win64; x64) AppleWebKit/537.36 (KHTML, like Gecko) Chrome/151.0.0.0 Safari/537.36"
2a09:bac1:7a80:50::245:c8 - - [25/Aug/2026:01:05:41 +0900] "GET /wp-includes/js/tinymce/plugins/fullscreen/plugin.min.js?wp-mce-49110-20250317 HTTP/1.1" 200 827 "https://thestylishname.com/wp-admin/post-new.php" "Mozilla/5.0 (Windows NT 10.0; Win64; x64) AppleWebKit/537.36 (KHTML, like Gecko) Chrome/151.0.0.0 Safari/537.36"
2a09:bac1:7a80:50::245:c8 - - [25/Aug/2026:01:05:41 +0900] "GET /wp-includes/js/tinymce/plugins/wpautoresize/plugin.min.js?wp-mce-49110-20250317 HTTP/1.1" 200 804 "https://thestylishname.com/wp-admin/post-new.php" "Mozilla/5.0 (Windows NT 10.0; Win64; x64) AppleWebKit/537.36 (KHTML, like Gecko) Chrome/151.0.0.0 Safari/537.36"
2a09:bac1:7a80:50::245:c8 - - [25/Aug/2026:01:05:41 +0900] "GET /wp-includes/css/dist/block-library/editor.min.css?ver=64719ef75d8204a39e55115f6ac01304 HTTP/1.1" 200 9738 "-" "Mozilla/5.0 (Windows NT 10.0; Win64; x64) AppleWebKit/537.36 (KHTML, like Gecko) Chrome/151.0.0.0 Safari/537.36"
2a09:bac1:7a80:50::245:c8 - - [25/Aug/2026:01:05:41 +0900] "GET /wp-includes/js/tinymce/plugins/wpeditimage/plugin.min.js?wp-mce-49110-20250317 HTTP/1.1" 200 4218 "https://thestylishname.com/wp-admin/post-new.php" "Mozilla/5.0 (Windows NT 10.0; Win64; x64) AppleWebKit/537.36 (KHTML, like Gecko) Chrome/151.0.0.0 Safari/537.36"
2a09:bac1:7a80:50::245:c8 - - [25/Aug/2026:01:05:41 +0900] "GET /wp-includes/js/tinymce/plugins/lists/plugin.min.js?wp-mce-49110-20250317 HTTP/1.1" 200 8810 "https://thestylishname.com/wp-admin/post-new.php" "Mozilla/5.0 (Windows NT 10.0; Win64; x64) AppleWebKit/537.36 (KHTML, like Gecko) Chrome/151.0.0.0 Safari/537.36"
2a09:bac1:7a80:50::245:c8 - - [25/Aug/2026:01:05:42 +0900] "GET /wp-includes/js/tinymce/plugins/media/plugin.min.js?wp-mce-49110-20250317 HTTP/1.1" 200 5650 "https://thestylishname.com/wp-admin/post-new.php" "Mozilla/5.0 (Windows NT 10.0; Win64; x64) AppleWebKit/537.36 (KHTML, like Gecko) Chrome/151.0.0.0 Safari/537.36"
2a09:bac1:7a80:50::245:c8 - - [25/Aug/2026:01:05:42 +0900] "GET /wp-includes/js/tinymce/plugins/wpview/plugin.min.js?wp-mce-49110-20250317 HTTP/1.1" 200 1146 "https://thestylishname.com/wp-admin/post-new.php" "Mozilla/5.0 (Windows NT 10.0; Win64; x64) AppleWebKit/537.36 (KHTML, like Gecko) Chrome/151.0.0.0 Safari/537.36"
2a09:bac1:7a80:50::245:c8 - - [25/Aug/2026:01:05:42 +0900] "GET /wp-includes/js/tinymce/plugins/charmap/plugin.min.js?wp-mce-49110-20250317 HTTP/1.1" 200 3017 "https://thestylishname.com/wp-admin/post-new.php" "Mozilla/5.0 (Windows NT 10.0; Win64; x64) AppleWebKit/537.36 (KHTML, like Gecko) Chrome/151.0.0.0 Safari/537.36"
2a09:bac1:7a80:50::245:c8 - - [25/Aug/2026:01:05:43 +0900] "GET /wp-includes/js/tinymce/plugins/hr/plugin.min.js?wp-mce-49110-20250317 HTTP/1.1" 200 231 "https://thestylishname.com/wp-admin/post-new.php" "Mozilla/5.0 (Windows NT 10.0; Win64; x64) AppleWebKit/537.36 (KHTML, like Gecko) Chrome/151.0.0.0 Safari/537.36"
2a09:bac1:7a80:50::245:c8 - - [25/Aug/2026:01:05:43 +0900] "GET /wp-includes/js/tinymce/skins/lightgray/skin.min.css?wp-mce-49110-20250317 HTTP/1.1" 200 8110 "https://thestylishname.com/wp-admin/post-new.php" "Mozilla/5.0 (Windows NT 10.0; Win64; x64) AppleWebKit/537.36 (KHTML, like Gecko) Chrome/151.0.0.0 Safari/537.36"
2a09:bac1:7a80:50::245:c8 - - [25/Aug/2026:01:05:43 +0900] "GET /wp-includes/js/tinymce/skins/lightgray/content.min.css?wp-mce-49110-20250317 HTTP/1.1" 200 1162 "https://thestylishname.com/wp-admin/post-new.php" "Mozilla/5.0 (Windows NT 10.0; Win64; x64) AppleWebKit/537.36 (KHTML, like Gecko) Chrome/151.0.0.0 Safari/537.36"
2a09:bac1:7a80:50::245:c8 - - [25/Aug/2026:01:05:43 +0900] "GET /wp-content/themes/kadence/assets/css/editor/editor-styles.min.css?wp-mce-49110-20250317 HTTP/1.1" 200 7229 "https://thestylishname.com/wp-admin/post-new.php" "Mozilla/5.0 (Windows NT 10.0; Win64; x64) AppleWebKit/537.36 (KHTML, like Gecko) Chrome/151.0.0.0 Safari/537.36"
2a09:bac1:7a80:50::245:c8 - - [25/Aug/2026:01:05:44 +0900] "GET /wp-includes/css/dashicons.min.css?ver=7.0&wp-mce-49110-20250317 HTTP/1.1" 200 35101 "https://thestylishname.com/wp-admin/post-new.php" "Mozilla/5.0 (Windows NT 10.0; Win64; x64) AppleWebKit/537.36 (KHTML, like Gecko) Chrome/151.0.0.0 Safari/537.36"
2a09:bac1:7a80:50::245:c8 - - [25/Aug/2026:01:05:46 +0900] "GET /wp-includes/js/tinymce/skins/wordpress/wp-content.css?ver=7.0&wp-mce-49110-20250317 HTTP/1.1" 200 2416 "https://thestylishname.com/wp-admin/post-new.php" "Mozilla/5.0 (Windows NT 10.0; Win64; x64) AppleWebKit/537.36 (KHTML, like Gecko) Chrome/151.0.0.0 Safari/537.36"
2a09:bac1:7a80:50::245:c8 - - [25/Aug/2026:01:05:40 +0900] "OPTIONS /wp-json/wp/v2/settings?_locale=user HTTP/1.1" 200 1884 "https://thestylishname.com/wp-admin/post-new.php" "Mozilla/5.0 (Windows NT 10.0; Win64; x64) AppleWebKit/537.36 (KHTML, like Gecko) Chrome/151.0.0.0 Safari/537.36"
2a09:bac1:7a80:50::245:c8 - - [25/Aug/2026:01:05:40 +0900] "GET /wp-json/wp/v2/taxonomies?context=edit&_locale=user HTTP/1.1" 200 1444 "https://thestylishname.com/wp-admin/post-new.php" "Mozilla/5.0 (Windows NT 10.0; Win64; x64) AppleWebKit/537.36 (KHTML, like Gecko) Chrome/151.0.0.0 Safari/537.36"
2a09:bac1:7a80:50::245:c8 - - [25/Aug/2026:01:05:40 +0900] "GET /wp-json/wp/v2/users/1?context=view&_fields=id%2Cname&_locale=user HTTP/1.1" 200 43 "https://thestylishname.com/wp-admin/post-new.php" "Mozilla/5.0 (Windows NT 10.0; Win64; x64) AppleWebKit/537.36 (KHTML, like Gecko) Chrome/151.0.0.0 Safari/537.36"
2a09:bac1:7a80:50::245:c8 - - [25/Aug/2026:01:05:40 +0900] "GET /wp-json/wp/v2/taxonomies?context=edit&per_page=100&_locale=user HTTP/1.1" 200 1444 "https://thestylishname.com/wp-admin/post-new.php" "Mozilla/5.0 (Windows NT 10.0; Win64; x64) AppleWebKit/537.36 (KHTML, like Gecko) Chrome/151.0.0.0 Safari/537.36"
2a09:bac1:7a80:50::245:c8 - - [25/Aug/2026:01:05:40 +0900] "OPTIONS /wp-json/wp/v2/posts?_locale=user HTTP/1.1" 200 2839 "https://thestylishname.com/wp-admin/post-new.php" "Mozilla/5.0 (Windows NT 10.0; Win64; x64) AppleWebKit/537.36 (KHTML, like Gecko) Chrome/151.0.0.0 Safari/537.36"
2a09:bac1:7a80:50::245:c8 - - [25/Aug/2026:01:05:40 +0900] "GET /wp-json/wp/v2/comments?context=edit&post=1847&type=note&status=all&per_page=100&_locale=user HTTP/1.1" 200 22 "https://thestylishname.com/wp-admin/post-new.php" "Mozilla/5.0 (Windows NT 10.0; Win64; x64) AppleWebKit/537.36 (KHTML, like Gecko) Chrome/151.0.0.0 Safari/537.36"
2a09:bac1:7a80:50::245:c8 - - [25/Aug/2026:01:05:40 +0900] "GET /wp-json/wp/v2/blocks?context=edit&per_page=100&page=1&_locale=user HTTP/1.1" 200 22 "https://thestylishname.com/wp-admin/post-new.php" "Mozilla/5.0 (Windows NT 10.0; Win64; x64) AppleWebKit/537.36 (KHTML, like Gecko) Chrome/151.0.0.0 Safari/537.36"
2a09:bac1:7a80:50::245:c8 - - [25/Aug/2026:01:05:40 +0900] "GET /wp-json/wp/v2/wp_pattern_category?context=view&per_page=100&_fields=id%2Cname%2Cdescription%2Cslug&_locale=user HTTP/1.1" 200 22 "https://thestylishname.com/wp-admin/post-new.php" "Mozilla/5.0 (Windows NT 10.0; Win64; x64) AppleWebKit/537.36 (KHTML, like Gecko) Chrome/151.0.0.0 Safari/537.36"
2a09:bac1:7a80:50::245:c8 - - [25/Aug/2026:01:05:40 +0900] "GET /wp-json/wp/v2/block-patterns/patterns?_locale=user HTTP/1.1" 200 19400 "https://thestylishname.com/wp-admin/post-new.php" "Mozilla/5.0 (Windows NT 10.0; Win64; x64) AppleWebKit/537.36 (KHTML, like Gecko) Chrome/151.0.0.0 Safari/537.36"
2a09:bac1:7a80:50::245:c8 - - [25/Aug/2026:01:05:47 +0900] "GET /wp-json/wp/v2/templates/lookup?slug=single-post&_locale=user HTTP/1.1" 200 22 "https://thestylishname.com/wp-admin/post-new.php" "Mozilla/5.0 (Windows NT 10.0; Win64; x64) AppleWebKit/537.36 (KHTML, like Gecko) Chrome/151.0.0.0 Safari/537.36"
2a09:bac1:7a80:50::245:c8 - - [25/Aug/2026:01:05:47 +0900] "GET /wp-json/wp/v2/categories?per_page=100&orderby=count&order=desc&_fields=id%2Cname&_locale=user HTTP/1.1" 200 45 "https://thestylishname.com/wp-admin/post-new.php" "Mozilla/5.0 (Windows NT 10.0; Win64; x64) AppleWebKit/537.36 (KHTML, like Gecko) Chrome/151.0.0.0 Safari/537.36"
2a09:bac1:7a80:50::245:c8 - - [25/Aug/2026:01:05:47 +0900] "GET /wp-json/wp/v2/categories?context=view&per_page=100&orderby=name&order=asc&_fields=id%2Cname%2Cparent&page=1&_locale=user HTTP/1.1" 200 56 "https://thestylishname.com/wp-admin/post-new.php" "Mozilla/5.0 (Windows NT 10.0; Win64; x64) AppleWebKit/537.36 (KHTML, like Gecko) Chrome/151.0.0.0 Safari/537.36"
2a09:bac1:7a80:50::245:c8 - - [25/Aug/2026:01:05:47 +0900] "GET /wp-json/wp/v2/taxonomies/category?context=edit&_locale=user HTTP/1.1" 200 893 "https://thestylishname.com/wp-admin/post-new.php" "Mozilla/5.0 (Windows NT 10.0; Win64; x64) AppleWebKit/537.36 (KHTML, like Gecko) Chrome/151.0.0.0 Safari/537.36"
2a09:bac1:7a80:50::245:c8 - - [25/Aug/2026:01:05:50 +0900] "POST /wp-admin/admin-ajax.php HTTP/1.1" 200 100 "https://thestylishname.com/wp-admin/post-new.php" "Mozilla/5.0 (Windows NT 10.0; Win64; x64) AppleWebKit/537.36 (KHTML, like Gecko) Chrome/151.0.0.0 Safari/537.36"
2a09:bac1:7a80:50::245:c8 - - [25/Aug/2026:01:06:00 +0900] "GET /wp-includes/js/dist/script-modules/latex-to-mathml/index.min.js?ver=e5fd3ae6d2c3b6e669da HTTP/1.1" 200 53728 "https://thestylishname.com/wp-includes/js/dist/format-library.min.js?ver=f89be9586f2d9ce4545a" "Mozilla/5.0 (Windows NT 10.0; Win64; x64) AppleWebKit/537.36 (KHTML, like Gecko) Chrome/151.0.0.0 Safari/537.36"
2a09:bac1:7a80:50::245:c8 - - [25/Aug/2026:01:06:00 +0900] "POST /wp-admin/admin-ajax.php HTTP/1.1" 200 100 "https://thestylishname.com/wp-admin/post-new.php" "Mozilla/5.0 (Windows NT 10.0; Win64; x64) AppleWebKit/537.36 (KHTML, like Gecko) Chrome/151.0.0.0 Safari/537.36"
2a09:bac1:7a80:50::245:c8 - - [25/Aug/2026:01:06:00 +0900] "OPTIONS /wp-json/wp/v2/posts/?context=edit&_locale=user HTTP/1.1" 200 2839 "https://thestylishname.com/wp-admin/post-new.php" "Mozilla/5.0 (Windows NT 10.0; Win64; x64) AppleWebKit/537.36 (KHTML, like Gecko) Chrome/151.0.0.0 Safari/537.36"
2a09:bac1:7a80:50::245:c8 - - [25/Aug/2026:01:06:11 +0900] "POST /wp-admin/admin-ajax.php HTTP/1.1" 200 100 "https://thestylishname.com/wp-admin/post-new.php" "Mozilla/5.0 (Windows NT 10.0; Win64; x64) AppleWebKit/537.36 (KHTML, like Gecko) Chrome/151.0.0.0 Safari/537.36"
2a09:bac1:7a80:50::245:c8 - - [25/Aug/2026:01:06:18 +0900] "GET /wp-content/uploads/2026/01/cropped-stripped-stylish-name-logo-32x32.jpg HTTP/1.1" 200 1629 "https://thestylishname.com/wp-admin/post-new.php" "Mozilla/5.0 (Windows NT 10.0; Win64; x64) AppleWebKit/537.36 (KHTML, like Gecko) Chrome/151.0.0.0 Safari/537.36"
172.233.79.144 - - [25/Aug/2026:01:06:20 +0900] "POST /wp-cron.php?doing_wp_cron=1787587580.7444279193878173828125 HTTP/1.1" 200 20 "-" "WordPress/7.0; https://thestylishname.com"
2a09:bac1:7a80:50::245:c8 - - [25/Aug/2026:01:06:19 +0900] "GET /wp-admin/admin-ajax.php?keyword=xoc%20dia&action=rank_math_is_keyword_new&security=f1c30191a5&objectID=1847&objectType=post HTTP/1.1" 200 44 "https://thestylishname.com/wp-admin/post-new.php" "Mozilla/5.0 (Windows NT 10.0; Win64; x64) AppleWebKit/537.36 (KHTML, like Gecko) Chrome/151.0.0.0 Safari/537.36"
2a09:bac1:7a80:50::245:c8 - - [25/Aug/2026:01:06:19 +0900] "GET /wp-json/wp/v2/categories?per_page=100&orderby=count&order=desc&_fields=id%2Cname&_locale=user HTTP/1.1" 200 45 "https://thestylishname.com/wp-admin/post-new.php" "Mozilla/5.0 (Windows NT 10.0; Win64; x64) AppleWebKit/537.36 (KHTML, like Gecko) Chrome/151.0.0.0 Safari/537.36"
2a09:bac1:7a80:50::245:c8 - - [25/Aug/2026:01:06:21 +0900] "POST /wp-admin/admin-ajax.php HTTP/1.1" 200 99 "https://thestylishname.com/wp-admin/post-new.php" "Mozilla/5.0 (Windows NT 10.0; Win64; x64) AppleWebKit/537.36 (KHTML, like Gecko) Chrome/151.0.0.0 Safari/537.36"
2a09:bac1:7a80:50::245:c8 - - [25/Aug/2026:01:06:23 +0900] "GET /wp-json/wp/v2/templates/lookup?slug=single-post-xoc-dia-discover-the-rules-and-how-to-play-effectively&_locale=user HTTP/1.1" 200 22 "https://thestylishname.com/wp-admin/post-new.php" "Mozilla/5.0 (Windows NT 10.0; Win64; x64) AppleWebKit/537.36 (KHTML, like Gecko) Chrome/151.0.0.0 Safari/537.36"
2a09:bac1:7a80:50::245:c8 - - [25/Aug/2026:01:06:26 +0900] "GET /wp-json/wp/v2/templates/lookup?slug=single-post-xoc-dia-discover-the-rules-and-how&_locale=user HTTP/1.1" 200 22 "https://thestylishname.com/wp-admin/post-new.php" "Mozilla/5.0 (Windows NT 10.0; Win64; x64) AppleWebKit/537.36 (KHTML, like Gecko) Chrome/151.0.0.0 Safari/537.36"
2a09:bac1:7a80:50::245:c8 - - [25/Aug/2026:01:06:27 +0900] "POST /wp-admin/admin-ajax.php HTTP/1.1" 200 208 "https://thestylishname.com/wp-admin/post-new.php" "Mozilla/5.0 (Windows NT 10.0; Win64; x64) AppleWebKit/537.36 (KHTML, like Gecko) Chrome/151.0.0.0 Safari/537.36"
2a09:bac1:7a80:50::245:c8 - - [25/Aug/2026:01:06:28 +0900] "GET /wp-json/wp/v2/tags?context=edit&per_page=1&_locale=user HTTP/1.1" 200 22 "https://thestylishname.com/wp-admin/post-new.php" "Mozilla/5.0 (Windows NT 10.0; Win64; x64) AppleWebKit/537.36 (KHTML, like Gecko) Chrome/151.0.0.0 Safari/537.36"
2a09:bac1:7a80:50::245:c8 - - [25/Aug/2026:01:06:28 +0900] "GET /wp-json/wp/v2/categories/1?context=edit&_locale=user HTTP/1.1" 200 339 "https://thestylishname.com/wp-admin/post-new.php" "Mozilla/5.0 (Windows NT 10.0; Win64; x64) AppleWebKit/537.36 (KHTML, like Gecko) Chrome/151.0.0.0 Safari/537.36"
2a09:bac1:7a80:50::245:c8 - - [25/Aug/2026:01:06:28 +0900] "GET /wp-json/wp/v2/categories?context=edit&exclude%5B0%5D=1&per_page=1&_locale=user HTTP/1.1" 200 22 "https://thestylishname.com/wp-admin/post-new.php" "Mozilla/5.0 (Windows NT 10.0; Win64; x64) AppleWebKit/537.36 (KHTML, like Gecko) Chrome/151.0.0.0 Safari/537.36"
2a09:bac1:7a80:50::245:c8 - - [25/Aug/2026:01:06:28 +0900] "POST /wp-admin/admin-ajax.php HTTP/1.1" 200 65 "https://thestylishname.com/wp-admin/post-new.php" "Mozilla/5.0 (Windows NT 10.0; Win64; x64) AppleWebKit/537.36 (KHTML, like Gecko) Chrome/151.0.0.0 Safari/537.36"
2a09:bac1:7a80:50::245:c8 - - [25/Aug/2026:01:06:30 +0900] "POST /wp-json/rankmath/v1/updateMeta?_locale=user HTTP/1.1" 200 46 "https://thestylishname.com/wp-admin/post-new.php" "Mozilla/5.0 (Windows NT 10.0; Win64; x64) AppleWebKit/537.36 (KHTML, like Gecko) Chrome/151.0.0.0 Safari/537.36"
2a09:bac1:7a80:50::245:c8 - - [25/Aug/2026:01:06:31 +0900] "POST /wp-admin/admin-ajax.php HTTP/1.1" 200 100 "https://thestylishname.com/wp-admin/post-new.php" "Mozilla/5.0 (Windows NT 10.0; Win64; x64) AppleWebKit/537.36 (KHTML, like Gecko) Chrome/151.0.0.0 Safari/537.36"
172.233.79.144 - - [25/Aug/2026:01:06:33 +0900] "POST /wp-cron.php?doing_wp_cron=1787587593.1862390041351318359375 HTTP/1.1" 200 20 "-" "WordPress/7.0; https://thestylishname.com"
2a09:bac1:7a80:50::245:c8 - - [25/Aug/2026:01:06:30 +0900] "POST /wp-json/wp/v2/posts/1847?_locale=user HTTP/1.1" 200 4472 "https://thestylishname.com/wp-admin/post-new.php" "Mozilla/5.0 (Windows NT 10.0; Win64; x64) AppleWebKit/537.36 (KHTML, like Gecko) Chrome/151.0.0.0 Safari/537.36"
2a09:bac1:7a80:50::245:c8 - - [25/Aug/2026:01:06:33 +0900] "POST /wp-admin/admin-ajax.php HTTP/1.1" 200 208 "https://thestylishname.com/wp-admin/post.php?post=1847&action=edit" "Mozilla/5.0 (Windows NT 10.0; Win64; x64) AppleWebKit/537.36 (KHTML, like Gecko) Chrome/151.0.0.0 Safari/537.36"
2a09:bac1:7a80:50::245:c8 - - [25/Aug/2026:01:06:33 +0900] "POST /wp-admin/post.php?post=1847&action=edit&meta-box-loader=1&meta-box-loader-nonce=c3bdb92bb2&_locale=user HTTP/1.1" 302 20 "https://thestylishname.com/wp-admin/post.php?post=1847&action=edit" "Mozilla/5.0 (Windows NT 10.0; Win64; x64) AppleWebKit/537.36 (KHTML, like Gecko) Chrome/151.0.0.0 Safari/537.36"
172.233.79.144 - - [25/Aug/2026:01:06:37 +0900] "POST /wp-cron.php?doing_wp_cron=1787587597.8525450229644775390625 HTTP/1.1" 200 20 "-" "WordPress/7.0; https://thestylishname.com"
2a09:bac1:7a80:50::245:c8 - - [25/Aug/2026:01:06:35 +0900] "GET /wp-admin/post.php?post=1847&action=edit&message=4 HTTP/1.1" 200 576710 "https://thestylishname.com/wp-admin/post.php?post=1847&action=edit" "Mozilla/5.0 (Windows NT 10.0; Win64; x64) AppleWebKit/537.36 (KHTML, like Gecko) Chrome/151.0.0.0 Safari/537.36"
2a09:bac1:7a80:50::245:c8 - - [25/Aug/2026:01:06:42 +0900] "POST /wp-admin/admin-ajax.php HTTP/1.1" 200 101 "https://thestylishname.com/wp-admin/post.php?post=1847&action=edit" "Mozilla/5.0 (Windows NT 10.0; Win64; x64) AppleWebKit/537.36 (KHTML, like Gecko) Chrome/151.0.0.0 Safari/537.36"
2a09:bac1:7a80:50::245:c8 - - [25/Aug/2026:01:06:44 +0900] "POST /wp-admin/admin-ajax.php HTTP/1.1" 200 21 "https://thestylishname.com/wp-admin/post.php?post=1847&action=edit" "Mozilla/5.0 (Windows NT 10.0; Win64; x64) AppleWebKit/537.36 (KHTML, like Gecko) Chrome/151.0.0.0 Safari/537.36"
66.249.68.131 - - [25/Aug/2026:01:06:52 +0900] "GET /xoc-dia-discover-the-rules-and-how/ HTTP/1.1" 200 37157 "-" "Mozilla/5.0 (compatible; Google-InspectionTool/1.0)"
172.233.79.144 - - [25/Aug/2026:01:06:54 +0900] "POST /wp-cron.php?doing_wp_cron=1787587614.7035450935363769531250 HTTP/1.1" 200 20 "-" "WordPress/7.0; https://thestylishname.com"
66.249.68.131 - - [25/Aug/2026:01:06:51 +0900] "GET /xoc-dia-discover-the-rules-and-how/ HTTP/1.1" 200 36822 "-" "Mozilla/5.0 (Linux; Android 6.0.1; Nexus 5X Build/MMB29P) AppleWebKit/537.36 (KHTML, like Gecko) Chrome/151.0.7922.137 Mobile Safari/537.36 (compatible; Google-InspectionTool/1.0)"
66.249.68.131 - - [25/Aug/2026:01:06:55 +0900] "GET /wp-content/themes/kadence/assets/js/navigation.min.js HTTP/1.1" 200 5095 "https://thestylishname.com/xoc-dia-discover-the-rules-and-how/" "Mozilla/5.0 (Linux; Android 6.0.1; Nexus 5X Build/MMB29P) AppleWebKit/537.36 (KHTML, like Gecko) Chrome/151.0.7922.137 Mobile Safari/537.36 (compatible; Google-InspectionTool/1.0)"
66.249.68.132 - - [25/Aug/2026:01:06:55 +0900] "GET /wp-includes/js/comment-reply.min.js HTTP/1.1" 200 1247 "https://thestylishname.com/xoc-dia-discover-the-rules-and-how/" "Mozilla/5.0 (Linux; Android 6.0.1; Nexus 5X Build/MMB29P) AppleWebKit/537.36 (KHTML, like Gecko) Chrome/151.0.7922.137 Mobile Safari/537.36 (compatible; Google-InspectionTool/1.0)"
66.249.68.132 - - [25/Aug/2026:01:06:55 +0900] "GET /wp-content/plugins/kadence-blocks/includes/assets/js/kb-search.min.js HTTP/1.1" 200 493 "https://thestylishname.com/xoc-dia-discover-the-rules-and-how/" "Mozilla/5.0 (Linux; Android 6.0.1; Nexus 5X Build/MMB29P) AppleWebKit/537.36 (KHTML, like Gecko) Chrome/151.0.7922.137 Mobile Safari/537.36 (compatible; Google-InspectionTool/1.0)"
66.249.68.132 - - [25/Aug/2026:01:06:55 +0900] "GET /wp-content/plugins/kadence-blocks/includes/assets/js/kb-navigation-block.min.js HTTP/1.1" 200 1888 "https://thestylishname.com/xoc-dia-discover-the-rules-and-how/" "Mozilla/5.0 (Linux; Android 6.0.1; Nexus 5X Build/MMB29P) AppleWebKit/537.36 (KHTML, like Gecko) Chrome/151.0.7922.137 Mobile Safari/537.36 (compatible; Google-InspectionTool/1.0)"
66.249.68.130 - - [25/Aug/2026:01:06:55 +0900] "GET /wp-content/plugins/kadence-blocks/includes/assets/js/splide.min.js HTTP/1.1" 200 12822 "https://thestylishname.com/xoc-dia-discover-the-rules-and-how/" "Mozilla/5.0 (Linux; Android 6.0.1; Nexus 5X Build/MMB29P) AppleWebKit/537.36 (KHTML, like Gecko) Chrome/151.0.7922.137 Mobile Safari/537.36 (compatible; Google-InspectionTool/1.0)"
66.249.68.130 - - [25/Aug/2026:01:06:55 +0900] "GET /wp-content/litespeed/css/395b7049b672e78e622e22d2c3a4ce13.css?ver=61491 HTTP/1.1" 200 25158 "https://thestylishname.com/xoc-dia-discover-the-rules-and-how/" "Mozilla/5.0 (Linux; Android 6.0.1; Nexus 5X Build/MMB29P) AppleWebKit/537.36 (KHTML, like Gecko) Chrome/151.0.7922.137 Mobile Safari/537.36 (compatible; Google-InspectionTool/1.0)"
66.249.68.130 - - [25/Aug/2026:01:06:55 +0900] "GET /wp-content/themes/kadence/assets/js/splide-init.min.js HTTP/1.1" 200 1074 "https://thestylishname.com/xoc-dia-discover-the-rules-and-how/" "Mozilla/5.0 (Linux; Android 6.0.1; Nexus 5X Build/MMB29P) AppleWebKit/537.36 (KHTML, like Gecko) Chrome/151.0.7922.137 Mobile Safari/537.36 (compatible; Google-InspectionTool/1.0)"
66.249.68.130 - - [25/Aug/2026:01:06:56 +0900] "POST /wp-content/plugins/litespeed-cache/guest.vary.php HTTP/1.1" 200 22 "https://thestylishname.com/xoc-dia-discover-the-rules-and-how/" "Mozilla/5.0 (Linux; Android 6.0.1; Nexus 5X Build/MMB29P) AppleWebKit/537.36 (KHTML, like Gecko) Chrome/151.0.7922.137 Mobile Safari/537.36 (compatible; Google-InspectionTool/1.0)"
66.249.68.132 - - [25/Aug/2026:01:06:55 +0900] "GET /wp-content/litespeed/css/ea033b75d37abbef51477c63f1abb942.css?ver=61491 HTTP/1.1" 404 24448 "https://thestylishname.com/xoc-dia-discover-the-rules-and-how/" "Mozilla/5.0 (X11; Linux x86_64) AppleWebKit/537.36 (KHTML, like Gecko) Chrome/151.0.7922.137 Safari/537.36 (compatible; Google-InspectionTool/1.0)"
66.249.68.130 - - [25/Aug/2026:01:06:57 +0900] "POST /wp-content/plugins/litespeed-cache/guest.vary.php HTTP/1.1" 200 22 "https://thestylishname.com/xoc-dia-discover-the-rules-and-how/" "Mozilla/5.0 (X11; Linux x86_64) AppleWebKit/537.36 (KHTML, like Gecko) Chrome/151.0.7922.137 Safari/537.36 (compatible; Google-InspectionTool/1.0)"
66.249.68.130 - - [25/Aug/2026:01:06:56 +0900] "GET /wp-content/uploads/2025/07/bg-image-768x512.webp HTTP/1.1" 404 24446 "https://thestylishname.com/xoc-dia-discover-the-rules-and-how/" "Mozilla/5.0 (Linux; Android 6.0.1; Nexus 5X Build/MMB29P) AppleWebKit/537.36 (KHTML, like Gecko) Chrome/151.0.7922.137 Mobile Safari/537.36 (compatible; Google-InspectionTool/1.0)"
66.249.68.130 - - [25/Aug/2026:01:06:58 +0900] "GET /wp-content/uploads/2025/12/cropped-cropped-Stylish-Name-Logo.jpg HTTP/1.1" 200 7095 "https://thestylishname.com/xoc-dia-discover-the-rules-and-how/" "Mozilla/5.0 (Linux; Android 6.0.1; Nexus 5X Build/MMB29P) AppleWebKit/537.36 (KHTML, like Gecko) Chrome/151.0.7922.137 Mobile Safari/537.36 (compatible; Google-InspectionTool/1.0)"
66.249.68.130 - - [25/Aug/2026:01:06:59 +0900] "GET /wp-content/uploads/2026/01/logo-of-style-name-and-design.jpg HTTP/1.1" 200 10789 "https://thestylishname.com/xoc-dia-discover-the-rules-and-how/" "Mozilla/5.0 (Linux; Android 6.0.1; Nexus 5X Build/MMB29P) AppleWebKit/537.36 (KHTML, like Gecko) Chrome/151.0.7922.137 Mobile Safari/537.36 (compatible; Google-InspectionTool/1.0)"
66.249.68.130 - - [25/Aug/2026:01:06:58 +0900] "GET /wp-content/uploads/2025/07/bg-image-768x512.webp HTTP/1.1" 404 24446 "https://thestylishname.com/xoc-dia-discover-the-rules-and-how/" "Mozilla/5.0 (X11; Linux x86_64) AppleWebKit/537.36 (KHTML, like Gecko) Chrome/151.0.7922.137 Safari/537.36 (compatible; Google-InspectionTool/1.0)"
66.249.68.130 - - [25/Aug/2026:01:07:00 +0900] "GET /wp-content/uploads/2026/01/logo-of-style-name-and-design-150x150.jpg HTTP/1.1" 200 4257 "https://thestylishname.com/xoc-dia-discover-the-rules-and-how/" "Mozilla/5.0 (X11; Linux x86_64) AppleWebKit/537.36 (KHTML, like Gecko) Chrome/151.0.7922.137 Safari/537.36 (compatible; Google-InspectionTool/1.0)"
95.108.213.216 - - [25/Aug/2026:01:07:18 +0900] "GET /robots.txt HTTP/1.1" 304 0 "-" "Mozilla/5.0 (compatible; YandexBot/3.0; +http://yandex.com/bots)"
172.233.79.144 - - [25/Aug/2026:01:07:23 +0900] "POST /wp-cron.php?doing_wp_cron=1787587642.9481530189514160156250 HTTP/1.1" 200 20 "-" "WordPress/7.0; https://thestylishname.com"
213.180.203.230 - - [25/Aug/2026:01:07:20 +0900] "GET /xoc-dia-discover-the-rules-and-how/ HTTP/1.1" 200 37268 "-" "Mozilla/5.0 (compatible; YandexBot/3.0; +http://yandex.com/bots) AppleWebKit/537.36 (KHTML, like Gecko) Chrome/108.0.0.0"
213.180.203.112 - - [25/Aug/2026:01:07:25 +0900] "GET /robots.txt HTTP/1.1" 304 0 "-" "Mozilla/5.0 (compatible; YandexBot/3.0; +http://yandex.com/bots)"
5.255.231.178 - - [25/Aug/2026:01:07:26 +0900] "GET /wp-content/uploads/2026/01/cropped-stripped-stylish-name-logo-32x32.jpg HTTP/1.1" 200 1629 "https://thestylishname.com/xoc-dia-discover-the-rules-and-how/" "Mozilla/5.0 (compatible; YandexRenderResourcesBot/1.0; +http://yandex.com/bots) AppleWebKit/537.36 (KHTML, like Gecko) Chrome/108.0.0.0"
95.108.213.166 - - [25/Aug/2026:01:07:27 +0900] "GET /wp-content/uploads/2026/01/cropped-stripped-stylish-name-logo-192x192.jpg HTTP/1.1" 200 6621 "https://thestylishname.com/xoc-dia-discover-the-rules-and-how/" "Mozilla/5.0 (compatible; YandexRenderResourcesBot/1.0; +http://yandex.com/bots) AppleWebKit/537.36 (KHTML, like Gecko) Chrome/108.0.0.0"
87.250.224.216 - - [25/Aug/2026:01:07:27 +0900] "POST /wp-content/plugins/litespeed-cache/guest.vary.php HTTP/1.1" 200 22 "https://thestylishname.com/xoc-dia-discover-the-rules-and-how/" "Mozilla/5.0 (compatible; YandexRenderResourcesBot/1.0; +http://yandex.com/bots) AppleWebKit/537.36 (KHTML, like Gecko) Chrome/108.0.0.0"
172.233.79.144 - - [25/Aug/2026:01:08:39 +0900] "POST /wp-cron.php?doing_wp_cron=1787587719.1497969627380371093750 HTTP/1.1" 200 20 "-" "WordPress/7.0; https://thestylishname.com"
66.249.68.132 - - [25/Aug/2026:01:08:33 +0900] "GET /xoc-dia-discover-the-rules-and-how/ HTTP/1.1" 200 37268 "-" "Mozilla/5.0 (Linux; Android 6.0.1; Nexus 5X Build/MMB29P) AppleWebKit/537.36 (KHTML, like Gecko) Chrome/151.0.7922.137 Mobile Safari/537.36 (compatible; Googlebot/2.1; +http://www.google.com/bot.html)"
51.89.59.34 - - [25/Aug/2026:01:08:51 +0900] "GET /sumclub-a-new-destination/ HTTP/1.1" 200 37102 "-" "Mozilla/5.0 (compatible; AhrefsBot/7.0; +http://ahrefs.com/robot/)"
66.249.68.132 - - [25/Aug/2026:01:09:05 +0900] "GET /wp-content/litespeed/avatar/df93f4ebfbf0b5087cff4052aea22136.jpg?ver=1787559914 HTTP/1.1" 200 1387 "-" "Googlebot-Image/1.0"
66.249.68.130 - - [25/Aug/2026:01:09:30 +0900] "POST /wp-content/plugins/litespeed-cache/guest.vary.php HTTP/1.1" 200 22 "https://thestylishname.com/xoc-dia-discover-the-rules-and-how/" "Mozilla/5.0 (Linux; Android 6.0.1; Nexus 5X Build/MMB29P) AppleWebKit/537.36 (KHTML, like Gecko) Chrome/151.0.7922.137 Mobile Safari/537.36 (compatible; Googlebot/2.1; +http://www.google.com/bot.html)"
172.233.79.144 - - [25/Aug/2026:01:17:15 +0900] "POST /wp-cron.php?doing_wp_cron=1787588235.5513820648193359375000 HTTP/1.1" 200 20 "-" "WordPress/7.0; https://thestylishname.com"
2a06:98c0:3600::103 - - [25/Aug/2026:01:17:14 +0900] "GET /wp-admin/install.php?step=1 HTTP/1.1" 200 534 "-" "http://thestylishname.com/wp-admin/install.php?step=1"
172.233.79.144 - - [25/Aug/2026:01:18:15 +0900] "POST /wp-cron.php?doing_wp_cron=1787588295.8144009113311767578125 HTTP/1.1" 200 20 "-" "WordPress/7.0; https://thestylishname.com"
216.244.66.230 - - [25/Aug/2026:01:18:14 +0900] "GET /kuwin-lottery-essential/feed/ HTTP/1.1" 200 425 "-" "Mozilla/5.0 (compatible; DotBot/1.2; +https://opensiteexplorer.org/dotbot; help@moz.com)"
172.233.79.144 - - [25/Aug/2026:01:18:16 +0900] "GET /sitemap_index.xml HTTP/1.1" 200 319 "-" "WordPress/7.0; https://thestylishname.com"
172.233.79.144 - - [25/Aug/2026:01:21:26 +0900] "POST /wp-cron.php?doing_wp_cron=1787588485.9946799278259277343750 HTTP/1.1" 200 20 "-" "WordPress/7.0; https://thestylishname.com"
2a02:4780:5e:adea::1 - - [25/Aug/2026:01:21:24 +0900] "GET /ads.txt HTTP/1.1" 200 78 "-" "GuzzleHttp/7"
95.108.213.103 - - [25/Aug/2026:01:25:14 +0900] "GET /xoc-dia-discover-the-rules-and-how/ HTTP/1.1" 200 36909 "-" "Mozilla/5.0 (compatible; YandexBot/3.0; +http://yandex.com/bots) AppleWebKit/537.36 (KHTML, like Gecko) Chrome/108.0.0.0"
172.233.79.144 - - [25/Aug/2026:01:25:54 +0900] "POST /wp-cron.php?doing_wp_cron=1787588754.4644050598144531250000 HTTP/1.1" 200 20 "-" "WordPress/7.0; https://thestylishname.com"
114.119.158.203 - - [25/Aug/2026:01:25:52 +0900] "GET /fun-88-doi-tac/ HTTP/1.1" 200 30670 "https://thestylishname.com/fun-88-doi-tac/" "Mozilla/5.0 (Linux; Android 7.0;) AppleWebKit/537.36 (HTML, like Gecko) Mobile Safari/537.36 (compatible; PetalBot;+https://webmaster.petalsearch.com/site/petalbot)"
172.233.79.144 - - [25/Aug/2026:01:32:06 +0900] "POST /wp-cron.php?doing_wp_cron=1787589126.2025868892669677734375 HTTP/1.1" 200 20 "-" "WordPress/7.0; https://thestylishname.com"
66.249.68.132 - - [25/Aug/2026:01:32:02 +0900] "GET /contact-us/ HTTP/1.1" 200 26391 "-" "Mozilla/5.0 (Linux; Android 6.0.1; Nexus 5X Build/MMB29P) AppleWebKit/537.36 (KHTML, like Gecko) Chrome/151.0.7922.137 Mobile Safari/537.36 (compatible; Googlebot/2.1; +http://www.google.com/bot.html)"
66.249.68.131 - - [25/Aug/2026:01:32:44 +0900] "GET /wp-content/litespeed/css/3ffc4853b7685078a8644af96ccafd25.css?ver=61491 HTTP/1.1" 200 24957 "https://thestylishname.com/contact-us/" "Mozilla/5.0 (Linux; Android 6.0.1; Nexus 5X Build/MMB29P) AppleWebKit/537.36 (KHTML, like Gecko) Chrome/151.0.7922.137 Mobile Safari/537.36 (compatible; Googlebot/2.1; +http://www.google.com/bot.html)"
172.233.79.144 - - [25/Aug/2026:01:38:43 +0900] "POST /wp-cron.php?doing_wp_cron=1787589523.7405591011047363281250 HTTP/1.1" 200 20 "-" "WordPress/7.0; https://thestylishname.com"
153.117.28.246 - - [25/Aug/2026:01:38:40 +0900] "GET / HTTP/1.1" 200 39512 "https://www.google.com/" "Mozilla/5.0 (Linux; Android 10; K) AppleWebKit/537.36 (KHTML, like Gecko) Chrome/138.0.0.0 Mobile Safari/537.36"
153.117.28.246 - - [25/Aug/2026:01:38:44 +0900] "GET /wp-content/uploads/2025/07/bg-image.webp HTTP/1.1" 404 22801 "https://thestylishname.com/" "Mozilla/5.0 (Linux; Android 10; K) AppleWebKit/537.36 (KHTML, like Gecko) Chrome/138.0.0.0 Mobile Safari/537.36"
153.117.28.246 - - [25/Aug/2026:01:38:52 +0900] "GET / HTTP/1.1" 200 39349 "https://www.google.com/" "Mozilla/5.0 (Linux; Android 10; K) AppleWebKit/537.36 (KHTML, like Gecko) Chrome/138.0.0.0 Mobile Safari/537.36"
153.117.28.246 - - [25/Aug/2026:01:38:53 +0900] "GET /wp-content/uploads/2025/07/bg-image.webp HTTP/1.1" 404 23033 "https://thestylishname.com/" "Mozilla/5.0 (Linux; Android 10; K) AppleWebKit/537.36 (KHTML, like Gecko) Chrome/138.0.0.0 Mobile Safari/537.36"
3.80.196.158 - - [25/Aug/2026:01:38:57 +0900] "GET / HTTP/1.1" 200 41029 "-" "Mozilla/5.0 (compatible; proximic; +https://www.comscore.com/Web-Crawler)"
172.233.79.144 - - [25/Aug/2026:01:42:49 +0900] "POST /wp-cron.php?doing_wp_cron=1787589769.1406679153442382812500 HTTP/1.1" 200 20 "-" "WordPress/7.0; https://thestylishname.com"
85.208.96.207 - - [25/Aug/2026:01:42:43 +0900] "GET /nap-tien-go88/ HTTP/1.1" 200 30033 "-" "Mozilla/5.0 (compatible; SemrushBot/7~bl; +http://www.semrush.com/bot.html)"
172.233.79.144 - - [25/Aug/2026:01:44:53 +0900] "POST /wp-cron.php?doing_wp_cron=1787589893.3690838813781738281250 HTTP/1.1" 200 20 "-" "WordPress/7.0; https://thestylishname.com"
104.197.69.115 - - [25/Aug/2026:01:44:52 +0900] "GET / HTTP/1.1" 200 41029 "-" "Mozilla/5.0 (Windows NT 10.0; Win64; x64) AppleWebKit/537.36 (KHTML, like Gecko) Chrome/125.0.6422.60 Safari/537.36 Edge/12.246"
104.197.69.115 - - [25/Aug/2026:01:44:54 +0900] "POST /wp-content/plugins/litespeed-cache/guest.vary.php HTTP/1.1" 200 36 "https://thestylishname.com/" "Mozilla/5.0 (Windows NT 10.0; Win64; x64) AppleWebKit/537.36 (KHTML, like Gecko) Chrome/125.0.6422.60 Safari/537.36 Edge/12.246"
104.197.69.115 - - [25/Aug/2026:01:44:54 +0900] "GET /wp-content/uploads/2025/07/bg-image.webp HTTP/1.1" 404 24446 "https://thestylishname.com/" "Mozilla/5.0 (Windows NT 10.0; Win64; x64) AppleWebKit/537.36 (KHTML, like Gecko) Chrome/125.0.6422.60 Safari/537.36 Edge/12.246"
104.197.69.115 - - [25/Aug/2026:01:44:54 +0900] "GET / HTTP/1.1" 200 39511 "https://thestylishname.com/" "Mozilla/5.0 (Windows NT 10.0; Win64; x64) AppleWebKit/537.36 (KHTML, like Gecko) Chrome/125.0.6422.60 Safari/537.36 Edge/12.246"
104.197.69.115 - - [25/Aug/2026:01:44:56 +0900] "GET /wp-content/uploads/2025/07/bg-image.webp HTTP/1.1" 404 22801 "https://thestylishname.com/" "Mozilla/5.0 (Windows NT 10.0; Win64; x64) AppleWebKit/537.36 (KHTML, like Gecko) Chrome/125.0.6422.60 Safari/537.36 Edge/12.246"
54.224.207.222 - - [25/Aug/2026:01:45:48 +0900] "GET / HTTP/1.1" 200 40705 "-" "Mozilla/5.0 (compatible; proximic; +https://www.comscore.com/Web-Crawler)"
172.233.79.144 - - [25/Aug/2026:01:47:10 +0900] "POST /wp-cron.php?doing_wp_cron=1787590030.7386579513549804687500 HTTP/1.1" 200 20 "-" "WordPress/7.0; https://thestylishname.com"
216.73.217.74 - - [25/Aug/2026:01:47:09 +0900] "GET /robots.txt HTTP/1.1" 200 118 "-" "Mozilla/5.0 AppleWebKit/537.36 (KHTML, like Gecko; compatible; ClaudeBot/1.0; +claudebot@anthropic.com)"
216.73.217.74 - - [25/Aug/2026:01:47:12 +0900] "GET /sitemap_index.xml HTTP/1.1" 200 319 "-" "Mozilla/5.0 AppleWebKit/537.36 (KHTML, like Gecko; compatible; ClaudeBot/1.0; +claudebot@anthropic.com)"
172.233.79.144 - - [25/Aug/2026:01:53:49 +0900] "POST /wp-cron.php?doing_wp_cron=1787590429.7730660438537597656250 HTTP/1.1" 200 20 "-" "WordPress/7.0; https://thestylishname.com"
114.119.151.107 - - [25/Aug/2026:01:53:44 +0900] "GET /game-bai-thabet/ HTTP/1.1" 200 37284 "https://thestylishname.com/xo-so-iwin68/" "Mozilla/5.0 (Linux; Android 7.0;) AppleWebKit/537.36 (HTML, like Gecko) Mobile Safari/537.36 (compatible; PetalBot;+https://webmaster.petalsearch.com/site/petalbot)"
172.233.79.144 - - [25/Aug/2026:01:55:05 +0900] "POST /wp-cron.php?doing_wp_cron=1787590505.2620120048522949218750 HTTP/1.1" 200 20 "-" "WordPress/7.0; https://thestylishname.com"
114.119.150.208 - - [25/Aug/2026:01:55:02 +0900] "GET /ban-ca-onbet/ HTTP/1.1" 200 37743 "https://thestylishname.com/mm88/" "Mozilla/5.0 (Linux; Android 7.0;) AppleWebKit/537.36 (HTML, like Gecko) Mobile Safari/537.36 (compatible; PetalBot;+https://webmaster.petalsearch.com/site/petalbot)"
20.191.45.212 - - [25/Aug/2026:02:02:26 +0900] "GET / HTTP/1.1" 200 40705 "http://thestylishname.com" "DuckDuckBot/1.1; (+http://duckduckgo.com/duckduckbot.html)"
74.7.244.29 - - [25/Aug/2026:02:10:13 +0900] "GET /robots.txt HTTP/1.1" 200 101 "-" "Mozilla/5.0 (Macintosh; Intel Mac OS X 10_15_7) AppleWebKit/537.36 (KHTML, like Gecko) Chrome/131.0.0.0 Safari/537.36; compatible; OAI-SearchBot/1.4; robots.txt; +https://openai.com/searchbot"
172.233.79.144 - - [25/Aug/2026:02:10:44 +0900] "POST /wp-cron.php?doing_wp_cron=1787591443.8732650279998779296875 HTTP/1.1" 200 20 "-" "WordPress/7.0; https://thestylishname.com"
185.191.171.3 - - [25/Aug/2026:02:10:37 +0900] "GET /xo-so-nohu90-com/ HTTP/1.1" 200 31346 "-" "Mozilla/5.0 (compatible; SemrushBot/7~bl; +http://www.semrush.com/bot.html)"
172.233.79.144 - - [25/Aug/2026:02:12:04 +0900] "POST /wp-cron.php?doing_wp_cron=1787591524.6419169902801513671875 HTTP/1.1" 200 20 "-" "WordPress/7.0; https://thestylishname.com"
114.119.151.107 - - [25/Aug/2026:02:12:00 +0900] "GET /world-cup-winning-teams/ HTTP/1.1" 200 37214 "https://thestylishname.com/what-is-btts-betting-understanding/" "Mozilla/5.0 (Linux; Android 7.0;) AppleWebKit/537.36 (HTML, like Gecko) Mobile Safari/537.36 (compatible; PetalBot;+https://webmaster.petalsearch.com/site/petalbot)"
172.233.79.144 - - [25/Aug/2026:02:31:26 +0900] "POST /wp-cron.php?doing_wp_cron=1787592686.4222700595855712890625 HTTP/1.1" 200 20 "-" "WordPress/7.0; https://thestylishname.com"
51.89.39.59 - - [25/Aug/2026:02:31:22 +0900] "GET /the-history-of-vietnamese-football/ HTTP/1.1" 200 38492 "-" "Mozilla/5.0 (compatible; AhrefsBot/7.0; +http://ahrefs.com/robot/)"
151.246.1.103 - - [25/Aug/2026:02:33:31 +0900] "POST /wp-admin/admin-ajax.php HTTP/1.1" 200 10959 "https://soicauatrungroi.net" "Mozilla/5.0 (compatible; MainWP/6.1.1; +http://mainwp.com)"
51.89.38.134 - - [25/Aug/2026:02:34:45 +0900] "GET /wp-content/uploads/2026/08/image-3.jpeg HTTP/1.1" 200 103757 "-" "Mozilla/5.0 (compatible; AhrefsBot/7.0; +http://ahrefs.com/robot/)"
2600:1006:b198:7742:a93e:bf2f:53dc:91b3 - - [25/Aug/2026:02:35:34 +0900] "GET /favicon.ico HTTP/1.1" 404 1251 "-" "NetworkingExtension/8624.4.5.10.5 Network/5812.160.9 iOS/26.6"
2600:1006:b198:7742:a93e:bf2f:53dc:91b3 - - [25/Aug/2026:02:35:34 +0900] "GET / HTTP/1.1" 200 40705 "-" "Mozilla/5.0 (Macintosh; Intel Mac OS X 10_11_1) AppleWebKit/601.2.4 (KHTML, like Gecko) Version/9.0.1 Safari/601.2.4 facebookexternalhit/1.1 Facebot Twitterbot/1.0"
172.233.79.144 - - [25/Aug/2026:02:35:38 +0900] "POST /wp-cron.php?doing_wp_cron=1787592938.3105859756469726562500 HTTP/1.1" 200 20 "-" "WordPress/7.0; https://thestylishname.com"
172.233.79.144 - - [25/Aug/2026:02:35:38 +0900] "POST /wp-cron.php?doing_wp_cron=1787592938.3105490207672119140625 HTTP/1.1" 200 20 "-" "WordPress/7.0; https://thestylishname.com"
2600:1006:b198:7742:a93e:bf2f:53dc:91b3 - - [25/Aug/2026:02:35:34 +0900] "GET /apple-touch-icon.png HTTP/1.1" 404 24445 "-" "NetworkingExtension/8624.4.5.10.5 Network/5812.160.9 iOS/26.6"
2600:1006:b198:7742:a93e:bf2f:53dc:91b3 - - [25/Aug/2026:02:35:34 +0900] "GET /apple-touch-icon-precomposed.png HTTP/1.1" 404 24445 "-" "NetworkingExtension/8624.4.5.10.5 Network/5812.160.9 iOS/26.6"
216.244.66.230 - - [25/Aug/2026:02:40:56 +0900] "GET /robots.txt HTTP/1.1" 200 101 "-" "Mozilla/5.0 (compatible; DotBot/1.2; +https://opensiteexplorer.org/dotbot; help@moz.com)"
172.233.79.144 - - [25/Aug/2026:02:45:19 +0900] "POST /wp-cron.php?doing_wp_cron=1787593518.8949069976806640625000 HTTP/1.1" 200 20 "-" "WordPress/7.0; https://thestylishname.com"
216.244.66.230 - - [25/Aug/2026:02:45:14 +0900] "GET /football-betting-tips-secrets-to-conquering/ HTTP/1.1" 200 38454 "-" "Mozilla/5.0 (compatible; DotBot/1.2; +https://opensiteexplorer.org/dotbot; help@moz.com)"
172.233.79.144 - - [25/Aug/2026:02:48:01 +0900] "POST /wp-cron.php?doing_wp_cron=1787593681.0959799289703369140625 HTTP/1.1" 200 20 "-" "WordPress/7.0; https://thestylishname.com"
223.123.1.96 - - [25/Aug/2026:02:47:57 +0900] "GET / HTTP/1.1" 200 41031 "https://www.google.com/" "Mozilla/5.0 (Linux; Android 10; K) AppleWebKit/537.36 (KHTML, like Gecko) Chrome/148.0.0.0 Mobile Safari/537.36"
223.123.1.96 - - [25/Aug/2026:02:48:02 +0900] "POST /wp-content/plugins/litespeed-cache/guest.vary.php HTTP/1.1" 200 36 "https://thestylishname.com/" "Mozilla/5.0 (Linux; Android 10; K) AppleWebKit/537.36 (KHTML, like Gecko) Chrome/148.0.0.0 Mobile Safari/537.36"
223.123.1.96 - - [25/Aug/2026:02:48:03 +0900] "GET / HTTP/1.1" 200 39349 "https://thestylishname.com/" "Mozilla/5.0 (Linux; Android 10; K) AppleWebKit/537.36 (KHTML, like Gecko) Chrome/148.0.0.0 Mobile Safari/537.36"
223.123.1.96 - - [25/Aug/2026:02:48:02 +0900] "GET /wp-content/uploads/2025/07/bg-image.webp HTTP/1.1" 404 24446 "https://thestylishname.com/" "Mozilla/5.0 (Linux; Android 10; K) AppleWebKit/537.36 (KHTML, like Gecko) Chrome/148.0.0.0 Mobile Safari/537.36"
223.123.1.96 - - [25/Aug/2026:02:48:06 +0900] "GET /wp-content/uploads/2025/12/How-to-use-stylish-name-generator.webp HTTP/1.1" 200 82804 "https://thestylishname.com/" "Mozilla/5.0 (Linux; Android 10; K) AppleWebKit/537.36 (KHTML, like Gecko) Chrome/148.0.0.0 Mobile Safari/537.36"
172.233.79.144 - - [25/Aug/2026:02:48:07 +0900] "POST /wp-cron.php?doing_wp_cron=1787593687.3172059059143066406250 HTTP/1.1" 200 20 "-" "WordPress/7.0; https://thestylishname.com"
223.123.1.96 - - [25/Aug/2026:02:48:06 +0900] "GET /wp-content/uploads/2025/07/bg-image.webp HTTP/1.1" 404 22801 "https://thestylishname.com/" "Mozilla/5.0 (Linux; Android 10; K) AppleWebKit/537.36 (KHTML, like Gecko) Chrome/148.0.0.0 Mobile Safari/537.36"
223.123.1.96 - - [25/Aug/2026:02:48:32 +0900] "GET /wp-content/uploads/2026/01/logo-of-style-name-and-design.jpg HTTP/1.1" 200 10789 "https://thestylishname.com/" "Mozilla/5.0 (Linux; Android 10; K) AppleWebKit/537.36 (KHTML, like Gecko) Chrome/148.0.0.0 Mobile Safari/537.36"
172.233.79.144 - - [25/Aug/2026:03:02:27 +0900] "POST /wp-cron.php?doing_wp_cron=1787594547.2348389625549316406250 HTTP/1.1" 200 20 "-" "WordPress/7.0; https://thestylishname.com"
2a02:4780:5e:adea::1 - - [25/Aug/2026:03:02:24 +0900] "GET /ads.txt HTTP/1.1" 200 78 "-" "GuzzleHttp/7"
151.246.1.103 - - [25/Aug/2026:03:08:48 +0900] "POST /wp-admin/admin-ajax.php HTTP/1.1" 200 10771 "https://soicauatrungroi.net" "Mozilla/5.0 (compatible; MainWP/6.1.1; +http://mainwp.com)"
151.246.1.103 - - [25/Aug/2026:03:08:53 +0900] "POST /wp-admin/admin-ajax.php HTTP/1.1" 200 166 "https://soicauatrungroi.net" "Mozilla/5.0 (compatible; MainWP/6.1.1; +http://mainwp.com)"
223.123.1.96 - - [25/Aug/2026:03:14:51 +0900] "GET / HTTP/1.1" 200 39349 "https://www.google.com/" "Mozilla/5.0 (Linux; Android 10; K) AppleWebKit/537.36 (KHTML, like Gecko) Chrome/148.0.0.0 Mobile Safari/537.36"
